347
CDUS43 KSGF 200645
CLIVIH


CLIMATE REPORT
NATIONAL WEATHER SERVICE SPRINGFIELD MO
145 AM CDT FRI APR 20 2018


...................................

...THE VICHY-ROLLA MO CLIMATE SUMMARY FOR APRIL 19 2018...

CLIMATE NORMAL PERIOD 1981 TO 2010
CLIMATE RECORD PERIOD 1888 TO 2018


WEATHER ITEM   OBSERVED TIME   RECORD YEAR NORMAL DEPARTURE LAST
                VALUE   (LST)  VALUE       VALUE  FROM      YEAR
                                                  NORMAL
..................................................................
TEMPERATURE (F)
 YESTERDAY
  MAXIMUM         56    403 PM  86    2011  68    -12       83
                                      1966
  MINIMUM         31    558 AM  27    1953  45    -14       61
  AVERAGE         44                        56    -12       72

PRECIPITATION (IN)
  YESTERDAY        0.00          1.18 1972   0.14  -0.14     0.00
  MONTH TO DATE    1.20                      2.56  -1.36     1.61
  SINCE MAR 1      4.59                      6.01  -1.42     4.75
  SINCE JAN 1     11.64                     10.11   1.53     6.81

DEGREE DAYS
 HEATING
  YESTERDAY       21                         9     12        0
  MONTH TO DATE  380                       228    152      109
  SINCE MAR 1   1045                       842    203      612
  SINCE JUL 1   4620                      4632    -12     3598

 COOLING
  YESTERDAY        0                         1     -1        7
  MONTH TO DATE   10                        13     -3       30
  SINCE MAR 1     10                        17     -7       33
  SINCE JAN 1     10                        17     -7       34
..................................................................


WIND (MPH)
  HIGHEST WIND SPEED    22   HIGHEST WIND DIRECTION    NW (310)
  HIGHEST GUST SPEED    32   HIGHEST GUST DIRECTION    NW (320)
  AVERAGE WIND SPEED     9.2


SKY COVER
  AVERAGE SKY COVER 0.3


WEATHER CONDITIONS
 THE FOLLOWING WEATHER WAS RECORDED YESTERDAY.
  NO SIGNIFICANT WEATHER WAS OBSERVED.


RELATIVE HUMIDITY (PERCENT)
 HIGHEST    85           600 AM
 LOWEST     38           600 PM
 AVERAGE    62

..........................................................


THE VICHY-ROLLA MO CLIMATE NORMALS FOR TODAY
                         NORMAL    RECORD    YEAR
 MAXIMUM TEMPERATURE (F)   68        86      1902
 MINIMUM TEMPERATURE (F)   45        27      1953


SUNRISE AND SUNSET
APRIL 20 2018.........SUNRISE   625 AM CDT   SUNSET   748 PM CDT
APRIL 21 2018.........SUNRISE   623 AM CDT   SUNSET   749 PM CDT


-  INDICATES NEGATIVE NUMBERS.
R  INDICATES RECORD WAS SET OR TIED.
MM INDICATES DATA IS MISSING.
T  INDICATES TRACE AMOUNT.




$$
