000
CDUS43 KSGF 220627
CLIVIH


CLIMATE REPORT
NATIONAL WEATHER SERVICE SPRINGFIELD MO
126 AM CDT SUN APR 22 2018


...................................

...THE VICHY-ROLLA MO CLIMATE SUMMARY FOR APRIL 21 2018...

CLIMATE NORMAL PERIOD 1981 TO 2010
CLIMATE RECORD PERIOD 1888 TO 2018


WEATHER ITEM   OBSERVED TIME   RECORD YEAR NORMAL DEPARTURE LAST
                VALUE   (LST)  VALUE       VALUE  FROM      YEAR
                                                  NORMAL
..................................................................
TEMPERATURE (F)
 YESTERDAY
  MAXIMUM         68    218 PM  90    1963  68      0       55
  MINIMUM         44    559 AM  30    1901  46     -2       46
  AVERAGE         56                        57     -1       51

PRECIPITATION (IN)
  YESTERDAY        0.00          1.43 1951   0.15  -0.15     0.97
  MONTH TO DATE    1.20                      2.85  -1.65     2.81
  SINCE MAR 1      4.59                      6.30  -1.71     5.95
  SINCE JAN 1     11.64                     10.40   1.24     8.01

DEGREE DAYS
 HEATING
  YESTERDAY        9                         9      0       14
  MONTH TO DATE  407                       246    161      125
  SINCE MAR 1   1072                       860    212      628
  SINCE JUL 1   4647                      4650     -3     3614

 COOLING
  YESTERDAY        0                         1     -1        0
  MONTH TO DATE   10                        15     -5       30
  SINCE MAR 1     10                        19     -9       33
  SINCE JAN 1     10                        19     -9       34
..................................................................


WIND (MPH)
  HIGHEST WIND SPEED    18   HIGHEST WIND DIRECTION    NE (50)
  HIGHEST GUST SPEED    26   HIGHEST GUST DIRECTION    NE (50)
  AVERAGE WIND SPEED    10.8


SKY COVER
  AVERAGE SKY COVER 0.1


WEATHER CONDITIONS
 THE FOLLOWING WEATHER WAS RECORDED YESTERDAY.
  NO SIGNIFICANT WEATHER WAS OBSERVED.


RELATIVE HUMIDITY (PERCENT)
 HIGHEST    49           600 AM
 LOWEST     24           200 PM
 AVERAGE    37

..........................................................


THE VICHY-ROLLA MO CLIMATE NORMALS FOR TODAY
                         NORMAL    RECORD    YEAR
 MAXIMUM TEMPERATURE (F)   69        93      1965
 MINIMUM TEMPERATURE (F)   46        33      2000


SUNRISE AND SUNSET
APRIL 22 2018.........SUNRISE   622 AM CDT   SUNSET   750 PM CDT
APRIL 23 2018.........SUNRISE   621 AM CDT   SUNSET   751 PM CDT


-  INDICATES NEGATIVE NUMBERS.
R  INDICATES RECORD WAS SET OR TIED.
MM INDICATES DATA IS MISSING.
T  INDICATES TRACE AMOUNT.




$$
