757
CDUS43 KSGF 182227
CLIVIH


CLIMATE REPORT
NATIONAL WEATHER SERVICE SPRINGFIELD MO
527 PM CDT WED APR 18 2018


...................................

...THE VICHY-ROLLA MO CLIMATE SUMMARY FOR APRIL 18 2018...
VALID TODAY AS OF 0500 PM LOCAL TIME.

CLIMATE NORMAL PERIOD 1981 TO 2010
CLIMATE RECORD PERIOD 1888 TO 2018


WEATHER ITEM   OBSERVED TIME   RECORD YEAR NORMAL DEPARTURE LAST
                VALUE   (LST)  VALUE       VALUE  FROM      YEAR
                                                  NORMAL
..................................................................
TEMPERATURE (F)
 TODAY
  MAXIMUM         MM        MM  88    2006  68     MM       78
                                      1899
  MINIMUM         MM        MM  25    1953  45     MM       50
  AVERAGE         MM                        56     MM       64

PRECIPITATION (IN)
  TODAY           MM             1.54 2013   0.14  MM        0.00
  MONTH TO DATE    0.56                      2.42  -1.86     1.61
  SINCE MAR 1      3.95                      5.87  -1.92     4.75
  SINCE JAN 1     11.00                      9.97   1.03     6.81

DEGREE DAYS
 COOLING
  TODAY           MM                         1     MM        0
  MONTH TO DATE   10                        12     -2       23
  SINCE MAR 1     10                        16     -6       26
  SINCE JAN 1     10                        16     -6       27
..................................................................


WIND (MPH)
  HIGHEST WIND SPEED    MM   HIGHEST WIND DIRECTION    MM
  HIGHEST GUST SPEED    MM   HIGHEST GUST DIRECTION    MM


SKY COVER
  AVERAGE SKY COVER  MM


WEATHER CONDITIONS
 THE FOLLOWING WEATHER WAS RECORDED TODAY.
  NO SIGNIFICANT WEATHER WAS OBSERVED.


RELATIVE HUMIDITY (PERCENT)
 HIGHEST    MM
 LOWEST     MM
 AVERAGE    MM

..........................................................


THE VICHY-ROLLA MO CLIMATE NORMALS FOR TOMORROW
                         NORMAL    RECORD    YEAR
 MAXIMUM TEMPERATURE (F)   68        86      2011
                                             1966
 MINIMUM TEMPERATURE (F)   45        27      1953


SUNRISE AND SUNSET
APRIL 18 2018.........SUNRISE   627 AM CDT   SUNSET   746 PM CDT
APRIL 19 2018.........SUNRISE   626 AM CDT   SUNSET   747 PM CDT


-  INDICATES NEGATIVE NUMBERS.
R  INDICATES RECORD WAS SET OR TIED.
MM INDICATES DATA IS MISSING.
T  INDICATES TRACE AMOUNT.




$$
