000
CDUS43 KSGF 130628
CLIVIH


CLIMATE REPORT
NATIONAL WEATHER SERVICE SPRINGFIELD MO
128 AM CDT SUN MAY 13 2018


...................................

...THE VICHY-ROLLA MO CLIMATE SUMMARY FOR MAY 12 2018...

CLIMATE NORMAL PERIOD 1981 TO 2010
CLIMATE RECORD PERIOD 1888 TO 2018


WEATHER ITEM   OBSERVED TIME   RECORD YEAR NORMAL DEPARTURE LAST
                VALUE   (LST)  VALUE       VALUE  FROM      YEAR
                                                  NORMAL
..................................................................
TEMPERATURE (F)
 YESTERDAY
  MAXIMUM         86    314 PM  91    1956  74     12       73
  MINIMUM         63    350 AM  35    2013  52     11       54
  AVERAGE         75                        63     12       64

PRECIPITATION (IN)
  YESTERDAY        0.00          2.69 2010   0.17  -0.17     0.00
  MONTH TO DATE    1.50                      1.96  -0.46     3.60
  SINCE MAR 1      6.88                      9.63  -2.75    17.83
  SINCE JAN 1     13.93                     13.73   0.20    19.89

DEGREE DAYS
 HEATING
  YESTERDAY        0                         4     -4        1
  MONTH TO DATE    5                        63    -58       75
  SINCE MAR 1   1145                       991    154      778
  SINCE JUL 1   4720                      4781    -61     3764

 COOLING
  YESTERDAY       10                         2      8        0
  MONTH TO DATE   61                        18     43       16
  SINCE MAR 1     71                        44     27       51
  SINCE JAN 1     71                        44     27       52
..................................................................


WIND (MPH)
  HIGHEST WIND SPEED    24   HIGHEST WIND DIRECTION     S (200)
  HIGHEST GUST SPEED    32   HIGHEST GUST DIRECTION     S (200)
  AVERAGE WIND SPEED    10.5


SKY COVER
  AVERAGE SKY COVER 0.0


WEATHER CONDITIONS
 THE FOLLOWING WEATHER WAS RECORDED YESTERDAY.
  NO SIGNIFICANT WEATHER WAS OBSERVED.


RELATIVE HUMIDITY (PERCENT)
 HIGHEST    81          1100 PM
 LOWEST     47           500 PM
 AVERAGE    64

..........................................................


THE VICHY-ROLLA MO CLIMATE NORMALS FOR TODAY
                         NORMAL    RECORD    YEAR
 MAXIMUM TEMPERATURE (F)   74        89      1956
 MINIMUM TEMPERATURE (F)   52        36      1901


SUNRISE AND SUNSET
MAY 13 2018...........SUNRISE   558 AM CDT   SUNSET   809 PM CDT
MAY 14 2018...........SUNRISE   557 AM CDT   SUNSET   810 PM CDT


-  INDICATES NEGATIVE NUMBERS.
R  INDICATES RECORD WAS SET OR TIED.
MM INDICATES DATA IS MISSING.
T  INDICATES TRACE AMOUNT.




$$
