000
CDUS43 KSGF 142227
CLIVIH


CLIMATE REPORT
NATIONAL WEATHER SERVICE SPRINGFIELD MO
527 PM CDT SAT APR 14 2018


...................................

...THE VICHY-ROLLA MO CLIMATE SUMMARY FOR APRIL 14 2018...
VALID TODAY AS OF 0500 PM LOCAL TIME.

CLIMATE NORMAL PERIOD 1981 TO 2010
CLIMATE RECORD PERIOD 1888 TO 2018


WEATHER ITEM   OBSERVED TIME   RECORD YEAR NORMAL DEPARTURE LAST
                VALUE   (LST)  VALUE       VALUE  FROM      YEAR
                                                  NORMAL
..................................................................
TEMPERATURE (F)
 TODAY
  MAXIMUM         MM        MM  87    2006  66     MM       80
                                      1994
  MINIMUM         MM        MM  26    1950  43     MM       62
  AVERAGE         MM                        55     MM       71

PRECIPITATION (IN)
  TODAY           MM             1.74 2012   0.14  MM        0.00
  MONTH TO DATE    0.56                      1.86  -1.30     1.41
  SINCE MAR 1      3.95                      5.31  -1.36     4.55
  SINCE JAN 1     11.00                      9.41   1.59     6.61

DEGREE DAYS
 COOLING
  TODAY           MM                         1     MM        6
  MONTH TO DATE   10                         8      2       15
  SINCE MAR 1     10                        12     -2       18
  SINCE JAN 1     10                        12     -2       19
..................................................................


WIND (MPH)
  HIGHEST WIND SPEED    MM   HIGHEST WIND DIRECTION    MM
  HIGHEST GUST SPEED    MM   HIGHEST GUST DIRECTION    MM


SKY COVER
  AVERAGE SKY COVER  MM


WEATHER CONDITIONS
 THE FOLLOWING WEATHER WAS RECORDED TODAY.
  NO SIGNIFICANT WEATHER WAS OBSERVED.


RELATIVE HUMIDITY (PERCENT)
 HIGHEST    MM
 LOWEST     MM
 AVERAGE    MM

..........................................................


THE VICHY-ROLLA MO CLIMATE NORMALS FOR TOMORROW
                         NORMAL    RECORD    YEAR
 MAXIMUM TEMPERATURE (F)   67        84      1955
 MINIMUM TEMPERATURE (F)   44        26      2014


SUNRISE AND SUNSET
APRIL 14 2018.........SUNRISE   633 AM CDT   SUNSET   742 PM CDT
APRIL 15 2018.........SUNRISE   631 AM CDT   SUNSET   743 PM CDT


-  INDICATES NEGATIVE NUMBERS.
R  INDICATES RECORD WAS SET OR TIED.
MM INDICATES DATA IS MISSING.
T  INDICATES TRACE AMOUNT.




$$
