000
CDUS43 KSGF 120629
CLIVIH


CLIMATE REPORT
NATIONAL WEATHER SERVICE SPRINGFIELD MO
129 AM CDT SAT MAY 12 2018


...................................

...THE VICHY-ROLLA MO CLIMATE SUMMARY FOR MAY 11 2018...

CLIMATE NORMAL PERIOD 1981 TO 2010
CLIMATE RECORD PERIOD 1888 TO 2018


WEATHER ITEM   OBSERVED TIME   RECORD YEAR NORMAL DEPARTURE LAST
                VALUE   (LST)  VALUE       VALUE  FROM      YEAR
                                                  NORMAL
..................................................................
TEMPERATURE (F)
 YESTERDAY
  MAXIMUM         85    332 PM  90    2005  73     12       75
  MINIMUM         60    340 AM  36    1962  52      8       59
  AVERAGE         73                        62     11       67

PRECIPITATION (IN)
  YESTERDAY        0.00          1.29 1979   0.16  -0.16     0.41
  MONTH TO DATE    1.50                      1.79  -0.29     3.60
  SINCE MAR 1      6.88                      9.46  -2.58    17.83
  SINCE JAN 1     13.93                     13.56   0.37    19.89

DEGREE DAYS
 HEATING
  YESTERDAY        0                         5     -5        0
  MONTH TO DATE    5                        59    -54       74
  SINCE MAR 1   1145                       987    158      777
  SINCE JUL 1   4720                      4777    -57     3763

 COOLING
  YESTERDAY        8                         2      6        2
  MONTH TO DATE   51                        16     35       16
  SINCE MAR 1     61                        42     19       51
  SINCE JAN 1     61                        42     19       52
..................................................................


WIND (MPH)
  HIGHEST WIND SPEED    26   HIGHEST WIND DIRECTION     S (200)
  HIGHEST GUST SPEED    37   HIGHEST GUST DIRECTION     S (200)
  AVERAGE WIND SPEED    12.1


SKY COVER
  AVERAGE SKY COVER 0.0


WEATHER CONDITIONS
 THE FOLLOWING WEATHER WAS RECORDED YESTERDAY.
  NO SIGNIFICANT WEATHER WAS OBSERVED.


RELATIVE HUMIDITY (PERCENT)
 HIGHEST    73           100 AM
 LOWEST     37           400 PM
 AVERAGE    55

..........................................................


THE VICHY-ROLLA MO CLIMATE NORMALS FOR TODAY
                         NORMAL    RECORD    YEAR
 MAXIMUM TEMPERATURE (F)   74        91      1956
 MINIMUM TEMPERATURE (F)   52        35      2013


SUNRISE AND SUNSET
MAY 12 2018...........SUNRISE   559 AM CDT   SUNSET   808 PM CDT
MAY 13 2018...........SUNRISE   558 AM CDT   SUNSET   809 PM CDT


-  INDICATES NEGATIVE NUMBERS.
R  INDICATES RECORD WAS SET OR TIED.
MM INDICATES DATA IS MISSING.
T  INDICATES TRACE AMOUNT.




$$
