000
CDUS43 KSGF 062227
CLIVIH


CLIMATE REPORT
NATIONAL WEATHER SERVICE SPRINGFIELD MO
527 PM CDT SUN MAY 6 2018


...................................

...THE VICHY-ROLLA MO CLIMATE SUMMARY FOR MAY 6 2018...
VALID TODAY AS OF 0500 PM LOCAL TIME.

CLIMATE NORMAL PERIOD 1981 TO 2010
CLIMATE RECORD PERIOD 1888 TO 2018


WEATHER ITEM   OBSERVED TIME   RECORD YEAR NORMAL DEPARTURE LAST
                VALUE   (LST)  VALUE       VALUE  FROM      YEAR
                                                  NORMAL
..................................................................
TEMPERATURE (F)
 TODAY
  MAXIMUM         82    355 PM  88    1949  72     10       73
  MINIMUM         52   1250 AM  36    1958  50      2       47
  AVERAGE         67                        61      6       60

PRECIPITATION (IN)
  TODAY            0.02          2.80 1975   0.17  -0.15     0.00
  MONTH TO DATE    1.29                      0.98   0.31     3.15
  SINCE MAR 1      6.67                      8.65  -1.98    17.38
  SINCE JAN 1     13.72                     12.75   0.97    19.44

DEGREE DAYS
 COOLING
  TODAY            2                         1      1        0
  MONTH TO DATE   23                         6     17        0
  SINCE MAR 1     33                        32      1       35
  SINCE JAN 1     33                        32      1       36
..................................................................


WIND (MPH)
  HIGHEST WIND SPEED    20   HIGHEST WIND DIRECTION     W (260)
  HIGHEST GUST SPEED    25   HIGHEST GUST DIRECTION     W (250)


SKY COVER
  AVERAGE SKY COVER 0.4


WEATHER CONDITIONS
 THE FOLLOWING WEATHER WAS RECORDED TODAY.
  LIGHT RAIN


RELATIVE HUMIDITY (PERCENT)
 HIGHEST    73          1000 AM
 LOWEST     34           400 PM
 AVERAGE    54

..........................................................


THE VICHY-ROLLA MO CLIMATE NORMALS FOR TOMORROW
                         NORMAL    RECORD    YEAR
 MAXIMUM TEMPERATURE (F)   72        90      1966
 MINIMUM TEMPERATURE (F)   51        35      1976


SUNRISE AND SUNSET
MAY  6 2018...........SUNRISE   605 AM CDT   SUNSET   803 PM CDT
MAY  7 2018...........SUNRISE   604 AM CDT   SUNSET   804 PM CDT


-  INDICATES NEGATIVE NUMBERS.
R  INDICATES RECORD WAS SET OR TIED.
MM INDICATES DATA IS MISSING.
T  INDICATES TRACE AMOUNT.




$$
