000
CDUS43 KSGF 152226
CLIVIH


CLIMATE REPORT
NATIONAL WEATHER SERVICE SPRINGFIELD MO
526 PM CDT SUN APR 15 2018


...................................

...THE VICHY-ROLLA MO CLIMATE SUMMARY FOR APRIL 15 2018...
VALID TODAY AS OF 0500 PM LOCAL TIME.

CLIMATE NORMAL PERIOD 1981 TO 2010
CLIMATE RECORD PERIOD 1888 TO 2018


WEATHER ITEM   OBSERVED TIME   RECORD YEAR NORMAL DEPARTURE LAST
                VALUE   (LST)  VALUE       VALUE  FROM      YEAR
                                                  NORMAL
..................................................................
TEMPERATURE (F)
 TODAY
  MAXIMUM         MM        MM  84    1955  67     MM       81
  MINIMUM         MM        MM  26    2014  44     MM       62
  AVERAGE         MM                        55     MM       72

PRECIPITATION (IN)
  TODAY           MM             1.53 1991   0.14  MM        0.00
  MONTH TO DATE    0.56                      2.00  -1.44     1.41
  SINCE MAR 1      3.95                      5.45  -1.50     4.55
  SINCE JAN 1     11.00                      9.55   1.45     6.61

DEGREE DAYS
 COOLING
  TODAY           MM                         1     MM        7
  MONTH TO DATE   10                         9      1       22
  SINCE MAR 1     10                        13     -3       25
  SINCE JAN 1     10                        13     -3       26
..................................................................


WIND (MPH)
  HIGHEST WIND SPEED    MM   HIGHEST WIND DIRECTION    MM
  HIGHEST GUST SPEED    MM   HIGHEST GUST DIRECTION    MM


SKY COVER
  AVERAGE SKY COVER  MM


WEATHER CONDITIONS
 THE FOLLOWING WEATHER WAS RECORDED TODAY.
  NO SIGNIFICANT WEATHER WAS OBSERVED.


RELATIVE HUMIDITY (PERCENT)
 HIGHEST    MM
 LOWEST     MM
 AVERAGE    MM

..........................................................


THE VICHY-ROLLA MO CLIMATE NORMALS FOR TOMORROW
                         NORMAL    RECORD    YEAR
 MAXIMUM TEMPERATURE (F)   67        85      2006
                                             1977
 MINIMUM TEMPERATURE (F)   44        27      1949


SUNRISE AND SUNSET
APRIL 15 2018.........SUNRISE   631 AM CDT   SUNSET   743 PM CDT
APRIL 16 2018.........SUNRISE   630 AM CDT   SUNSET   744 PM CDT


-  INDICATES NEGATIVE NUMBERS.
R  INDICATES RECORD WAS SET OR TIED.
MM INDICATES DATA IS MISSING.
T  INDICATES TRACE AMOUNT.




$$
