000
CDUS43 KSGF 170626
CLIVIH


CLIMATE REPORT
NATIONAL WEATHER SERVICE SPRINGFIELD MO
126 AM CDT THU MAY 17 2018


...................................

...THE VICHY-ROLLA MO CLIMATE SUMMARY FOR MAY 16 2018...

CLIMATE NORMAL PERIOD 1981 TO 2010
CLIMATE RECORD PERIOD 1888 TO 2018


WEATHER ITEM   OBSERVED TIME   RECORD YEAR NORMAL DEPARTURE LAST
                VALUE   (LST)  VALUE       VALUE  FROM      YEAR
                                                  NORMAL
..................................................................
TEMPERATURE (F)
 YESTERDAY
  MAXIMUM         83    337 PM  90    1899  74      9       81
  MINIMUM         61    539 AM  31    1997  53      8       63
  AVERAGE         72                        64      8       72

PRECIPITATION (IN)
  YESTERDAY        0.00          2.49 1963   0.16  -0.16     0.00
  MONTH TO DATE    1.75                      2.61  -0.86     3.60
  SINCE MAR 1      7.13                     10.28  -3.15    17.83
  SINCE JAN 1     14.18                     14.38  -0.20    19.89

DEGREE DAYS
 HEATING
  YESTERDAY        0                         4     -4        0
  MONTH TO DATE    5                        79    -74       78
  SINCE MAR 1   1145                      1007    138      781
  SINCE JUL 1   4720                      4797    -77     3767

 COOLING
  YESTERDAY        7                         3      4        7
  MONTH TO DATE   94                        28     66       28
  SINCE MAR 1    104                        54     50       63
  SINCE JAN 1    104                        54     50       64
..................................................................


WIND (MPH)
  HIGHEST WIND SPEED    12   HIGHEST WIND DIRECTION    NE (30)
  HIGHEST GUST SPEED    15   HIGHEST GUST DIRECTION     N (20)
  AVERAGE WIND SPEED     4.8


SKY COVER
  AVERAGE SKY COVER 0.3


WEATHER CONDITIONS
 THE FOLLOWING WEATHER WAS RECORDED YESTERDAY.
  THUNDERSTORM
  FOG


RELATIVE HUMIDITY (PERCENT)
 HIGHEST    97           300 AM
 LOWEST     54           500 PM
 AVERAGE    76

..........................................................


THE VICHY-ROLLA MO CLIMATE NORMALS FOR TODAY
                         NORMAL    RECORD    YEAR
 MAXIMUM TEMPERATURE (F)   75        92      1996
 MINIMUM TEMPERATURE (F)   54        34      2014


SUNRISE AND SUNSET
MAY 17 2018...........SUNRISE   555 AM CDT   SUNSET   813 PM CDT
MAY 18 2018...........SUNRISE   554 AM CDT   SUNSET   814 PM CDT


-  INDICATES NEGATIVE NUMBERS.
R  INDICATES RECORD WAS SET OR TIED.
MM INDICATES DATA IS MISSING.
T  INDICATES TRACE AMOUNT.




$$
