000
CDUS43 KSGF 050627
CLIVIH


CLIMATE REPORT
NATIONAL WEATHER SERVICE SPRINGFIELD MO
126 AM CDT THU APR 5 2018


...................................

...THE VICHY-ROLLA MO CLIMATE SUMMARY FOR APRIL 4 2018...

CLIMATE NORMAL PERIOD 1981 TO 2010
CLIMATE RECORD PERIOD 1888 TO 2018


WEATHER ITEM   OBSERVED TIME   RECORD YEAR NORMAL DEPARTURE LAST
                VALUE   (LST)  VALUE       VALUE  FROM      YEAR
                                                  NORMAL
..................................................................
TEMPERATURE (F)
 YESTERDAY
  MAXIMUM         41    556 PM  81    2010  63    -22       64
  MINIMUM         24    845 AM  23    1899  40    -16       44
  AVERAGE         33                        52    -19       54

PRECIPITATION (IN)
  YESTERDAY        0.00          1.66 1898   0.13  -0.13     0.91
  MONTH TO DATE    0.16                      0.50  -0.34     1.23
  SINCE MAR 1      3.55                      3.95  -0.40     4.37
  SINCE JAN 1     10.60                      8.05   2.55     6.43

DEGREE DAYS
 HEATING
  YESTERDAY       32                        14     18       11
  MONTH TO DATE  107                        57     50       35
  SINCE MAR 1    772                       671    101      538
  SINCE JUL 1   4347                      4461   -114     3524

 COOLING
  YESTERDAY        0                         0      0        0
  MONTH TO DATE    0                         0      0        0
  SINCE MAR 1      0                         4     -4        3
  SINCE JAN 1      0                         4     -4        4
..................................................................


WIND (MPH)
  HIGHEST WIND SPEED    22   HIGHEST WIND DIRECTION     W (290)
  HIGHEST GUST SPEED    34   HIGHEST GUST DIRECTION    NW (320)
  AVERAGE WIND SPEED     9.2


SKY COVER
  AVERAGE SKY COVER 0.3


WEATHER CONDITIONS
 THE FOLLOWING WEATHER WAS RECORDED YESTERDAY.
  NO SIGNIFICANT WEATHER WAS OBSERVED.


RELATIVE HUMIDITY (PERCENT)
 HIGHEST    81           600 AM
 LOWEST     40           600 PM
 AVERAGE    61

..........................................................


THE VICHY-ROLLA MO CLIMATE NORMALS FOR TODAY
                         NORMAL    RECORD    YEAR
 MAXIMUM TEMPERATURE (F)   64        86      1967
 MINIMUM TEMPERATURE (F)   40        25      2011


SUNRISE AND SUNSET
APRIL  5 2018.........SUNRISE   646 AM CDT   SUNSET   734 PM CDT
APRIL  6 2018.........SUNRISE   645 AM CDT   SUNSET   735 PM CDT


-  INDICATES NEGATIVE NUMBERS.
R  INDICATES RECORD WAS SET OR TIED.
MM INDICATES DATA IS MISSING.
T  INDICATES TRACE AMOUNT.




$$
