000
CDUS43 KSGF 192145
CLIVIH


CLIMATE REPORT
NATIONAL WEATHER SERVICE SPRINGFIELD MO
445 PM CDT SAT MAY 19 2018


...................................

...THE VICHY-ROLLA MO CLIMATE SUMMARY FOR MAY 19 2018...
VALID AS OF 0400 PM LOCAL TIME.

CLIMATE NORMAL PERIOD 1981 TO 2010
CLIMATE RECORD PERIOD 1888 TO 2018


WEATHER ITEM   OBSERVED TIME   RECORD YEAR NORMAL DEPARTURE LAST
                VALUE   (LST)  VALUE       VALUE  FROM      YEAR
                                                  NORMAL
..................................................................
TEMPERATURE (F)
 TODAY
  MAXIMUM         77   1216 PM  92    1996  75      2       80
  MINIMUM         56    247 AM  37    2002  54      2       60
  AVERAGE         67                        65      2       70

PRECIPITATION (IN)
  TODAY            0.51          2.36 1950   0.16   0.35     0.21
  MONTH TO DATE    2.92                      3.09  -0.17     3.81
  SINCE MAR 1      8.30                     10.76  -2.46    18.04
  SINCE JAN 1     15.35                     14.86   0.49    20.10

DEGREE DAYS
 HEATING
  TODAY            0                         3     -3        0
  MONTH TO DATE    5                        89    -84       78
  SINCE MAR 1   1145                      1017    128      781
  SINCE JUL 1   4720                      4807    -87     3767

 COOLING
  TODAY            2                         3     -1        5
  MONTH TO DATE   97                        37     60       51
  SINCE MAR 1    107                        63     44       86
  SINCE JAN 1    107                        63     44       87
..................................................................


WIND (MPH)
  HIGHEST WIND SPEED    38   HIGHEST WIND DIRECTION     W (280)
  HIGHEST GUST SPEED    55   HIGHEST GUST DIRECTION     W (280)


SKY COVER
  AVERAGE SKY COVER 0.6


WEATHER CONDITIONS
 THE FOLLOWING WEATHER WAS RECORDED TODAY.
  THUNDERSTORM
  HEAVY RAIN
  RAIN
  LIGHT RAIN
  FOG
  FOG W/VISIBILITY <= 1/4 MILE
  HAZE


RELATIVE HUMIDITY (PERCENT)
 HIGHEST   100          1200 AM
 LOWEST     79          1200 PM
 AVERAGE    90

..........................................................


THE VICHY-ROLLA MO CLIMATE NORMALS FOR TOMORROW
                         NORMAL    RECORD    YEAR
 MAXIMUM TEMPERATURE (F)   75        92      1902
 MINIMUM TEMPERATURE (F)   54        36      2002


SUNRISE AND SUNSET
MAY 19 2018...........SUNRISE   553 AM CDT   SUNSET   814 PM CDT
MAY 20 2018...........SUNRISE   552 AM CDT   SUNSET   815 PM CDT


-  INDICATES NEGATIVE NUMBERS.
R  INDICATES RECORD WAS SET OR TIED.
MM INDICATES DATA IS MISSING.
T  INDICATES TRACE AMOUNT.




$$
