000
CDUS43 KSGF 180626
CLIVIH


CLIMATE REPORT
NATIONAL WEATHER SERVICE SPRINGFIELD MO
126 AM CDT FRI MAY 18 2018


...................................

...THE VICHY-ROLLA MO CLIMATE SUMMARY FOR MAY 17 2018...

CLIMATE NORMAL PERIOD 1981 TO 2010
CLIMATE RECORD PERIOD 1888 TO 2018


WEATHER ITEM   OBSERVED TIME   RECORD YEAR NORMAL DEPARTURE LAST
                VALUE   (LST)  VALUE       VALUE  FROM      YEAR
                                                  NORMAL
..................................................................
TEMPERATURE (F)
 YESTERDAY
  MAXIMUM         70    945 AM  92    1996  75     -5       78
  MINIMUM         60   1032 PM  34    2014  54      6       68
  AVERAGE         65                        64      1       73

PRECIPITATION (IN)
  YESTERDAY        0.66          3.20 1957   0.16   0.50      T
  MONTH TO DATE    2.41                      2.77  -0.36     3.60
  SINCE MAR 1      7.79                     10.44  -2.65    17.83
  SINCE JAN 1     14.84                     14.54   0.30    19.89

DEGREE DAYS
 HEATING
  YESTERDAY        0                         4     -4        0
  MONTH TO DATE    5                        83    -78       78
  SINCE MAR 1   1145                      1011    134      781
  SINCE JUL 1   4720                      4801    -81     3767

 COOLING
  YESTERDAY        0                         3     -3        8
  MONTH TO DATE   94                        31     63       36
  SINCE MAR 1    104                        57     47       71
  SINCE JAN 1    104                        57     47       72
..................................................................


WIND (MPH)
  HIGHEST WIND SPEED    13   HIGHEST WIND DIRECTION     E (110)
  HIGHEST GUST SPEED    22   HIGHEST GUST DIRECTION    NE (40)
  AVERAGE WIND SPEED     3.1


SKY COVER
  AVERAGE SKY COVER 0.6


WEATHER CONDITIONS
 THE FOLLOWING WEATHER WAS RECORDED YESTERDAY.
  THUNDERSTORM
  HEAVY RAIN
  RAIN
  LIGHT RAIN
  FOG


RELATIVE HUMIDITY (PERCENT)
 HIGHEST   100          1100 PM
 LOWEST     81           100 AM
 AVERAGE    91

..........................................................


THE VICHY-ROLLA MO CLIMATE NORMALS FOR TODAY
                         NORMAL    RECORD    YEAR
 MAXIMUM TEMPERATURE (F)   75        92      1996
 MINIMUM TEMPERATURE (F)   54        32      2002


SUNRISE AND SUNSET
MAY 18 2018...........SUNRISE   554 AM CDT   SUNSET   814 PM CDT
MAY 19 2018...........SUNRISE   553 AM CDT   SUNSET   814 PM CDT


-  INDICATES NEGATIVE NUMBERS.
R  INDICATES RECORD WAS SET OR TIED.
MM INDICATES DATA IS MISSING.
T  INDICATES TRACE AMOUNT.




$$
