000
CDUS43 KSGF 082126
CLIVIH


CLIMATE REPORT
NATIONAL WEATHER SERVICE SPRINGFIELD MO
426 PM CDT SUN APR 8 2018


...................................

...THE VICHY-ROLLA MO CLIMATE SUMMARY FOR APRIL 8 2018...
VALID AS OF 0400 PM LOCAL TIME.

CLIMATE NORMAL PERIOD 1981 TO 2010
CLIMATE RECORD PERIOD 1888 TO 2018


WEATHER ITEM   OBSERVED TIME   RECORD YEAR NORMAL DEPARTURE LAST
                VALUE   (LST)  VALUE       VALUE  FROM      YEAR
                                                  NORMAL
..................................................................
TEMPERATURE (F)
 TODAY
  MAXIMUM         39   1157 AM  84    1965  65    -26       77
  MINIMUM         26    108 AM  18    2007  41    -15       44
  AVERAGE         33                        53    -20       61

PRECIPITATION (IN)
  TODAY            0.01          0.51 2002   0.13  -0.12     0.00
  MONTH TO DATE    0.17                      1.03  -0.86     1.41
  SINCE MAR 1      3.56                      4.48  -0.92     4.55
  SINCE JAN 1     10.61                      8.58   2.03     6.61

DEGREE DAYS
 HEATING
  TODAY           32                        13     19        4
  MONTH TO DATE  216                       109    107       85
  SINCE MAR 1    881                       723    158      588
  SINCE JUL 1   4456                      4513    -57     3574

 COOLING
  TODAY            0                         1     -1        0
  MONTH TO DATE    0                         2     -2        0
  SINCE MAR 1      0                         6     -6        3
  SINCE JAN 1      0                         6     -6        4
..................................................................


WIND (MPH)
  HIGHEST WIND SPEED    16   HIGHEST WIND DIRECTION     S (190)
  HIGHEST GUST SPEED    20   HIGHEST GUST DIRECTION     S (190)


SKY COVER
  AVERAGE SKY COVER 0.3


WEATHER CONDITIONS
 THE FOLLOWING WEATHER WAS RECORDED TODAY.
  LIGHT SNOW
  FOG


RELATIVE HUMIDITY (PERCENT)
 HIGHEST    78           200 PM
 LOWEST     37          1200 PM
 AVERAGE    58

..........................................................


THE VICHY-ROLLA MO CLIMATE NORMALS FOR TOMORROW
                         NORMAL    RECORD    YEAR
 MAXIMUM TEMPERATURE (F)   65        89      2011
 MINIMUM TEMPERATURE (F)   42        20      2007


SUNRISE AND SUNSET
APRIL  8 2018.........SUNRISE   642 AM CDT   SUNSET   737 PM CDT
APRIL  9 2018.........SUNRISE   640 AM CDT   SUNSET   738 PM CDT


-  INDICATES NEGATIVE NUMBERS.
R  INDICATES RECORD WAS SET OR TIED.
MM INDICATES DATA IS MISSING.
T  INDICATES TRACE AMOUNT.




$$
