000
CDUS43 KSGF 140629
CLIVIH


CLIMATE REPORT
NATIONAL WEATHER SERVICE SPRINGFIELD MO
129 AM CDT SAT APR 14 2018


...................................

...THE VICHY-ROLLA MO CLIMATE SUMMARY FOR APRIL 13 2018...

CLIMATE NORMAL PERIOD 1981 TO 2010
CLIMATE RECORD PERIOD 1888 TO 2018


WEATHER ITEM   OBSERVED TIME   RECORD YEAR NORMAL DEPARTURE LAST
                VALUE   (LST)  VALUE       VALUE  FROM      YEAR
                                                  NORMAL
..................................................................
TEMPERATURE (F)
 YESTERDAY
  MAXIMUM         76    100 PM  86    2006  66     10       79
  MINIMUM         61    800 PM  23    1950  43     18       56
  AVERAGE         69                        54     15       68

PRECIPITATION (IN)
  YESTERDAY        0.39          1.94 2012   0.14   0.25     0.00
  MONTH TO DATE    0.56                      1.72  -1.16     1.41
  SINCE MAR 1      3.95                      5.17  -1.22     4.55
  SINCE JAN 1     11.00                      9.27   1.73     6.61

DEGREE DAYS
 HEATING
  YESTERDAY        0                        11    -11        0
  MONTH TO DATE  261                       167     94      103
  SINCE MAR 1    926                       781    145      606
  SINCE JUL 1   4501                      4571    -70     3592

 COOLING
  YESTERDAY        4                         1      3        3
  MONTH TO DATE   10                         7      3        9
  SINCE MAR 1     10                        11     -1       12
  SINCE JAN 1     10                        11     -1       13
..................................................................


WIND (MPH)
  HIGHEST WIND SPEED    28   HIGHEST WIND DIRECTION     S (190)
  HIGHEST GUST SPEED    43   HIGHEST GUST DIRECTION     S (190)
  AVERAGE WIND SPEED    19.7


SKY COVER
  AVERAGE SKY COVER 0.3


WEATHER CONDITIONS
 THE FOLLOWING WEATHER WAS RECORDED YESTERDAY.
  THUNDERSTORM
  HEAVY RAIN
  RAIN
  LIGHT RAIN
  FOG


RELATIVE HUMIDITY (PERCENT)
 HIGHEST    68          1000 AM
 LOWEST     48          1200 AM
 AVERAGE    58

..........................................................


THE VICHY-ROLLA MO CLIMATE NORMALS FOR TODAY
                         NORMAL    RECORD    YEAR
 MAXIMUM TEMPERATURE (F)   66        87      2006
                                             1994
 MINIMUM TEMPERATURE (F)   43        26      1950


SUNRISE AND SUNSET
APRIL 14 2018.........SUNRISE   633 AM CDT   SUNSET   742 PM CDT
APRIL 15 2018.........SUNRISE   631 AM CDT   SUNSET   743 PM CDT


-  INDICATES NEGATIVE NUMBERS.
R  INDICATES RECORD WAS SET OR TIED.
MM INDICATES DATA IS MISSING.
T  INDICATES TRACE AMOUNT.




$$
