000
CDUS43 KSGF 070631
CLIVIH


CLIMATE REPORT
NATIONAL WEATHER SERVICE SPRINGFIELD MO
130 AM CDT SAT APR 7 2018


...................................

...THE VICHY-ROLLA MO CLIMATE SUMMARY FOR APRIL 6 2018...

CLIMATE NORMAL PERIOD 1981 TO 2010
CLIMATE RECORD PERIOD 1888 TO 2018


WEATHER ITEM   OBSERVED TIME   RECORD YEAR NORMAL DEPARTURE LAST
                VALUE   (LST)  VALUE       VALUE  FROM      YEAR
                                                  NORMAL
..................................................................
TEMPERATURE (F)
 YESTERDAY
  MAXIMUM         53   1111 AM  89    1954  64    -11       57
  MINIMUM         25   1159 PM  22    1982  41    -16       40
  AVERAGE         39                        52    -13       49

PRECIPITATION (IN)
  YESTERDAY        T             0.91 1954   0.13  -0.13     0.00
  MONTH TO DATE    0.16                      0.76  -0.60     1.41
  SINCE MAR 1      3.55                      4.21  -0.66     4.55
  SINCE JAN 1     10.60                      8.31   2.29     6.61

DEGREE DAYS
 HEATING
  YESTERDAY       26                        13     13       16
  MONTH TO DATE  152                        83     69       65
  SINCE MAR 1    817                       697    120      568
  SINCE JUL 1   4392                      4487    -95     3554

 COOLING
  YESTERDAY        0                         0      0        0
  MONTH TO DATE    0                         0      0        0
  SINCE MAR 1      0                         4     -4        3
  SINCE JAN 1      0                         4     -4        4
..................................................................


WIND (MPH)
  HIGHEST WIND SPEED    24   HIGHEST WIND DIRECTION     N (10)
  HIGHEST GUST SPEED    31   HIGHEST GUST DIRECTION    NE (40)
  AVERAGE WIND SPEED    14.0


SKY COVER
  AVERAGE SKY COVER 0.4


WEATHER CONDITIONS
 THE FOLLOWING WEATHER WAS RECORDED YESTERDAY.
  LIGHT SNOW


RELATIVE HUMIDITY (PERCENT)
 HIGHEST    73           500 AM
 LOWEST     40           200 PM
 AVERAGE    57

..........................................................


THE VICHY-ROLLA MO CLIMATE NORMALS FOR TODAY
                         NORMAL    RECORD    YEAR
 MAXIMUM TEMPERATURE (F)   64        82      1954
 MINIMUM TEMPERATURE (F)   41        20      2007


SUNRISE AND SUNSET
APRIL  7 2018.........SUNRISE   643 AM CDT   SUNSET   736 PM CDT
APRIL  8 2018.........SUNRISE   642 AM CDT   SUNSET   737 PM CDT


-  INDICATES NEGATIVE NUMBERS.
R  INDICATES RECORD WAS SET OR TIED.
MM INDICATES DATA IS MISSING.
T  INDICATES TRACE AMOUNT.




$$
