000
CDUS43 KSGF 242136
CLIVIH


CLIMATE REPORT
NATIONAL WEATHER SERVICE SPRINGFIELD MO
435 PM CDT THU MAY 24 2018


...................................

...THE VICHY-ROLLA MO CLIMATE SUMMARY FOR MAY 24 2018...
VALID AS OF 0400 PM LOCAL TIME.

CLIMATE NORMAL PERIOD 1981 TO 2010
CLIMATE RECORD PERIOD 1888 TO 2018


WEATHER ITEM   OBSERVED TIME   RECORD YEAR NORMAL DEPARTURE LAST
                VALUE   (LST)  VALUE       VALUE  FROM      YEAR
                                                  NORMAL
..................................................................
TEMPERATURE (F)
 TODAY
  MAXIMUM         85    254 PM  93    1996  76      9       64
  MINIMUM         64    535 AM  41    2001  56      8       48
  AVERAGE         75                        66      9       56

PRECIPITATION (IN)
  TODAY            0.00          1.64 1958   0.15  -0.15     0.02
  MONTH TO DATE    4.50                      3.89   0.61     4.95
  SINCE MAR 1      9.88                     11.56  -1.68    19.18
  SINCE JAN 1     16.93                     15.66   1.27    21.24

DEGREE DAYS
 HEATING
  TODAY            0                         2     -2        9
  MONTH TO DATE    5                       103    -98      108
  SINCE MAR 1   1145                      1031    114      811
  SINCE JUL 1   4720                      4821   -101     3797

 COOLING
  TODAY           10                         3      7        0
  MONTH TO DATE  136                        52     84       53
  SINCE MAR 1    146                        78     68       88
  SINCE JAN 1    146                        78     68       89
..................................................................


WIND (MPH)
  HIGHEST WIND SPEED    10   HIGHEST WIND DIRECTION    SE (150)
  HIGHEST GUST SPEED    14   HIGHEST GUST DIRECTION    SE (140)


SKY COVER
  AVERAGE SKY COVER 0.1


WEATHER CONDITIONS
 THE FOLLOWING WEATHER WAS RECORDED TODAY.
  FOG


RELATIVE HUMIDITY (PERCENT)
 HIGHEST    93          1200 AM
 LOWEST     51           300 PM
 AVERAGE    72

..........................................................


THE VICHY-ROLLA MO CLIMATE NORMALS FOR TOMORROW
                         NORMAL    RECORD    YEAR
 MAXIMUM TEMPERATURE (F)   77        93      2012
                                             1953
 MINIMUM TEMPERATURE (F)   56        35      1897


SUNRISE AND SUNSET
MAY 24 2018...........SUNRISE   550 AM CDT   SUNSET   819 PM CDT
MAY 25 2018...........SUNRISE   549 AM CDT   SUNSET   819 PM CDT


-  INDICATES NEGATIVE NUMBERS.
R  INDICATES RECORD WAS SET OR TIED.
MM INDICATES DATA IS MISSING.
T  INDICATES TRACE AMOUNT.




$$
