000
CXUS52 KMLB 010743
CF6VRB
PRELIMINARY LOCAL CLIMATOLOGICAL DATA (WS FORM: F-6)
STATION: VERO BEACH
MONTH: NOVEMBER
YEAR: 2021
LATITUDE: 27 39 N
LONGITUDE: 80 25 W
TEMPERATURE IN F: :PCPN: SNOW: WIND :SUNSHINE: SKY :PK WND
================================================================================
1 2 3 4 5 6A 6B 7 8 9 10 11 12 13 14 15 16 17 18
12Z AVG MX 2MIN
DY MAX MIN AVG DEP HDD CDD WTR SNW DPTH SPD SPD DIR MIN PSBL S-S WX SPD DR
================================================================================
1 82 58 70 -3 0 5 0.00 0.0 0 5.6 10 50 M M 4 13 50
2 86 66 76 3 0 11 0.00 0.0 0 3.8 13 60 M M 3 17 60
3 86 66 76 3 0 11 0.00 0.0 0 5.2 13 50 M M 2 19 40
4 83 67 75 3 0 10 T 0.0 0 7.2 15 10 M M 1 1 20 360
5 78 70 74 2 0 9 1.61 0.0 0 8.2 18 130 M M 8 13 23 140
6 79 57 68 -4 0 3 0.38 0.0 0 14.1 24 300 M M 6 1 31 290
7 75 53 64 -8 1 0 0.00 0.0 0 12.9 21 280 M M 6 26 290
8 79 58 69 -3 0 4 0.00 0.0 0 11.2 22 350 M M 3 27 340
9 83 59 71 0 0 6 0.00 0.0 0 7.8 18 40 M M 5 23 40
10 77 66 72 1 0 7 0.23 0.0 0 4.6 10 70 M M 9 1 M M
11 85 68 77 6 0 12 0.00 0.0 0 6.4 16 120 M M 6 8 20 130
12 81 68 75 4 0 10 0.27 0.0 0 2.4 14 360 M M 4 13 18 360
13 87 65 76 5 0 11 0.00 0.0 0 5.6 20 290 M M 3 1 26 290
14 75 57 66 -4 0 1 0.00 0.0 0 6.6 12 290 M M 0 15 340
15 76 52 64 -6 1 0 0.00 0.0 0 8.0 17 10 M M 0 22 40
16 81 54 68 -2 0 3 0.00 0.0 0 7.7 16 60 M M 1 21 60
17 84 71 78 8 0 13 T 0.0 0 8.5 15 130 M M 4 20 120
18 82 72 77 7 0 12 T 0.0 0 9.0 16 90 M M 5 8 22 100
19 83 72 78 8 0 13 0.05 0.0 0 9.7 20 10 M M 6 18 25 20
20 82 74 78 9 0 13 0.01 0.0 0 15.6 25 70 M M 7 8 32 60
21 79 73 76 7 0 11 2.87 0.0 0 11.5 24 70 M M 10 138 31 70
22 84 65 75 6 0 10 0.15 0.0 0 8.1 21 310 M M 6 1 27 310
23 71 55 63 -6 2 0 0.00 0.0 0 13.7 26 360 M M 2 34 340
24 77 54 66 -3 0 1 0.00 0.0 0 10.6 18 30 M M 8 24 60
25 80 61 71 2 0 6 0.01 0.0 0 5.8 13 70 M M 8 1 20 100
26 81 59 70 1 0 5 T 0.0 0 5.8 16 280 M M 3 1 21 280
27 73 54 64 -4 1 0 0.00 0.0 0 6.7 12 20 M M 1 16 10
28 76 52 64 -4 1 0 0.00 0.0 0 4.1 12 300 M M 2 13 310
29 75 52 64 -4 1 0 T 0.0 0 6.9 16 320 M M 3 24 300
30 75 50 63 -5 2 0 0.00 0.0 0 4.6 13 40 M M 0 16 30
================================================================================
SM 2395 1848 9 187 5.58 0.0 237.9 M 126
================================================================================
AV 79.8 61.6 7.9 FASTST M M 4 MAX(MPH)
MISC ----> 26 360 34 340
================================================================================
NOTES:
# LAST OF SEVERAL OCCURRENCES
COLUMN 17 PEAK WIND IN M.P.H.
PRELIMINARY LOCAL CLIMATOLOGICAL DATA (WS FORM: F-6) , PAGE 2
STATION: VERO BEACH
MONTH: NOVEMBER
YEAR: 2021
LATITUDE: 27 39 N
LONGITUDE: 80 25 W
[TEMPERATURE DATA] [PRECIPITATION DATA] SYMBOLS USED IN COLUMN 16
AVERAGE MONTHLY: 70.7 TOTAL FOR MONTH: 5.58 1 = FOG OR MIST
DPTR FM NORMAL: 0.3 DPTR FM NORMAL: 2.67 2 = FOG REDUCING VISIBILITY
HIGHEST: 87 ON 13 GRTST 24HR 2.92 ON 21-22 TO 1/4 MILE OR LESS
LOWEST: 50 ON 30 3 = THUNDER
SNOW, ICE PELLETS, HAIL 4 = ICE PELLETS
TOTAL MONTH: 0.0 INCH 5 = HAIL
GRTST 24HR 0.0 6 = FREEZING RAIN OR DRIZZLE
GRTST DEPTH: 0 7 = DUSTSTORM OR SANDSTORM:
VSBY 1/2 MILE OR LESS
8 = SMOKE OR HAZE
[NO. OF DAYS WITH] [WEATHER - DAYS WITH] 9 = BLOWING SNOW
X = TORNADO
MAX 32 OR BELOW: 0 0.01 INCH OR MORE: 9
MAX 90 OR ABOVE: 0 0.10 INCH OR MORE: 6
MIN 32 OR BELOW: 0 0.50 INCH OR MORE: 2
MIN 0 OR BELOW: 0 1.00 INCH OR MORE: 2
[HDD (BASE 65) ]
TOTAL THIS MO. 9 CLEAR (SCALE 0-3) 14
DPTR FM NORMAL -18 PTCLDY (SCALE 4-7) 12
TOTAL FM JUL 1 9 CLOUDY (SCALE 8-10) 4
DPTR FM NORMAL -18
[CDD (BASE 65) ]
TOTAL THIS MO. 187
DPTR FM NORMAL 0 [PRESSURE DATA]
TOTAL FM JAN 1 3777 HIGHEST SLP 30.26 ON 24
DPTR FM NORMAL 334 LOWEST SLP 29.78 ON 6
[REMARKS]
#FINAL-11-21#