000
CXUS52 KMLB 010624
CF6VRB
PRELIMINARY LOCAL CLIMATOLOGICAL DATA (WS FORM: F-6)
STATION: VERO BEACH
MONTH: AUGUST
YEAR: 2023
LATITUDE: 27 39 N
LONGITUDE: 80 25 W
TEMPERATURE IN F: :PCPN: SNOW: WIND :SUNSHINE: SKY :PK WND
================================================================================
1 2 3 4 5 6A 6B 7 8 9 10 11 12 13 14 15 16 17 18
12Z AVG MX 2MIN
DY MAX MIN AVG DEP HDD CDD WTR SNW DPTH SPD SPD DIR MIN PSBL S-S WX SPD DR
================================================================================
1 91 72 82 0 0 17 0.32 0.0 0 4.5 20 310 M M 1 13 25 300
2 89 72 81 -1 0 16 0.00 0.0 0 5.0 17 80 M M 1 26 60
3 89 77 83 1 0 18 0.00 0.0 0 8.5 16 100 M M 3 21 120
4 90 76 83 1 0 18 0.00 0.0 0 7.0 15 100 M M 3 3 21 100
5 94 77 86 4 0 21 0.00 0.0 0 4.3 14 130 M M 2 3 19 300
6 94 78 86 4 0 21 0.04 0.0 0 6.2 17 150 M M 3 13 22 320
7 95 79 87 5 0 22 0.00 0.0 0 7.1 16 150 M M 1 1 22 140
8 97 81 89 7 0 24 0.00 0.0 0 8.1 20 120 M M 2 3 24 140
9 96 79 88 6 0 23 0.00 0.0 0 7.0 24 250 M M 1 3 30 250
10 98 79 89 7 0 24 0.00 0.0 0 7.5 17 150 M M 2 3 22 170
11 93 78 86 4 0 21 0.00 0.0 0 7.0 15 140 M M 1 18 10
12 93 81 87 5 0 22 0.00 0.0 0 8.8 21 120 M M 1 25 140
13 93 80 87 5 0 22 T 0.0 0 8.9 18 170 M M 4 25 180
14 93 75 84 2 0 19 0.10 0.0 0 7.5 21 140 M M 2 13 26 120
15 94 76 85 3 0 20 0.00 0.0 0 6.0 16 130 M M 0 3 22 120
16 91 77 84 2 0 19 0.03 0.0 0 7.1 22 150 M M 3 3 27 320
17 92 74 83 1 0 18 1.47 0.0 0 6.0 22 230 M M 3 138 33 290
18 91 72 82 0 0 17 0.44 0.0 0 5.6 21 280 M M 1 13 27 280
19 88 74 81 -1 0 16 0.00 0.0 0 7.2 18 140 M M 2 3 24 120
20 90 78 84 2 0 19 0.01 0.0 0 9.2 18 110 M M 2 3 26 120
21 90 77 84 2 0 19 T 0.0 0 10.0 18 70 M M 2 13 26 100
22 90 78 84 2 0 19 0.00 0.0 0 7.9 16 30 M M 1 23 40
23 90 76 83 1 0 18 0.00 0.0 0 7.4 15 30 M M 2 21 20
24 91 77 84 2 0 19 0.02 0.0 0 8.1 18 50 M M 4 1 27 50
25 90 75 83 1 0 18 0.00 0.0 0 8.9 17 10 M M 1 25 10
26 90 72 81 -1 0 16 0.00 0.0 0 7.4 18 20 M M 2 24 20
27 90 77 84 2 0 19 0.18 0.0 0 8.0 17 110 M M 3 1 25 100
28 90 77 84 2 0 19 0.29 0.0 0 6.4 24 170 M M 3 38 31 170
29 92 76 84 2 0 19 0.06 0.0 0 9.5 28 220 M M 1 138 37 210
30 94 78 86 4 0 21 0.11 0.0 0 17.0 39 260 M M 3 138 52 240
31 95 77 86 4 0 21 0.71 0.0 0 6.2 22 210 M M 2 1238 31 220
================================================================================
SM 2853 2375 0 605 3.78 0.0 235.3 M 62
================================================================================
AV 92.0 76.6 7.6 FASTST M M 2 MAX(MPH)
MISC ----> 39 260 52 240
================================================================================
NOTES:
# LAST OF SEVERAL OCCURRENCES
COLUMN 17 PEAK WIND IN M.P.H.
PRELIMINARY LOCAL CLIMATOLOGICAL DATA (WS FORM: F-6) , PAGE 2
STATION: VERO BEACH
MONTH: AUGUST
YEAR: 2023
LATITUDE: 27 39 N
LONGITUDE: 80 25 W
[TEMPERATURE DATA] [PRECIPITATION DATA] SYMBOLS USED IN COLUMN 16
AVERAGE MONTHLY: 84.3 TOTAL FOR MONTH: 3.78 1 = FOG OR MIST
DPTR FM NORMAL: 2.2 DPTR FM NORMAL: -3.57 2 = FOG REDUCING VISIBILITY
HIGHEST: 98 ON 10 GRTST 24HR 3.23 ON 31- 1 TO 1/4 MILE OR LESS
LOWEST: 72 ON 26,18 3 = THUNDER
SNOW, ICE PELLETS, HAIL 4 = ICE PELLETS
TOTAL MONTH: 0.0 INCH 5 = HAIL
GRTST 24HR 0.0 6 = FREEZING RAIN OR DRIZZLE
GRTST DEPTH: 0 7 = DUSTSTORM OR SANDSTORM:
VSBY 1/2 MILE OR LESS
8 = SMOKE OR HAZE
[NO. OF DAYS WITH] [WEATHER - DAYS WITH] 9 = BLOWING SNOW
X = TORNADO
MAX 32 OR BELOW: 0 0.01 INCH OR MORE: 13
MAX 90 OR ABOVE: 28 0.10 INCH OR MORE: 8
MIN 32 OR BELOW: 0 0.50 INCH OR MORE: 2
MIN 0 OR BELOW: 0 1.00 INCH OR MORE: 1
[HDD (BASE 65) ]
TOTAL THIS MO. 0 CLEAR (SCALE 0-3) 26
DPTR FM NORMAL 0 PTCLDY (SCALE 4-7) 5
TOTAL FM JUL 1 0 CLOUDY (SCALE 8-10) 0
DPTR FM NORMAL 0
[CDD (BASE 65) ]
TOTAL THIS MO. 605
DPTR FM NORMAL 75 [PRESSURE DATA]
TOTAL FM JAN 1 2913 HIGHEST SLP M ON M
DPTR FM NORMAL 506 LOWEST SLP 29.72 ON 30
[REMARKS]
#FINAL-08-23#