000
CXUS55 KLKN 021341
CLSWMC
CLIMATE REPORT
NATIONAL WEATHER SERVICE ELKO, NV
641 AM PDT THU SEP 02 2021
...................................
...THE WINNEMUCCA AIRPORT NV CLIMATE SUMMARY FOR THE SEASON, FROM
6/1/2021 TO 8/31/2021...
CLIMATE NORMAL PERIOD 1991 TO 2020
CLIMATE RECORD PERIOD 1877 TO 2021
WEATHER OBSERVED NORMAL DEPART LAST YEAR`S
VALUE DATE(S) VALUE FROM VALUE
NORMAL
..............................................................
TEMPERATURE (F)
RECORD
HIGH 109 07/11/2002
LOW 23 06/04/2001
06/06/1954
HIGHEST 107 07/10 104 3 105
07/12
LOWEST 40 06/07 31 9 31
08/20
08/26
AVG. MAXIMUM 95.7 91.2 4.5 92.2
AVG. MINIMUM 55.0 49.9 5.1 51.2
MEAN 75.3 70.5 4.8 71.7
DAYS MAX >= 90 74 57.5 16.5 71
DAYS MAX <= 32 0 0.0 0.0 0
DAYS MIN <= 32 0 1.4 -1.4 1
DAYS MIN <= 0 0 0.0 0.0 0
PRECIPITATION (INCHES)
RECORD
MAXIMUM 4.49 1913
MINIMUM T 1919
TOTALS 0.67 0.78 -0.11 1.35
DAILY AVG. 0.01 0.01 0.00 0.02
DAYS >= .01 13 7.9 5.1 17
DAYS >= .10 2 2.3 -0.3 2
DAYS >= .50 0 0.1 -0.1 0
DAYS >= 1.00 0 0.0 0.0 0
SNOWFALL (INCHES)
RECORDS
TOTAL 3.1 1908
TOTALS 0.0 0.0 0.0 0.2
DAYS >= 1.0 0 0.0 0.0 0
GREATEST
SNOW DEPTH 0 0
DEGREE DAYS
HEATING TOTAL 28 107 -79 123
COOLING TOTAL 1004 618 386 774
..............................................................
WIND (MPH)
AVERAGE WIND SPEED 7.7
HIGHEST WIND SPEED/DIRECTION 37/170 DATE 07/19
HIGHEST GUST SPEED/DIRECTION 54/040 DATE 07/26
AVERAGE RH (PERCENT) 28
WEATHER CONDITIONS. NUMBER OF DAYS WITH
THUNDERSTORM 10 MIXED PRECIP 0
HEAVY RAIN 0 RAIN 1
LIGHT RAIN 7 FREEZING RAIN 0
LT FREEZING RAIN 0 HAIL 0
HEAVY SNOW 0 SNOW 0
LIGHT SNOW 0 SLEET 0
FOG 3 FOG W/VIS <= 1/4 MILE 0
HAZE 50
- INDICATES NEGATIVE NUMBERS.
R INDICATES RECORD WAS SET OR TIED.
MM INDICATES DATA IS MISSING.
T INDICATES TRACE AMOUNT.
=====================================================================
...WARMER THAN NORMAL METEOROLOGICAL SUMMER IN WINNEMUCCA...
...DRIER THAN NORMAL METEORLOGICAL SUMMER IN WINNEMUCCA...
...1ST WARMEST METEORLOGICAL SUMMER ON RECORD FOR WINNEMUCCA...
THE AVERAGE TEMPERATURE IN WINNEMUCCA DURING METEOROLOGICAL SUMMER
(JUN-AUG) 2021 WAS 75.3 DEGREES...WHICH IS 4.8 DEGREES ABOVE THE
NORMAL 70.5 DEGREES, MAKING METEORLOGICAL SUMMER 2021 1ST WARMEST ON
RECORD. THE TOTAL PRECIPITATION WAS 0.67 INCHES...WHICH IS 0.11
INCHES BELOW OR 86 PERCENT OF THE NORMAL OF 0.78 INCHES. THE TOTAL
SNOWFALL WAS 0.0 INCHES...WHICH IS EQUAL TO THE 1991-2020
CLIMATOLOGICAL NORMAL OF 0.0 INCHES. THE PERIOD OF RECORD FOR THE
WINNEMUCCA AREA BEGAN IN 1877
$$