803
CXUS55 KRIW 010945
CF6WRL
PRELIMINARY LOCAL CLIMATOLOGICAL DATA (WS FORM: F-6)
STATION: WORLAND WY
MONTH: SEPTEMBER
YEAR: 2020
LATITUDE: 43 58 N
LONGITUDE: 107 57 W
TEMPERATURE IN F: :PCPN: SNOW: WIND :SUNSHINE: SKY :PK WND
================================================================================
1 2 3 4 5 6A 6B 7 8 9 10 11 12 13 14 15 16 17 18
12Z AVG MX 2MIN
DY MAX MIN AVG DEP HDD CDD WTR SNW DPTH SPD SPD DIR MIN PSBL S-S WX SPD DR
================================================================================
1 77 37 57 -8 8 0 0.00 M M 5.7 13 170 M M 0 17 30
2 93 45 69 4 0 4 0.00 M M 6.4 23 320 M M 0 8 31 320
3 84 46 65 1 0 0 0.00 M M 4.4 15 300 M M 0 8 21 310
4 89 47 68 4 0 3 0.00 M M 3.9 9 190 M M 0 12 20
5 100 47 74 10 0 9 0.00 M M 5.4 12 200 M M 0 17 10
6 88 58 73 10 0 8 0.00 M M 5.9 15 130 M M 0 8 19 140
7 63 33 48 -15 17 0 0.62 M M 13.8 33 330 M M 5 1 48 330
8 48 32 40 -22 25 0 0.03 M M 7.2 18 330 M M 8 24 330
9 58 28 43 -19 22 0 0.00 M M 5.7 14 160 M M 0 17 160
10 68 32 50 -11 15 0 0.00 M M 4.8 14 180 M M 1 20 160
11 76 49 63 2 2 0 0.00 M M 5.6 15 160 M M 1 8 20 170
12 83 40 62 2 3 0 0.00 M M 3.9 14 170 M M 0 16 160
13 89 43 66 6 0 1 0.00 M M 5.7 14 160 M M 0 15 160
14 90 44 67 8 0 2 0.00 M M 4.6 14 170 M M 0 16 160
15 86 43 65 6 0 0 0.00 M M 3.5 13 120 M M 0 8 15 120
16 80 43 62 4 3 0 0.00 M M 3.9 9 160 M M 3 8 11 20
17 80 44 62 4 3 0 0.00 M M 4.0 10 50 M M 4 8 13 50
18 82 46 64 7 1 0 0.00 M M 3.5 10 170 M M 3 8 11 170
19 86 51 69 12 0 4 0.00 M M 9.0 31 250 M M 1 42 260
20 74 40 57 1 8 0 0.00 M M 4.8 12 100 M M 0 15 360
21 80 36 58 2 7 0 0.00 M M 4.7 12 190 M M 0 8 13 200
22 87 39 63 8 2 0 T M M 4.5 24 300 M M 1 8 36 300
23 82 43 63 8 2 0 0.00 M M 4.7 15 130 M M 0 20 120
24 91 47 69 15 0 4 0.00 M M 8.9 28 230 M M 0 38 220
25 79 46 63 9 2 0 0.00 M M 4.6 13 110 M M 0 16 10
26 66 49 58 4 7 0 T M M 6.3 36 350 M M 5 8 50 340
27 62 37 50 -3 15 0 T M M 8.6 20 330 M M 3 31 330
28 65 M M M M M 0.00 0.0 0 4.8 9 160 M M 0 M M
29 80 31 56 4 9 0 0.00 M M 4.5 12 190 M M 0 13 190
30 70 39 55 3 10 0 0.00 M M 6.7 16 350 M M 0 24 10
================================================================================
SM 2356 1215 161 35 0.65 0.0 170.0 M 35
================================================================================
AV 78.5 41.9 5.7 FASTST M M 1 MAX(MPH)
MISC ----> # 36 350 # 50 340
================================================================================
NOTES:
# LAST OF SEVERAL OCCURRENCES
COLUMN 17 PEAK WIND IN M.P.H.
PRELIMINARY LOCAL CLIMATOLOGICAL DATA (WS FORM: F-6) , PAGE 2
STATION: WORLAND WY
MONTH: SEPTEMBER
YEAR: 2020
LATITUDE: 43 58 N
LONGITUDE: 107 57 W
[TEMPERATURE DATA] [PRECIPITATION DATA] SYMBOLS USED IN COLUMN 16
AVERAGE MONTHLY: 60.2 TOTAL FOR MONTH: 0.65 1 = FOG OR MIST
DPTR FM NORMAL: 1.6 DPTR FM NORMAL: -0.20 2 = FOG REDUCING VISIBILITY
HIGHEST: 100 ON 5 GRTST 24HR 0.62 ON 7- 7 TO 1/4 MILE OR LESS
LOWEST: 28 ON 9 3 = THUNDER
SNOW, ICE PELLETS, HAIL 4 = ICE PELLETS
TOTAL MONTH: 0.0 INCH 5 = HAIL
GRTST 24HR 0.0 6 = FREEZING RAIN OR DRIZZLE
GRTST DEPTH: 0 7 = DUSTSTORM OR SANDSTORM:
VSBY 1/2 MILE OR LESS
8 = SMOKE OR HAZE
[NO. OF DAYS WITH] [WEATHER - DAYS WITH] 9 = BLOWING SNOW
X = TORNADO
MAX 32 OR BELOW: 0 0.01 INCH OR MORE: 2
MAX 90 OR ABOVE: 4 0.10 INCH OR MORE: 1
MIN 32 OR BELOW: 4 0.50 INCH OR MORE: 1
MIN 0 OR BELOW: 0 1.00 INCH OR MORE: 0
[HDD (BASE 65) ]
TOTAL THIS MO. 161 CLEAR (SCALE 0-3) 24
DPTR FM NORMAL -60 PTCLDY (SCALE 4-7) 6
TOTAL FM JUL 1 176 CLOUDY (SCALE 8-10) 0
DPTR FM NORMAL -81
[CDD (BASE 65) ]
TOTAL THIS MO. 35
DPTR FM NORMAL 6 [PRESSURE DATA]
TOTAL FM JAN 1 695 HIGHEST SLP 30.50 ON 8
DPTR FM NORMAL 160 LOWEST SLP 29.59 ON 24
[REMARKS]
#FINAL-09-20#