000
CXUS56 KMTR 011000
CF6WVI
PRELIMINARY LOCAL CLIMATOLOGICAL DATA (WS FORM: F-6)
STATION: WATSONVILLE AIRPORT
MONTH: JANUARY
YEAR: 2024
LATITUDE: 36 55 N
LONGITUDE: 121 47 W
TEMPERATURE IN F: :PCPN: SNOW: WIND :SUNSHINE: SKY :PK WND
================================================================================
1 2 3 4 5 6A 6B 7 8 9 10 11 12 13 14 15 16 17 18
12Z AVG MX 2MIN
DY MAX MIN AVG DEP HDD CDD WTR SNW DPTH SPD SPD DIR MIN PSBL S-S WX SPD DR
================================================================================
1 64 41 53 3 12 0 0.00 M M 2.2 9 260 M M 1 13 250
2 59 43 51 1 14 0 0.80 M M 3.3 21 260 M M 5 1 32 260
3 55 41 48 -2 17 0 0.12 M M 2.1 13 270 M M 6 1 19 280
4 58 39 49 -1 16 0 0.00 M M 3.5 8 320 M M 0 11 220
5 61 39 50 0 15 0 0.00 M M 3.8 9 50 M M 1 14 20
6 54 35 45 -5 20 0 0.39 M M 3.5 15 290 M M 2 1 23 280
7 55 32 44 -6 21 0 0.00 M M 2.2 7 250 M M 0 M M
8 56 33 45 -5 20 0 0.00 M M 2.3 9 230 M M 0 12 220
9 54 40 47 -3 18 0 T M M 1.9 10 290 M M 7 1 16 280
10 51 33 42 -8 23 0 0.18 M M 2.6 14 320 M M 6 1 23 310
11 55 33 44 -6 21 0 0.00 M M 3.7 10 220 M M 0 13 300
12 54 32 43 -7 22 0 0.00 M M 2.1 8 270 M M 3 10 280
13 55 38 47 -4 18 0 0.18 M M 1.5 12 190 M M 7 18 16 210
14 59 44 52 1 13 0 0.55 M M 2.1 10 190 M M 7 1 17 200
15 61 42 52 1 13 0 0.00 M M 2.6 12 130 M M 0 1 14 120
16 59 43 51 0 14 0 0.35 M M 1.7 8 240 M M 7 1 11 220
17 60 46 53 2 12 0 0.13 M M 2.6 8 270 M M 5 1 11 260
18 61 42 52 1 13 0 0.00 M M 2.4 12 250 M M 0 15 260
19 58 46 52 1 13 0 0.12 M M 3.0 13 230 M M 5 1 18 230
20 60 51 56 5 9 0 0.24 M M 4.3 15 220 M M 10 1 24 230
21 62 51 57 6 8 0 0.60 M M 2.6 14 210 M M 10 1 17 190
22 60 47 54 3 11 0 1.04 M M 4.7 12 300 M M 8 1 19 280
23 61 46 54 3 11 0 0.00 M M 2.7 14 260 M M 7 12 18 260
24 57 51 54 3 11 0 0.55 M M 1.2 7 230 M M 10 13 10 210
25 60 46 53 2 12 0 T M M 2.3 13 250 M M 4 1 15 230
26 64 47 56 5 9 0 0.00 M M 2.6 7 320 M M 0 10 330
27 69 48 59 8 6 0 0.00 M M 3.5 10 120 M M 0 13 120
28 77 51 64 13 1 0 0.00 M M 3.3 10 130 M M 0 13 120
29 71 46 59 8 6 0 0.00 M M 3.3 13 280 M M 0 19 290
30 64 46 55 4 10 0 0.00 M M 2.6 14 250 M M 0 19 250
31 58 47 53 2 12 0 0.89 M M 6.4 22 150 M M 6 1 32 140
================================================================================
SM 1852 1319 421 0 6.14 M 88.6 M 117
================================================================================
AV 59.7 42.5 2.9 FASTST M M 4 MAX(MPH)
MISC ----> 22 150 # 32 260
================================================================================
NOTES:
# LAST OF SEVERAL OCCURRENCES
COLUMN 17 PEAK WIND IN M.P.H.
PRELIMINARY LOCAL CLIMATOLOGICAL DATA (WS FORM: F-6) , PAGE 2
STATION: WATSONVILLE AIRPORT
MONTH: JANUARY
YEAR: 2024
LATITUDE: 36 55 N
LONGITUDE: 121 47 W
[TEMPERATURE DATA] [PRECIPITATION DATA] SYMBOLS USED IN COLUMN 16
AVERAGE MONTHLY: 51.1 TOTAL FOR MONTH: 6.14 1 = FOG OR MIST
DPTR FM NORMAL: 0.4 DPTR FM NORMAL: 1.54 2 = FOG REDUCING VISIBILITY
HIGHEST: 77 ON 28 GRTST 24HR 1.04 ON 22-22 TO 1/4 MILE OR LESS
LOWEST: 32 ON 12, 7 3 = THUNDER
SNOW, ICE PELLETS, HAIL 4 = ICE PELLETS
TOTAL MONTH: M 5 = HAIL
GRTST 24HR M ON M 6 = FREEZING RAIN OR DRIZZLE
GRTST DEPTH: M ON M 7 = DUSTSTORM OR SANDSTORM:
VSBY 1/2 MILE OR LESS
8 = SMOKE OR HAZE
[NO. OF DAYS WITH] [WEATHER - DAYS WITH] 9 = BLOWING SNOW
X = TORNADO
MAX 32 OR BELOW: 0 0.01 INCH OR MORE: 14
MAX 90 OR ABOVE: 0 0.10 INCH OR MORE: 14
MIN 32 OR BELOW: 2 0.50 INCH OR MORE: 6
MIN 0 OR BELOW: 0 1.00 INCH OR MORE: 1
[HDD (BASE 65) ]
TOTAL THIS MO. 421 CLEAR (SCALE 0-3) 15
DPTR FM NORMAL -22 PTCLDY (SCALE 4-7) 13
TOTAL FM JUL 1 1324 CLOUDY (SCALE 8-10) 3
DPTR FM NORMAL -288
[CDD (BASE 65) ]
TOTAL THIS MO. 0
DPTR FM NORMAL 0 [PRESSURE DATA]
TOTAL FM JAN 1 0 HIGHEST SLP M ON M
DPTR FM NORMAL 0 LOWEST SLP 29.61 ON 31
[REMARKS]
#FINAL-01-24#