000
CXUS54 KFWD 220502
CF6XBP
PRELIMINARY LOCAL CLIMATOLOGICAL DATA (WS FORM: F-6)
STATION: BRIDGEPORT
MONTH: JULY
YEAR: 2022
LATITUDE: 33 10 N
LONGITUDE: 96 30 W
TEMPERATURE IN F: :PCPN: SNOW: WIND :SUNSHINE: SKY :PK WND
================================================================================
1 2 3 4 5 6A 6B 7 8 9 10 11 12 13 14 15 16 17 18
12Z AVG MX 2MIN
DY MAX MIN AVG DEP HDD CDD WTR SNW DPTH SPD SPD DIR MIN PSBL S-S WX SPD DR
================================================================================
1 98 69 84 3 0 19 0.00 M M 4.7 9 100 M M 0 M M
2 100 71 86 5 0 21 0.00 M M 4.3 15 160 M M 1 21 110
3 95 72 84 2 0 19 1.16 M M 3.6 9 70 M M 2 3 28 70
4 99 69 84 2 0 19 0.00 M M 5.5 10 150 M M 0 1 17 170
5 M M M M M M 0.00 M M 6.8 9 200 M M 0 16 180
6 M M M M M M M M M M M M M M M M M
7 M M M M M M M M M M M M M M M M M
8 104 83 94 12 0 29 0.00 M M 4.2 7 130 M M 0 M M
9 103 73 88 6 0 23 0.00 M M 2.6 9 270 M M 1 3 26 30
10 102 69 86 4 0 21 0.00 M M 2.6 9 30 M M 0 M M
11 101 70 86 4 0 21 0.00 M M 3.3 8 70 M M 0 17 90
12 102 68 85 3 0 20 0.00 M M 4.3 13 60 M M 0 17 80
13 103 69 86 4 0 21 0.00 M M 2.1 8 80 M M 0 M M
14 104 73 89 7 0 24 0.00 M M 4.7 17 170 M M 0 24 170
15 100 64 82 0 0 17 0.00 M M 3.6 9 100 M M 1 18 120
16 101 72 87 4 0 22 0.00 M M 5.0 8 130 M M 1 17 200
17 105 81 93 10 0 28 0.00 M M 7.4 13 190 M M 0 18 200
18 110 79 95 12 0 30 0.00 M M 7.5 13 260 M M 0 18 230
19 111 83 97 14 0 32 0.00 M M 9.2 17 190 M M 0 20 220
20 110 82 96 13 0 31 0.06 M M 7.6 14 200 M M 0 3 33 300
21 100 81 91 8 0 26 0.00 M M 4.5 12 80 M M 1 17 70
22 102 77 90 7 0 25 0.00 M M 6.7 16 150 M M 0 20 140
23 101 73 87 4 0 22 0.00 M M 7.5 12 170 M M 1 21 140
24 102 81 92 9 0 27 0.00 M M 8.0 10 180 M M 1 18 180
25 104 80 92 9 0 27 0.00 M M 8.1 12 120 M M 0 21 190
26 104 80 92 9 0 27 0.00 M M 8.5 15 190 M M 0 21 190
27 103 82 93 10 0 28 0.00 M M 8.2 13 150 M M 1 18 120
28 103 80 92 9 0 27 0.00 M M 7.0 12 200 M M 1 16 120
29 98 75 87 4 0 22 0.10 M M 5.6 15 190 M M 2 23 250
30 94 73 84 1 0 19 1.14 M M 3.8 13 350 M M 2 28 200
31 103 81 92 9 0 27 0.00 M M 8.0 14 210 M M 0 18 210
================================================================================
SM 2862 2110 0 674 2.46 M 164.8 M 15
================================================================================
AV102.2 75.4 5.7 FASTST M M 1 MAX(MPH)
MISC ----> # 17 190 33 300
================================================================================
NOTES:
# LAST OF SEVERAL OCCURRENCES
COLUMN 17 PEAK WIND IN M.P.H.
PRELIMINARY LOCAL CLIMATOLOGICAL DATA (WS FORM: F-6) , PAGE 2
STATION: BRIDGEPORT
MONTH: JULY
YEAR: 2022
LATITUDE: 33 10 N
LONGITUDE: 96 30 W
[TEMPERATURE DATA] [PRECIPITATION DATA] SYMBOLS USED IN COLUMN 16
AVERAGE MONTHLY: 88.8 TOTAL FOR MONTH: 2.46 1 = FOG OR MIST
DPTR FM NORMAL: 6.4 DPTR FM NORMAL: 0.42 2 = FOG REDUCING VISIBILITY
HIGHEST: 111 ON 19 GRTST 24HR 1.16 ON 3- 3 TO 1/4 MILE OR LESS
LOWEST: 64 ON 15 3 = THUNDER
SNOW, ICE PELLETS, HAIL 4 = ICE PELLETS
TOTAL MONTH: M 5 = HAIL
GRTST 24HR M ON M 6 = FREEZING RAIN OR DRIZZLE
GRTST DEPTH: M ON M 7 = DUSTSTORM OR SANDSTORM:
VSBY 1/2 MILE OR LESS
8 = SMOKE OR HAZE
[NO. OF DAYS WITH] [WEATHER - DAYS WITH] 9 = BLOWING SNOW
X = TORNADO
MAX 32 OR BELOW: 0 0.01 INCH OR MORE: 4
MAX 90 OR ABOVE: 28 0.10 INCH OR MORE: 2
MIN 32 OR BELOW: 0 0.50 INCH OR MORE: 2
MIN 0 OR BELOW: 0 1.00 INCH OR MORE: 2
[HDD (BASE 65) ]
TOTAL THIS MO. 0 CLEAR (SCALE 0-3) 29
DPTR FM NORMAL 0 PTCLDY (SCALE 4-7) 0
TOTAL FM JUL 1 0 CLOUDY (SCALE 8-10) 2
DPTR FM NORMAL 0
[CDD (BASE 65) ]
TOTAL THIS MO. 674
DPTR FM NORMAL 133 [PRESSURE DATA]
TOTAL FM JAN 1 1682 HIGHEST SLP M ON M
DPTR FM NORMAL 464 LOWEST SLP M ON M
[REMARKS]
#FINAL-07-22#