000
CXUS54 KTSA 010850
CF6XNA
PRELIMINARY LOCAL CLIMATOLOGICAL DATA (WS FORM: F-6)
STATION: HIGHFILL ARKANSAS
MONTH: APRIL
YEAR: 2022
LATITUDE: 36 16 N
LONGITUDE: 94 19 W
TEMPERATURE IN F: :PCPN: SNOW: WIND :SUNSHINE: SKY :PK WND
================================================================================
1 2 3 4 5 6A 6B 7 8 9 10 11 12 13 14 15 16 17 18
12Z AVG MX 2MIN
DY MAX MIN AVG DEP HDD CDD WTR SNW DPTH SPD SPD DIR MIN PSBL S-S WX SPD DR
================================================================================
1 65 26 46 -8 19 0 0.09 0.0 M 4.8 10 190 M M 1 15 190
2 69 45 57 3 8 0 0.11 0.0 M 6.1 18 300 M M 4 1 24 300
3 73 41 57 2 8 0 0.00 0.0 M 9.4 23 170 M M 2 8 30 170
4 62 53 58 3 7 0 0.23 0.0 M 6.5 15 360 M M 7 13 19 360
5 76 49 63 8 2 0 0.28 0.0 M 9.2 29 10 M M 4 1 38 10
6 66 46 56 0 9 0 0.00 0.0 M 13.6 31 20 M M 5 44 20
7 57 38 48 -8 17 0 T 0.0 M 15.7 33 320 M M 5 47 290
8 52 36 44 -12 21 0 T 0.0 M 13.6 25 340 M M 7 35 320
9 70 30 50 -6 15 0 0.00 0.0 M 8.5 20 180 M M 0 26 160
10 78 56 67 10 0 2 0.00 0.0 M 17.3 32 180 M M 2 44 190
11 69 55 62 5 3 0 1.46 0.0 M 10.1 24 360 M M 10 13 35 210
12 77 57 67 10 0 2 T 0.0 M 16.9 30 200 M M 8 12 44 190
13 69 35 52 -6 13 0 3.27 0.0 M 12.7 28 340 M M 4 13 39 270
14 64 32 48 -10 17 0 0.00 0.0 M 5.6 17 200 M M 0 23 200
15 77 45 61 3 4 0 T 0.0 M 11.6 30 190 M M 4 40 180
16 62 45 54 -4 11 0 0.22 0.0 M 14.1 25 40 M M 9 13 32 30
17 55 44 50 -9 15 0 0.02 0.0 M 10.8 20 110 M M 10 13 29 120
18 62 40 51 -8 14 0 0.00 0.0 M 10.3 18 20 M M 4 23 10
19 68 35 52 -7 13 0 0.00 0.0 M 9.5 21 160 M M 1 27 160
20 64 50 57 -2 8 0 0.03 0.0 M 15.6 26 170 M M 10 37 170
21 78 63 71 11 0 6 0.01 0.0 M 11.6 23 160 M M 7 1 31 160
22 82 65 74 14 0 9 0.00 0.0 M 16.8 29 170 M M 3 39 210
23 79 66 73 13 0 8 T 0.0 M 23.1 35 180 M M 3 46 170
24 71 53 62 2 3 0 2.00 0.0 M 10.8 26 150 M M 9 13 33 150
25 63 46 55 -6 10 0 0.01 0.0 M 9.2 16 10 M M 2 1 24 30
26 68 42 55 -6 10 0 0.00 0.0 M 6.1 13 50 M M 0 26 40
27 73 42 58 -3 7 0 0.00 0.0 M 8.5 18 170 M M 0 24 160
28 67 55 61 0 4 0 0.24 0.0 M 8.8 21 180 M M 8 8 29 170
29 78 59 69 7 0 4 0.00 0.0 M 17.2 30 190 M M 8 42 170
30 74 52 63 1 2 0 0.01 0.0 M 12.5 30 170 M M 2 3 41 170
================================================================================
SM 2068 1401 240 31 7.98 0.0 346.5 M 139
================================================================================
AV 68.9 46.7 11.6 FASTST M M 5 MAX(MPH)
MISC ----> 35 180 47 290
================================================================================
NOTES:
# LAST OF SEVERAL OCCURRENCES
COLUMN 17 PEAK WIND IN M.P.H.
PRELIMINARY LOCAL CLIMATOLOGICAL DATA (WS FORM: F-6) , PAGE 2
STATION: HIGHFILL ARKANSAS
MONTH: APRIL
YEAR: 2022
LATITUDE: 36 16 N
LONGITUDE: 94 19 W
[TEMPERATURE DATA] [PRECIPITATION DATA] SYMBOLS USED IN COLUMN 16
AVERAGE MONTHLY: 57.8 TOTAL FOR MONTH: 7.98 1 = FOG OR MIST
DPTR FM NORMAL: -0.3 DPTR FM NORMAL: 3.00 2 = FOG REDUCING VISIBILITY
HIGHEST: 82 ON 22 GRTST 24HR 3.27 ON 13-13 TO 1/4 MILE OR LESS
LOWEST: 26 ON 1 3 = THUNDER
SNOW, ICE PELLETS, HAIL 4 = ICE PELLETS
TOTAL MONTH: 0.0 INCH 5 = HAIL
GRTST 24HR 0.0 6 = FREEZING RAIN OR DRIZZLE
GRTST DEPTH: M ON M 7 = DUSTSTORM OR SANDSTORM:
VSBY 1/2 MILE OR LESS
8 = SMOKE OR HAZE
[NO. OF DAYS WITH] [WEATHER - DAYS WITH] 9 = BLOWING SNOW
X = TORNADO
MAX 32 OR BELOW: 0 0.01 INCH OR MORE: 14
MAX 90 OR ABOVE: 0 0.10 INCH OR MORE: 8
MIN 32 OR BELOW: 3 0.50 INCH OR MORE: 3
MIN 0 OR BELOW: 0 1.00 INCH OR MORE: 3
[HDD (BASE 65) ]
TOTAL THIS MO. 240 CLEAR (SCALE 0-3) 12
DPTR FM NORMAL 5 PTCLDY (SCALE 4-7) 13
TOTAL FM JUL 1 3443 CLOUDY (SCALE 8-10) 5
DPTR FM NORMAL -339
[CDD (BASE 65) ]
TOTAL THIS MO. 31
DPTR FM NORMAL 2 [PRESSURE DATA]
TOTAL FM JAN 1 31 HIGHEST SLP M ON M
DPTR FM NORMAL -5 LOWEST SLP 29.42 ON 5
[REMARKS]
#FINAL-04-22#