905
CXUS51 KPBZ 010730
CF6ZZV
PRELIMINARY LOCAL CLIMATOLOGICAL DATA (WS FORM: F-6)
STATION: ZANESVILLE OH
MONTH: MARCH
YEAR: 2021
LATITUDE: 39 56 N
LONGITUDE: 81 54 W
TEMPERATURE IN F: :PCPN: SNOW: WIND :SUNSHINE: SKY :PK WND
================================================================================
1 2 3 4 5 6A 6B 7 8 9 10 11 12 13 14 15 16 17 18
12Z AVG MX 2MIN
DY MAX MIN AVG DEP HDD CDD WTR SNW DPTH SPD SPD DIR MIN PSBL S-S WX SPD DR
================================================================================
1 58 29 44 8 21 0 0.12 M M 13.5 25 320 M M 7 1 33 290
2 43 22 33 -3 32 0 0.00 M M 4.5 13 320 M M 0 16 300
3 58 21 40 4 25 0 0.00 M M 6.3 17 260 M M 0 23 270
4 45 24 35 -2 30 0 0.00 M M 7.9 18 330 M M 5 26 340
5 42 18 30 -7 35 0 0.00 M M 7.0 18 290 M M 0 25 320
6 43 24 34 -3 31 0 0.00 M M 5.9 16 340 M M 0 22 280
7 46 18 32 -6 33 0 0.00 M M 3.5 14 310 M M 0 18 300
8 61 18 40 2 25 0 0.00 M M 5.4 14 210 M M 1 24 40
9 65 36 51 13 14 0 0.00 M M 3.7 13 250 M M 3 18 270
10 71 32 52 13 13 0 0.00 M M 7.7 20 190 M M 0 25 200
11 65 55 60 21 5 0 0.47 M M 10.6 22 230 M M 9 1 30 220
12 60 44 52 13 13 0 0.06 M M 7.2 16 300 M M 2 1 21 320
13 51 30 41 1 24 0 0.00 M M 3.9 10 290 M M 0 15 10
14 57 26 42 2 23 0 0.00 M M 7.0 17 320 M M 0 29 20
15 43 26 35 -5 30 0 0.02 M M 8.8 17 70 M M 4 23 70
16 61 41 51 10 14 0 0.07 M M 5.9 13 150 M M 6 1 17 160
17 65 32 49 8 16 0 0.01 M M 2.9 12 130 M M 3 12 14 160
18 54 40 47 6 18 0 1.08 M M 11.1 26 40 M M 10 1 38 20
19 49 31 40 -2 25 0 0.00 M M 11.2 21 20 M M 1 30 20
20 60 27 44 2 21 0 0.00 M M 3.7 12 60 M M 0 15 60
21 67 29 48 6 17 0 0.00 M M 2.7 14 170 M M 0 21 160
22 68 29 49 6 16 0 0.00 M M 3.5 15 170 M M 0 19 170
23 68 38 53 10 12 0 0.00 M M 7.5 17 150 M M 0 23 150
24 76 55 66 22 0 1 T M M 9.7 20 190 M M 6 25 180
25 73 44 59 15 6 0 0.05 M M 7.3 25 180 M M 4 1 34 160
26 64 52 58 14 7 0 0.05 M M 12.2 33 240 M M 9 44 200
27 69 39 54 9 11 0 0.00 M M 5.8 14 180 M M 2 1 19 170
28 60 37 49 4 16 0 0.44 M M 13.3 31 280 M M 8 13 45 270
29 55 32 44 -1 21 0 0.00 M M 5.9 9 260 M M 0 M M
30 74 33 54 8 11 0 0.00 M M 10.5 23 180 M M 0 29 180
31 66 41 54 8 11 0 0.52 M M 9.8 21 310 M M 8 1 27 300
================================================================================
SM 1837 1023 576 1 2.89 M 225.9 M 88
================================================================================
AV 59.3 33.0 7.3 FASTST M M 3 MAX(MPH)
MISC ----> 33 240 45 270
================================================================================
NOTES:
# LAST OF SEVERAL OCCURRENCES
COLUMN 17 PEAK WIND IN M.P.H.
PRELIMINARY LOCAL CLIMATOLOGICAL DATA (WS FORM: F-6) , PAGE 2
STATION: ZANESVILLE OH
MONTH: MARCH
YEAR: 2021
LATITUDE: 39 56 N
LONGITUDE: 81 54 W
[TEMPERATURE DATA] [PRECIPITATION DATA] SYMBOLS USED IN COLUMN 16
AVERAGE MONTHLY: 46.1 TOTAL FOR MONTH: 2.89 1 = FOG OR MIST
DPTR FM NORMAL: 5.3 DPTR FM NORMAL: -0.11 2 = FOG REDUCING VISIBILITY
HIGHEST: 76 ON 24 GRTST 24HR 1.09 ON 17-18 TO 1/4 MILE OR LESS
LOWEST: 18 ON 8, 7 3 = THUNDER
SNOW, ICE PELLETS, HAIL 4 = ICE PELLETS
TOTAL MONTH: M 5 = HAIL
GRTST 24HR M ON M 6 = FREEZING RAIN OR DRIZZLE
GRTST DEPTH: M ON M 7 = DUSTSTORM OR SANDSTORM:
VSBY 1/2 MILE OR LESS
8 = SMOKE OR HAZE
[NO. OF DAYS WITH] [WEATHER - DAYS WITH] 9 = BLOWING SNOW
X = TORNADO
MAX 32 OR BELOW: 0 0.01 INCH OR MORE: 11
MAX 90 OR ABOVE: 0 0.10 INCH OR MORE: 5
MIN 32 OR BELOW: 18 0.50 INCH OR MORE: 2
MIN 0 OR BELOW: 0 1.00 INCH OR MORE: 1
[HDD (BASE 65) ]
TOTAL THIS MO. 576 CLEAR (SCALE 0-3) 19
DPTR FM NORMAL -177 PTCLDY (SCALE 4-7) 8
TOTAL FM JUL 1 4501 CLOUDY (SCALE 8-10) 4
DPTR FM NORMAL -441
[CDD (BASE 65) ]
TOTAL THIS MO. 1
DPTR FM NORMAL 0 [PRESSURE DATA]
TOTAL FM JAN 1 1 HIGHEST SLP 30.58 ON 20
DPTR FM NORMAL 0 LOWEST SLP 29.54 ON 26
[REMARKS]
#FINAL-03-21#