000
CXUS55 KCYS 261000
CF6AIA
PRELIMINARY LOCAL CLIMATOLOGICAL DATA (WS FORM: F-6)

                                          STATION:   ALLIANCE NEBRASKA AIRPORT
                                          MONTH:     APRIL
                                          YEAR:      2018
                                          LATITUDE:   42  2 N
                                          LONGITUDE: 102 48 W

  TEMPERATURE IN F:       :PCPN:    SNOW:  WIND      :SUNSHINE: SKY     :PK WND
================================================================================
1   2   3   4   5  6A  6B    7    8   9   10  11  12  13   14  15   16   17  18
                                     12Z  AVG MX 2MIN
DY MAX MIN AVG DEP HDD CDD  WTR  SNW DPTH SPD SPD DIR MIN PSBL S-S WX    SPD DR
================================================================================

 1  34  18  26 -15  39   0    T    M    M 12.8 21 150   M    M   7 1      26 150
 2  64  27  46   4  19   0 0.00    M    M 12.5 23  20   0    0   0        31  60
 3  39  14  27 -15  38   0    T    M    M 14.9 29 330   M    M   0 1      35 340
 4  61  17  39  -3  26   0 0.00    M    M 10.8 25 300   M    M   3        33 280
 5  56  18  37  -5  28   0    T    M    M  9.9 22  40   M    M   4 1      26  40
 6  27   7  17 -25  48   0    T    M    M 11.2 28  40   M    M   9 1      33  40
 7  42   4  23 -20  42   0 0.00    M    M 14.1 26 150   M    M   4        33 160
 8  59  31  45   2  20   0 0.03    M    M 16.1 35 310   M    M   3 1      45 310
 9  56  25  41  -2  24   0    T    M    M 10.3 25 330   M    M   5        32 320
10  67  18  43   0  22   0 0.00    M    M  7.7 21 300   M    M   0        25 310
11  80  34  57  13   8   0 0.00    M    M 12.9 46 260   M    M   2        59 270
12  64  31  48   4  17   0 0.21    M    M 11.8 30 130   M    M   2 1      38 130
13  45  18  32 -12  33   0 0.31    M    M 26.5 43 350   M    M  10 12     49 360
14  30  11  21 -23  44   0    T    M    M 17.1 32 350   M    M   2 18     40 350
15  42   6  24 -21  41   0 0.00    M    M  4.5 13  90   M    M   0        15  90
16  49  24  37  -8  28   0 0.00    M    M 18.6 31 160   M    M   0        35 160
17  56  31  44  -1  21   0 0.23    M    M 17.6 29 320   M    M   4 1      37 330
18  57  26  42  -3  23   0    T    M    M 17.0 31 310   M    M   3        42 300
19  59  26  43  -3  22   0 0.00    M    M 17.7 32 140   M    M   0        38 150
20  43  33  38  -8  27   0 0.40    M    M 20.7 33 160   M    M   7 1      40 170
21  44  32  38  -8  27   0 0.23    M    M  8.3 16 130   M    M   9 1      20 180
22  61  32  47   1  18   0 0.00    M    M  8.8 20 150   M    M   4 1      23 150
23  68  32  50   3  15   0 0.22    M    M 14.7 30 340   M    M   3 1      36 330
24  40  25  33 -14  32   0 0.01    M    M 16.9 31 350   M    M  10 1      39 350
25  66  19  43  -5  22   0 0.00    M    M  9.7 16 220   M    M   1        21 220
================================================================================
SM 1309  559       684   0  1.64    M    343.1            0     92
================================================================================
AV 52.4 22.4                              13.7 FASTST    0   0   4    MAX(MPH)
                                 MISC ---->  # 46 260               # 59  270
================================================================================
NOTES:
# LAST OF SEVERAL OCCURRENCES

COLUMN 17 PEAK WIND IN M.P.H.

PRELIMINARY LOCAL CLIMATOLOGICAL DATA (WS FORM: F-6) , PAGE 2

                                          STATION:  ALLIANCE NEBRASKA AIRPORT
                                          MONTH:    APRIL
                                          YEAR:     2018
                                          LATITUDE:   42  2 N
                                          LONGITUDE: 102 48 W

[TEMPERATURE DATA]      [PRECIPITATION DATA]       SYMBOLS USED IN COLUMN 16

AVERAGE MONTHLY: 37.4   TOTAL FOR MONTH:   1.64    1 = FOG OR MIST
DPTR FM NORMAL:  -6.8   DPTR FM NORMAL:    0.45    2 = FOG REDUCING VISIBILITY
HIGHEST:    80 ON 11    GRTST 24HR  0.40 ON 20-20      TO 1/4 MILE OR LESS
LOWEST:      4 ON  7                               3 = THUNDER
                        SNOW, ICE PELLETS, HAIL    4 = ICE PELLETS
                        TOTAL MONTH:    M          5 = HAIL
                        GRTST 24HR    M  ON   M    6 = FREEZING RAIN OR DRIZZLE
                        GRTST DEPTH:  M  ON   M    7 = DUSTSTORM OR SANDSTORM:
                                                       VSBY 1/2 MILE OR LESS
                                                   8 = SMOKE OR HAZE
[NO. OF DAYS WITH]      [WEATHER - DAYS WITH]      9 = BLOWING SNOW
                                                   X = TORNADO
MAX 32 OR BELOW:   2    0.01 INCH OR MORE:   8
MAX 90 OR ABOVE:   0    0.10 INCH OR MORE:   6
MIN 32 OR BELOW:  23    0.50 INCH OR MORE:   0
MIN  0 OR BELOW:   0    1.00 INCH OR MORE:   0

[HDD (BASE 65) ]
TOTAL THIS MO.   684    CLEAR  (SCALE 0-3)  14
DPTR FM NORMAL   164    PTCLDY (SCALE 4-7)   7
TOTAL FM JUL 1  7044    CLOUDY (SCALE 8-10)  4
DPTR FM NORMAL   238

[CDD (BASE 65) ]
TOTAL THIS MO.     0
DPTR FM NORMAL     0    [PRESSURE DATA]
TOTAL FM JAN 1     0    HIGHEST SLP  0.00 ON M
DPTR FM NORMAL     0    LOWEST  SLP 29.18 ON 12

[REMARKS]
