000
CXUS53 KGRR 261017
CF6AZO
PRELIMINARY LOCAL CLIMATOLOGICAL DATA (WS FORM: F-6)

                                          STATION:   KALAMAZOO
                                          MONTH:     APRIL
                                          YEAR:      2018
                                          LATITUDE:   42 13 N
                                          LONGITUDE:  85 33 W

  TEMPERATURE IN F:       :PCPN:    SNOW:  WIND      :SUNSHINE: SKY     :PK WND
================================================================================
1   2   3   4   5  6A  6B    7    8   9   10  11  12  13   14  15   16   17  18
                                     12Z  AVG MX 2MIN
DY MAX MIN AVG DEP HDD CDD  WTR  SNW DPTH SPD SPD DIR MIN PSBL S-S WX    SPD DR
================================================================================

 1  37  24  31 -12  34   0 0.00    M    M  9.2 20 320   M    M   2        28 330
 2  43  21  32 -12  33   0 0.00    M    M  5.1 13 210   M    M   1        18 190
 3  40  35  38  -6  27   0 0.37    M    M  7.7 18 100   M    M  10 135    22 100
 4  36  28  32 -12  33   0 0.02    M    M 16.9 28 310   M    M  10 18     40 300
 5  44  25  35 -10  30   0 0.01    M    M  9.6 20 280   M    M   4 1      22 280
 6  39  24  32 -13  33   0 0.08    M    M 12.0 28 310   M    M   8 18     36 330
 7  35  20  28 -18  37   0 0.00    M    M  8.1 18 290   M    M   3        25 300
 8  41  18  30 -16  35   0 0.00    M    M  4.8 13 320   M    M   3        15 320
 9  41  28  35 -11  30   0 0.08    M    M  4.1 17 340   M    M   9 128    19 340
10  46  24  35 -12  30   0 0.00    M    M  7.2 17 250   M    M   3 1      24 280
11  59  35  47   0  18   0 0.01    M    M  9.8 22 250   M    M   7        28 240
12  73  47  60  12   5   0 0.13    M    M 11.0 29 230   M    M   4 1      37 230
13  63  43  53   5  12   0    T    M    M  7.9 15  60   M    M   8 8      21  20
14  43  33  38 -10  27   0 0.78    M    M 13.2 23  60   M    M  10 168    36  60
15  38  32  35 -14  30   0 0.59    M    M  7.5 21  90   M    M  10 16     28 110
16  39  31  35 -14  30   0 0.02    M    M 14.8 24 300   M    M   9 18     30 320
17  34  28  31 -19  34   0 0.01    M    M 12.5 22 310   M    M   9 18     28 310
18  44  27  36 -14  29   0 0.10    M    M  4.9 13 100   M    M   9 18     17  90
19  54  32  43  -7  22   0    T    M    M 12.0 21 300   M    M   2 1      29 310
20  60  29  45  -6  20   0 0.00    M    M  5.3 15 320   M    M   0        19 340
21  59  31  45  -6  20   0 0.00    M    M  3.1 10  10   M    M   1        14 170
22  66  40  53   1  12   0 0.00    M    M  6.0 17 100   M    M   2        22 100
23  75  40  58   6   7   0 0.00    M    M  7.1 20 190   M    M   2        26 190
24  62  53  58   6   7   0 0.04    M    M  5.0 13 100   M    M  10 1      17 100
25  62  39  51  -1  14   0 0.00  0.0    0 10.6 21 340   M    M   3 1      26 350
================================================================================
SM 1233  787       609   0  2.24     0.0 215.4          M      139
================================================================================
AV 49.3 31.5                               8.6 FASTST   M    M   6    MAX(MPH)
                                 MISC ---->  # 29 230               # 40  300
================================================================================
NOTES:
# LAST OF SEVERAL OCCURRENCES

COLUMN 17 PEAK WIND IN M.P.H.

PRELIMINARY LOCAL CLIMATOLOGICAL DATA (WS FORM: F-6) , PAGE 2

                                          STATION:  KALAMAZOO
                                          MONTH:    APRIL
                                          YEAR:     2018
                                          LATITUDE:   42 13 N
                                          LONGITUDE:  85 33 W

[TEMPERATURE DATA]      [PRECIPITATION DATA]       SYMBOLS USED IN COLUMN 16

AVERAGE MONTHLY: 40.4   TOTAL FOR MONTH:   2.24    1 = FOG OR MIST
DPTR FM NORMAL:  -7.6   DPTR FM NORMAL:   -0.18    2 = FOG REDUCING VISIBILITY
HIGHEST:    75 ON 23    GRTST 24HR  0.78 ON 14-14      TO 1/4 MILE OR LESS
LOWEST:     18 ON  8                               3 = THUNDER
                        SNOW, ICE PELLETS, HAIL    4 = ICE PELLETS
                        TOTAL MONTH:   0.0 INCH    5 = HAIL
                        GRTST 24HR     0.0         6 = FREEZING RAIN OR DRIZZLE
                        GRTST DEPTH:   0           7 = DUSTSTORM OR SANDSTORM:
                                                       VSBY 1/2 MILE OR LESS
                                                   8 = SMOKE OR HAZE
[NO. OF DAYS WITH]      [WEATHER - DAYS WITH]      9 = BLOWING SNOW
                                                   X = TORNADO
MAX 32 OR BELOW:   0    0.01 INCH OR MORE:  13
MAX 90 OR ABOVE:   0    0.10 INCH OR MORE:   5
MIN 32 OR BELOW:  16    0.50 INCH OR MORE:   2
MIN  0 OR BELOW:   0    1.00 INCH OR MORE:   0

[HDD (BASE 65) ]
TOTAL THIS MO.   609    CLEAR  (SCALE 0-3)   8
DPTR FM NORMAL   182    PTCLDY (SCALE 4-7)   8
TOTAL FM JUL 1  6084    CLOUDY (SCALE 8-10)  9
DPTR FM NORMAL     0

[CDD (BASE 65) ]
TOTAL THIS MO.     0
DPTR FM NORMAL     0    [PRESSURE DATA]
TOTAL FM JAN 1     0    HIGHEST SLP M ON M
DPTR FM NORMAL     0    LOWEST  SLP 29.49 ON  3

[REMARKS]
