000
CXUS55 KLBF 241200
CF6BBW
PRELIMINARY LOCAL CLIMATOLOGICAL DATA (WS FORM: F-6)

                                          STATION:   BROKEN BOW
                                          MONTH:     MAY
                                          YEAR:      2018
                                          LATITUDE:   41 26 N
                                          LONGITUDE:  99 39 W

  TEMPERATURE IN F:       :PCPN:    SNOW:  WIND      :SUNSHINE: SKY     :PK WND
================================================================================
1   2   3   4   5  6A  6B    7    8   9   10  11  12  13   14  15   16   17  18
                                     12Z  AVG MX 2MIN
DY MAX MIN AVG DEP HDD CDD  WTR  SNW DPTH SPD SPD DIR MIN PSBL S-S WX    SPD DR
================================================================================

 1  60  50  55   2  10   0    T    M    M 14.0 29 350   M    M   8        37 350
 2  64  45  55   1  10   0 0.00    M    M 11.0 22  30   M    M   6        29  40
 3  58  46  52  -2  13   0 0.36    M    M 12.5 29  30   M    M  10 3      40  30
 4  77  46  62   7   3   0 0.00    M    M  8.0 17 300   M    M   1 8      23 290
 5  84  50  67  12   0   2 0.00    M    M  7.4 18 350   M    M   1        26 340
 6  76  53  65  10   0   0 0.00    M    M  6.2 16  30   M    M   1        22 350
 7  84  46  65   9   0   0 0.00    M    M 11.8 26 150   M    M   0        35 150
 8  82  56  69  13   0   4 0.00    M    M 10.1 28 330   M    M   0        35 340
 9  83  53  68  12   0   3 0.00    M    M 11.5 23 320   M    M   1        34 320
10  81  49  65   8   0   0 0.81    M    M 15.6 51 330   M    M   2 13     62 330
11  59  47  53  -4  12   0 0.10    M    M 11.4 30  70   M    M   8 13     43  60
12  52  47  50  -8  15   0 0.06    M    M 10.8 25  50   M    M  10 13     34  40
13  57  49  53  -5  12   0 0.02    M    M  6.9 17 320   M    M  10 1      21 310
14  72  54  63   5   2   0 0.36    M    M  7.9 21 290   M    M   7 13     26 290
15  77  53  65   6   0   0 0.00    M    M  4.3 15 310   M    M   2        18 310
16  81  52  67   8   0   2 0.00  0.0    0  7.4 16 170   M    M   2 3      22 170
17  84  56  70  11   0   5 0.00    M    M 13.6 24 140   M    M   0 3      33 130
18  71  57  64   4   1   0 1.91    M    M  9.9 37  80   M    M   8 13     53  80
19  62  48  55  -5  10   0 1.57    M    M 14.9 29 360   M    M  10 1      38  10
20  63  48  56  -4   9   0 0.00    M    M  8.7 20 350   M    M  10 1      25 350
21  73  46  60  -1   5   0 0.00    M    M  7.5 20 180   M    M   5 12     26 170
22  83  56  70   9   0   5 0.00    M    M  8.6 23 190   M    M   1 3      32 180
23  86  67  77  16   0  12 0.00    M    M 13.6 25 150   M    M   2        30 150
================================================================================
SM 1669 1174       102  33  5.19     0.0 233.6          M      105
================================================================================
AV 72.6 51.0                              10.2 FASTST   M    M   5    MAX(MPH)
                                 MISC ---->  # 51 330               # 62  330
================================================================================
NOTES:
# LAST OF SEVERAL OCCURRENCES

COLUMN 17 PEAK WIND IN M.P.H.

PRELIMINARY LOCAL CLIMATOLOGICAL DATA (WS FORM: F-6) , PAGE 2

                                          STATION:  BROKEN BOW
                                          MONTH:    MAY
                                          YEAR:     2018
                                          LATITUDE:   41 26 N
                                          LONGITUDE:  99 39 W

[TEMPERATURE DATA]      [PRECIPITATION DATA]       SYMBOLS USED IN COLUMN 16

AVERAGE MONTHLY: 61.8   TOTAL FOR MONTH:   5.19    1 = FOG OR MIST
DPTR FM NORMAL:   4.3   DPTR FM NORMAL:    2.41    2 = FOG REDUCING VISIBILITY
HIGHEST:    86 ON 23    GRTST 24HR  1.91 ON 18-18      TO 1/4 MILE OR LESS
LOWEST:     45 ON  2                               3 = THUNDER
                        SNOW, ICE PELLETS, HAIL    4 = ICE PELLETS
                        TOTAL MONTH:   0.0 INCH    5 = HAIL
                        GRTST 24HR     0.0         6 = FREEZING RAIN OR DRIZZLE
                        GRTST DEPTH:   0           7 = DUSTSTORM OR SANDSTORM:
                                                       VSBY 1/2 MILE OR LESS
                                                   8 = SMOKE OR HAZE
[NO. OF DAYS WITH]      [WEATHER - DAYS WITH]      9 = BLOWING SNOW
                                                   X = TORNADO
MAX 32 OR BELOW:   0    0.01 INCH OR MORE:   8
MAX 90 OR ABOVE:   0    0.10 INCH OR MORE:   6
MIN 32 OR BELOW:   0    0.50 INCH OR MORE:   3
MIN  0 OR BELOW:   0    1.00 INCH OR MORE:   2

[HDD (BASE 65) ]
TOTAL THIS MO.   102    CLEAR  (SCALE 0-3)  12
DPTR FM NORMAL   -89    PTCLDY (SCALE 4-7)   5
TOTAL FM JUL 1  6578    CLOUDY (SCALE 8-10)  6
DPTR FM NORMAL     7

[CDD (BASE 65) ]
TOTAL THIS MO.    33
DPTR FM NORMAL    17    [PRESSURE DATA]
TOTAL FM JAN 1    35    HIGHEST SLP M ON M
DPTR FM NORMAL    18    LOWEST  SLP 29.54 ON 10

[REMARKS]
