000
CXUS54 KFWD 240730
CF6DTO
PRELIMINARY LOCAL CLIMATOLOGICAL DATA (WS FORM: F-6)

                                          STATION:   DENTON
                                          MONTH:     MAY
                                          YEAR:      2018
                                          LATITUDE:   33 12 N
                                          LONGITUDE:  97 12 W

  TEMPERATURE IN F:       :PCPN:    SNOW:  WIND      :SUNSHINE: SKY     :PK WND
================================================================================
1   2   3   4   5  6A  6B    7    8   9   10  11  12  13   14  15   16   17  18
                                     12Z  AVG MX 2MIN
DY MAX MIN AVG DEP HDD CDD  WTR  SNW DPTH SPD SPD DIR MIN PSBL S-S WX    SPD DR
================================================================================

 1  79  68  74   6   0   9    T  0.0    0 17.9 29 170   M    M  10 1      35 160
 2  86  70  78  10   0  13 0.01  0.0    0 17.8 35 160   M    M   7 1      43 160
 3  80  65  73   5   0   8 1.12  0.0    0 14.5 29 240   M    M   5 13     39 230
 4  74  60  67  -1   0   2 0.29  0.0    0  6.6 20 140   M    M   4 1      24 180
 5  82  54  68  -1   0   3 0.00  0.0    0  7.6 17 350   M    M   0 12     24 350
 6  86  53  70   1   0   5 0.00  0.0    0  3.8  9 170   M    M   0        12 170
 7  92  56  74   5   0   9 0.00  0.0    0  5.5 12 250   M    M   0        14 210
 8  89  64  77   7   0  12 0.00  0.0    0 12.9 24 180   M    M   0        30 180
 9  87  62  75   5   0  10 0.00  0.0    0 12.3 22 180   M    M   0        28 190
10  85  62  74   4   0   9 0.00  0.0    0 14.0 24 160   M    M   0        31 160
11  87  68  78   7   0  13 0.00  0.0    0 19.0 26 160   M    M   1        36 170
12  88  71  80   9   0  15 0.00  0.0    0 15.5 25 180   M    M   3        33 180
13  89  70  80   9   0  15 0.00  0.0    0 12.6 21 170   M    M   1        26 180
14  89  72  81   9   0  16 0.00  0.0    0 12.2 21 170   M    M   1        26 170
15  88  68  78   6   0  13    T  0.0    0  8.2 17 130   M    M   2        22 130
16  90  65  78   6   0  13    T  0.0    0  6.9 16  30   M    M   1        21  40
17  91  60  76   4   0  11 0.01  0.0    0  6.4 26 310   M    M   0 3      35 300
18  95  69  82   9   0  17 0.07  0.0    0 11.1 23 310   M    M   0 3      27 310
19  90  72  81   8   0  16 0.00  0.0    0 12.8 26 170   M    M   1        32 170
20  81  64  73   0   0   8 0.57  0.0    0  7.2 20 310   M    M   4 13     26 300
21  87  64  76   2   0  11 0.00  0.0    0  4.6 10 330   M    M   2 1      15 330
22  88  67  78   4   0  13 0.00  0.0    0  6.2 15 190   M    M   1 1      19 170
23  91  68  80   6   0  15 0.00  0.0    0  6.2 16 180   M    M   1        19 140
================================================================================
SM 1994 1492         0 256  2.07     0.0 241.8          M       44
================================================================================
AV 86.7 64.9                              10.5 FASTST   M    M   2    MAX(MPH)
                                 MISC ---->  # 35 160               # 43  160
================================================================================
NOTES:
# LAST OF SEVERAL OCCURRENCES

COLUMN 17 PEAK WIND IN M.P.H.

PRELIMINARY LOCAL CLIMATOLOGICAL DATA (WS FORM: F-6) , PAGE 2

                                          STATION:  DENTON
                                          MONTH:    MAY
                                          YEAR:     2018
                                          LATITUDE:   33 12 N
                                          LONGITUDE:  97 12 W

[TEMPERATURE DATA]      [PRECIPITATION DATA]       SYMBOLS USED IN COLUMN 16

AVERAGE MONTHLY: 75.8   TOTAL FOR MONTH:   2.07    1 = FOG OR MIST
DPTR FM NORMAL:   4.9   DPTR FM NORMAL:   -1.43    2 = FOG REDUCING VISIBILITY
HIGHEST:    95 ON 18    GRTST 24HR  1.12 ON  3- 3      TO 1/4 MILE OR LESS
LOWEST:     53 ON  6                               3 = THUNDER
                        SNOW, ICE PELLETS, HAIL    4 = ICE PELLETS
                        TOTAL MONTH:   0.0 INCH    5 = HAIL
                        GRTST 24HR     0.0         6 = FREEZING RAIN OR DRIZZLE
                        GRTST DEPTH:   0           7 = DUSTSTORM OR SANDSTORM:
                                                       VSBY 1/2 MILE OR LESS
                                                   8 = SMOKE OR HAZE
[NO. OF DAYS WITH]      [WEATHER - DAYS WITH]      9 = BLOWING SNOW
                                                   X = TORNADO
MAX 32 OR BELOW:   0    0.01 INCH OR MORE:   6
MAX 90 OR ABOVE:   6    0.10 INCH OR MORE:   3
MIN 32 OR BELOW:   0    0.50 INCH OR MORE:   2
MIN  0 OR BELOW:   0    1.00 INCH OR MORE:   1

[HDD (BASE 65) ]
TOTAL THIS MO.     0    CLEAR  (SCALE 0-3)  18
DPTR FM NORMAL   -12    PTCLDY (SCALE 4-7)   4
TOTAL FM JUL 1  2544    CLOUDY (SCALE 8-10)  1
DPTR FM NORMAL  -160

[CDD (BASE 65) ]
TOTAL THIS MO.   256
DPTR FM NORMAL   105    [PRESSURE DATA]
TOTAL FM JAN 1   340    HIGHEST SLP M ON M
DPTR FM NORMAL    89    LOWEST  SLP 29.65 ON 18

[REMARKS]
