000
CXUS55 KPSR 241005
CF6DVT
PRELIMINARY LOCAL CLIMATOLOGICAL DATA (WS FORM: F-6)

                                          STATION:   DEER VLY/PHOENIX AZ
                                          MONTH:     APRIL
                                          YEAR:      2018
                                          LATITUDE:   33 41 N
                                          LONGITUDE: 112  4 W

  TEMPERATURE IN F:       :PCPN:    SNOW:  WIND      :SUNSHINE: SKY     :PK WND
================================================================================
1   2   3   4   5  6A  6B    7    8   9   10  11  12  13   14  15   16   17  18
                                     12Z  AVG MX 2MIN
DY MAX MIN AVG DEP HDD CDD  WTR  SNW DPTH SPD SPD DIR MIN PSBL S-S WX    SPD DR
================================================================================

 1  88  64  76  10   0  11 0.00  0.0    0  5.7 15 220   M    M   0        22 160
 2  86  61  74   8   0   9 0.00  0.0    0  6.8 17 240   M    M   0        22 240
 3  85  55  70   4   0   5 0.00  0.0    0  3.4 13 280   M    M   0 8      15 270
 4  87  60  74   8   0   9 0.00  0.0    0  5.3 14 240   M    M   0        17 240
 5  89  59  74   8   0   9 0.00  0.0    0  4.6 17 230   M    M   0        21 220
 6  89  63  76   9   0  11 0.00  0.0    0  6.6 16 210   M    M   0        21 240
 7  91  66  79  12   0  14 0.00  0.0    0  8.3 21 220   M    M   0        27 240
 8  89  66  78  11   0  13 0.00  0.0    0  6.9 17 200   M    M   1        23 210
 9  92  61  77   9   0  12 0.00  0.0    0  4.3 14 260   M    M   0        22 210
10  95  65  80  12   0  15 0.00  0.0    0  3.8 14 250   M    M   0        19 240
11  93  62  78  10   0  13 0.00  0.0    0  6.6 20 250   M    M   0        26 250
12  85  65  75   7   0  10 0.00  0.0    0 15.8 32 260   M    M   1 8      40 250
13  77  56  67  -1   0   2 0.00  0.0    0 14.7 26 360   M    M   0        33 360
14  81  53  67  -2   0   2 0.00  0.0    0  7.1 16 260   M    M   0        25  30
15  87  54  71   2   0   6 0.00  0.0    0  3.7 13 220   M    M   0        17 210
16  81  64  73   4   0   8 0.00  0.0    0  5.4 13 130   M    M   0        16 130
17  72  56  64  -6   1   0 0.00  0.0    0  7.3 22 240   M    M   0        26 240
18  79  50  65  -5   0   0 0.00  0.0    0  5.1 14 160   M    M   0        21 180
19  79  53  66  -4   0   1 0.00  0.0    0 10.4 30 240   M    M   0        36 220
20  77  51  64  -6   1   0 0.00  0.0    0  7.0 20 240   M    M   0        28 260
21  87  57  72   1   0   7 0.00  0.0    0  5.7 13 230   M    M   0 8      15 270
22  92  62  77   6   0  12 0.00  0.0    0  5.5 16  30   M    M   0 8      21 230
23  93  62  78   7   0  13 0.00  0.0    0  4.5 15 250   M    M   0        18 270
================================================================================
SM 1974 1365         2 182  0.00     0.0 154.5          M        2
================================================================================
AV 85.8 59.4                               6.7 FASTST   M    M   0    MAX(MPH)
                                 MISC ---->  # 32 260               # 40  250
================================================================================
NOTES:
# LAST OF SEVERAL OCCURRENCES

COLUMN 17 PEAK WIND IN M.P.H.

PRELIMINARY LOCAL CLIMATOLOGICAL DATA (WS FORM: F-6) , PAGE 2

                                          STATION:  DEER VLY/PHOENIX AZ
                                          MONTH:    APRIL
                                          YEAR:     2018
                                          LATITUDE:   33 41 N
                                          LONGITUDE: 112  4 W

[TEMPERATURE DATA]      [PRECIPITATION DATA]       SYMBOLS USED IN COLUMN 16

AVERAGE MONTHLY: 72.6   TOTAL FOR MONTH:   0.00    1 = FOG OR MIST
DPTR FM NORMAL:   4.3   DPTR FM NORMAL:   -0.39    2 = FOG REDUCING VISIBILITY
HIGHEST:    95 ON 10    GRTST 24HR  0.00 ON 23-23      TO 1/4 MILE OR LESS
LOWEST:     50 ON 18                               3 = THUNDER
                        SNOW, ICE PELLETS, HAIL    4 = ICE PELLETS
                        TOTAL MONTH:   0.0 INCH    5 = HAIL
                        GRTST 24HR     0.0         6 = FREEZING RAIN OR DRIZZLE
                        GRTST DEPTH:   0           7 = DUSTSTORM OR SANDSTORM:
                                                       VSBY 1/2 MILE OR LESS
                                                   8 = SMOKE OR HAZE
[NO. OF DAYS WITH]      [WEATHER - DAYS WITH]      9 = BLOWING SNOW
                                                   X = TORNADO
MAX 32 OR BELOW:   0    0.01 INCH OR MORE:   0
MAX 90 OR ABOVE:   6    0.10 INCH OR MORE:   0
MIN 32 OR BELOW:   0    0.50 INCH OR MORE:   0
MIN  0 OR BELOW:   0    1.00 INCH OR MORE:   0

[HDD (BASE 65) ]
TOTAL THIS MO.     2    CLEAR  (SCALE 0-3)  23
DPTR FM NORMAL   -30    PTCLDY (SCALE 4-7)   0
TOTAL FM JUL 1   752    CLOUDY (SCALE 8-10)  0
DPTR FM NORMAL  -534

[CDD (BASE 65) ]
TOTAL THIS MO.   182
DPTR FM NORMAL    74    [PRESSURE DATA]
TOTAL FM JAN 1   240    HIGHEST SLP M ON M
DPTR FM NORMAL    79    LOWEST  SLP 29.58 ON  2

[REMARKS]
