000
CXUS56 KHNX 171148
CF6FAT
PRELIMINARY LOCAL CLIMATOLOGICAL DATA (WS FORM: F-6)
STATION: FRESNO CA
MONTH: APRIL
YEAR: 2024
LATITUDE: 36 46 N
LONGITUDE: 119 43 W
TEMPERATURE IN F: :PCPN: SNOW: WIND :SUNSHINE: SKY :PK WND
================================================================================
1 2 3 4 5 6A 6B 7 8 9 10 11 12 13 14 15 16 17 18
12Z AVG MX 2MIN
DY MAX MIN AVG DEP HDD CDD WTR SNW DPTH SPD SPD DIR MIN PSBL S-S WX SPD DR
================================================================================
1 70 46 58 -1 7 0 0.00 0.0 0 2.3 14 270 M M 4 19 230
2 77 50 64 4 1 0 0.00 0.0 0 4.5 10 130 M M 1 18 190
3 80 53 67 7 0 2 0.00 0.0 0 6.6 21 330 M M 3 30 330
4 57 44 51 -9 14 0 0.22 0.0 0 11.8 25 290 M M 8 13 32 290
5 53 43 48 -12 17 0 0.11 0.0 0 7.6 21 140 M M 8 3 26 140
6 61 40 51 -9 14 0 0.00 0.0 0 3.9 10 300 M M 4 14 350
7 64 43 54 -6 11 0 0.00 0.0 0 7.5 16 290 M M 6 24 290
8 69 43 56 -4 9 0 0.00 0.0 0 3.7 9 290 M M 1 14 150
9 77 49 63 2 2 0 0.00 0.0 0 3.6 10 280 M M 1 12 280
10 82 52 67 6 0 2 0.00 0.0 0 3.8 14 330 M M 3 19 320
11 87 56 72 11 0 7 0.00 0.0 0 2.3 9 320 M M 3 13 180
12 88 58 73 12 0 8 0.00 0.0 0 9.2 23 170 M M 5 35 180
13 71 45 58 -4 7 0 0.60 0.0 0 11.3 35 310 M M 8 1 44 310
14 60 45 53 -9 12 0 0.42 0.0 0 5.8 16 90 M M 8 1 22 60
15 67 47 57 -5 8 0 0.00 0.0 0 3.5 12 310 M M 7 12 18 330
16 75 57 66 4 0 1 0.00 0.0 0 3.5 14 310 M M 7 18 310
================================================================================
SM 1138 771 102 20 1.35 0.0 90.9 M 77
================================================================================
AV 71.1 48.2 5.7 FASTST M M 5 MAX(MPH)
MISC ----> 35 310 44 310
================================================================================
NOTES:
# LAST OF SEVERAL OCCURRENCES
COLUMN 17 PEAK WIND IN M.P.H.
PRELIMINARY LOCAL CLIMATOLOGICAL DATA (WS FORM: F-6) , PAGE 2
STATION: FRESNO CA
MONTH: APRIL
YEAR: 2024
LATITUDE: 36 46 N
LONGITUDE: 119 43 W
[TEMPERATURE DATA] [PRECIPITATION DATA] SYMBOLS USED IN COLUMN 16
AVERAGE MONTHLY: 59.7 TOTAL FOR MONTH: 1.35 1 = FOG OR MIST
DPTR FM NORMAL: -1.0 DPTR FM NORMAL: 0.69 2 = FOG REDUCING VISIBILITY
HIGHEST: 88 ON 12 GRTST 24HR 1.02 ON 13-14 TO 1/4 MILE OR LESS
LOWEST: 40 ON 6 3 = THUNDER
SNOW, ICE PELLETS, HAIL 4 = ICE PELLETS
TOTAL MONTH: 0.0 INCH 5 = HAIL
GRTST 24HR 0.0 6 = FREEZING RAIN OR DRIZZLE
GRTST DEPTH: 0 7 = DUSTSTORM OR SANDSTORM:
VSBY 1/2 MILE OR LESS
8 = SMOKE OR HAZE
[NO. OF DAYS WITH] [WEATHER - DAYS WITH] 9 = BLOWING SNOW
X = TORNADO
MAX 32 OR BELOW: 0 0.01 INCH OR MORE: 4
MAX 90 OR ABOVE: 0 0.10 INCH OR MORE: 4
MIN 32 OR BELOW: 0 0.50 INCH OR MORE: 1
MIN 0 OR BELOW: 0 1.00 INCH OR MORE: 0
[HDD (BASE 65) ]
TOTAL THIS MO. 102 CLEAR (SCALE 0-3) 3
DPTR FM NORMAL 17 PTCLDY (SCALE 4-7) 12
TOTAL FM JUL 1 1649 CLOUDY (SCALE 8-10) 1
DPTR FM NORMAL -459
[CDD (BASE 65) ]
TOTAL THIS MO. 20
DPTR FM NORMAL 4 [PRESSURE DATA]
TOTAL FM JAN 1 24 HIGHEST SLP M ON M
DPTR FM NORMAL 2 LOWEST SLP 29.68 ON 12
[REMARKS]