000
CXUS52 KILM 251000
CF6FLO
PRELIMINARY LOCAL CLIMATOLOGICAL DATA (WS FORM: F-6)

                                          STATION:   FLORENCE SOUTH  CAROLINA
                                          MONTH:     APRIL
                                          YEAR:      2018
                                          LATITUDE:   34 10 N
                                          LONGITUDE:  79 43 W

  TEMPERATURE IN F:       :PCPN:    SNOW:  WIND      :SUNSHINE: SKY     :PK WND
================================================================================
1   2   3   4   5  6A  6B    7    8   9   10  11  12  13   14  15   16   17  18
                                     12Z  AVG MX 2MIN
DY MAX MIN AVG DEP HDD CDD  WTR  SNW DPTH SPD SPD DIR MIN PSBL S-S WX    SPD DR
================================================================================

 1  79  40  60   0   5   0 0.00    M    M  5.6 14 210   M    M   0        19 230
 2  85  56  71  11   0   6 0.00    M    M  8.5 17 230   M    M   0        22 300
 3  87  56  72  12   0   7 0.00    M    M  8.1 21 220   M    M   3 12     27 210
 4  79  53  66   6   0   1 0.00    M    M 13.1 25 240   M    M   1        32 260
 5  67  42  55  -6  10   0 0.00    M    M  6.8 14  40   M    M   0        20 360
 6  77  40  59  -2   6   0 0.00    M    M  8.4 20 230   M    M   0        25 210
 7  68  41  55  -6  10   0 0.66    M    M  7.9 28  20   M    M   7 1      36  10
 8  57  38  48 -13  17   0 0.16    M    M  8.9 21  10   M    M   4 1      27  10
 9  55  46  51 -11  14   0 0.18    M    M  6.1 14  40   M    M   9 18     17  80
10  64  45  55  -7  10   0    T    M    M  6.5 20  30   M    M   3        24  30
11  67  41  54  -8  11   0 0.00    M    M  3.0  9 150   M    M   3 1      15  20
12  76  43  60  -2   5   0 0.00    M    M  6.1 15 230   M    M   0 1      20 250
13  81  49  65   2   0   0 0.00    M    M  8.8 18 220   M    M   2 8      25 190
14  85  54  70   7   0   5    T    M    M  9.5 20 190   M    M   2 12     25 220
15  84  61  73  10   0   8 2.48    M    M 14.4 32 210   M    M   7 13     45 210
16  61  46  54  -9  11   0 0.00    M    M 17.7 30 250   M    M   6        43 260
17  70  35  53 -11  12   0 0.00    M    M  9.5 21 250   M    M   0 8      27 280
18  87  55  71   7   0   6 0.00    M    M 12.8 25 260   M    M   0        34 210
19  83  51  67   3   0   2 0.00    M    M 16.5 30 280   M    M   0        38 250
20  69  40  55  -9  10   0 0.00    M    M  5.6 16  30   M    M   0        22 320
21  73  41  57  -8   8   0 0.00    M    M  6.1 17 100   M    M   0        22 100
22  75  46  61  -4   4   0    T    M    M  7.5 17 110   M    M   5        22 140
23  66  57  62  -3   3   0 0.84    M    M 15.2 29 120   M    M   8 1      40 120
24  81  62  72   7   0   7 1.09    M    M  9.5 22 130   M    M   7 18     31 140
================================================================================
SM 1776 1138       136  42  5.41    M    222.1          M       67
================================================================================
AV 74.0 47.4                               9.3 FASTST   M    M   3    MAX(MPH)
                                 MISC ---->  # 32 210               # 45  210
================================================================================
NOTES:
# LAST OF SEVERAL OCCURRENCES

COLUMN 17 PEAK WIND IN M.P.H.

PRELIMINARY LOCAL CLIMATOLOGICAL DATA (WS FORM: F-6) , PAGE 2

                                          STATION:  FLORENCE SOUTH  CAROLINA
                                          MONTH:    APRIL
                                          YEAR:     2018
                                          LATITUDE:   34 10 N
                                          LONGITUDE:  79 43 W

[TEMPERATURE DATA]      [PRECIPITATION DATA]       SYMBOLS USED IN COLUMN 16

AVERAGE MONTHLY: 60.7   TOTAL FOR MONTH:   5.41    1 = FOG OR MIST
DPTR FM NORMAL:  -1.8   DPTR FM NORMAL:    3.31    2 = FOG REDUCING VISIBILITY
HIGHEST:    87 ON 18, 3 GRTST 24HR  2.48 ON 15-15      TO 1/4 MILE OR LESS
LOWEST:     35 ON 17                               3 = THUNDER
                        SNOW, ICE PELLETS, HAIL    4 = ICE PELLETS
                        TOTAL MONTH:    M          5 = HAIL
                        GRTST 24HR    M  ON   M    6 = FREEZING RAIN OR DRIZZLE
                        GRTST DEPTH:  M  ON   M    7 = DUSTSTORM OR SANDSTORM:
                                                       VSBY 1/2 MILE OR LESS
                                                   8 = SMOKE OR HAZE
[NO. OF DAYS WITH]      [WEATHER - DAYS WITH]      9 = BLOWING SNOW
                                                   X = TORNADO
MAX 32 OR BELOW:   0    0.01 INCH OR MORE:   6
MAX 90 OR ABOVE:   0    0.10 INCH OR MORE:   6
MIN 32 OR BELOW:   0    0.50 INCH OR MORE:   4
MIN  0 OR BELOW:   0    1.00 INCH OR MORE:   2

[HDD (BASE 65) ]
TOTAL THIS MO.   136    CLEAR  (SCALE 0-3)  15
DPTR FM NORMAL    26    PTCLDY (SCALE 4-7)   8
TOTAL FM JUL 1  2413    CLOUDY (SCALE 8-10)  1
DPTR FM NORMAL   -73

[CDD (BASE 65) ]
TOTAL THIS MO.    42
DPTR FM NORMAL    -8    [PRESSURE DATA]
TOTAL FM JAN 1   101    HIGHEST SLP M ON M
DPTR FM NORMAL    27    LOWEST  SLP 29.65 ON  7

[REMARKS]
