000
CXUS53 KDTX 250800
CF6FNT
PRELIMINARY LOCAL CLIMATOLOGICAL DATA (WS FORM: F-6)

                                          STATION:   FLINT MI
                                          MONTH:     MAY
                                          YEAR:      2018
                                          LATITUDE:   42 58 N
                                          LONGITUDE:  83 44 W

  TEMPERATURE IN F:       :PCPN:    SNOW:  WIND      :SUNSHINE: SKY     :PK WND
================================================================================
1   2   3   4   5  6A  6B    7    8   9   10  11  12  13   14  15   16   17  18
                                     12Z  AVG MX 2MIN
DY MAX MIN AVG DEP HDD CDD  WTR  SNW DPTH SPD SPD DIR MIN PSBL S-S WX    SPD DR
================================================================================

 1  83  54  69  17   0   4 0.00  0.0    0 12.1 26 220   M    M   0        32 240
 2  84  66  75  23   0  10    T  0.0    0 12.7 26 230   M    M   4        34 220
 3  66  57  62   9   3   0 0.64  0.0    0  6.6 17 280   M    M   9 1      20 200
 4  73  54  64  11   1   0 0.10  0.0    0 17.6 43 280   M    M   3 1      57 280
 5  79  55  67  14   0   2 0.00  0.0    0  8.7 18  70   M    M   3        23 230
 6  70  44  57   3   8   0    T  0.0    0 10.6 24  30   M    M   4        32  30
 7  69  37  53  -1  12   0 0.00  0.0    0  3.8 14  30   M    M   0        18  30
 8  78  48  63   9   2   0 0.00  0.0    0  8.4 14 250   M    M   0        22 250
 9  78  49  64   9   1   0 0.28  0.0    0 13.4 20 170   M    M   2 3      31 170
10  66  47  57   2   8   0    T  0.0    0 13.4 24 300   M    M   7        29 290
11  48  38  43 -12  22   0 0.46  0.0    0  9.5 18  80   M    M   7 1      24  30
12  60  39  50  -6  15   0 0.27  0.0    0  7.0 15  60   M    M   6 13     18  50
13  69  44  57   1   8   0 0.06  0.0    0  4.8 13 100   M    M   7 1      15 100
14  78  48  63   7   2   0 0.00  0.0    0  4.8 17 270   M    M   5 12     22 260
15  73  51  62   6   3   0 0.47  0.0    0  6.9 16  50   M    M   6 13     20  60
16  79  45  62   5   3   0 0.00  0.0    0  2.9 10 170   M    M   0 8      14 320
17  74  50  62   5   3   0 0.00  0.0    0  9.5 20  40   M    M   0        23  40
18  74  46  60   2   5   0    T  0.0    0 12.0 20  80   M    M   1        26  70
19  75  56  66   8   0   1 0.36  0.0    0  9.4 22 300   M    M  10 13     26 300
20  60  48  54  -4  11   0 0.00  0.0    0  5.5 15 360   M    M   8 1      19 360
21  65  43  54  -4  11   0 0.16  0.0    0  6.4 14 120   M    M   5 12     17 120
22  63  49  56  -3   9   0 0.00  0.0    0  4.4 13 340   M    M   8 1      16 340
23  81  46  64   5   1   0 0.00  0.0    0  3.5 13 320   M    M   2 128    16 330
24  81  48  65   5   0   0 0.00  0.0    0  4.2 14 240   M    M   0 1      21 250
================================================================================
SM 1726 1162       128  17  2.80     0.0 198.1          M       97
================================================================================
AV 71.9 48.4                               8.3 FASTST   M    M   4    MAX(MPH)
                                 MISC ---->  # 43 280               # 57  280
================================================================================
NOTES:
# LAST OF SEVERAL OCCURRENCES

COLUMN 17 PEAK WIND IN M.P.H.

PRELIMINARY LOCAL CLIMATOLOGICAL DATA (WS FORM: F-6) , PAGE 2

                                          STATION:  FLINT MI
                                          MONTH:    MAY
                                          YEAR:     2018
                                          LATITUDE:   42 58 N
                                          LONGITUDE:  83 44 W

[TEMPERATURE DATA]      [PRECIPITATION DATA]       SYMBOLS USED IN COLUMN 16

AVERAGE MONTHLY: 60.2   TOTAL FOR MONTH:   2.80    1 = FOG OR MIST
DPTR FM NORMAL:   4.4   DPTR FM NORMAL:    0.42    2 = FOG REDUCING VISIBILITY
HIGHEST:    84 ON  2    GRTST 24HR  0.64 ON  3- 3      TO 1/4 MILE OR LESS
LOWEST:     37 ON  7                               3 = THUNDER
                        SNOW, ICE PELLETS, HAIL    4 = ICE PELLETS
                        TOTAL MONTH:   0.0 INCH    5 = HAIL
                        GRTST 24HR     0.0         6 = FREEZING RAIN OR DRIZZLE
                        GRTST DEPTH:   0           7 = DUSTSTORM OR SANDSTORM:
                                                       VSBY 1/2 MILE OR LESS
                                                   8 = SMOKE OR HAZE
[NO. OF DAYS WITH]      [WEATHER - DAYS WITH]      9 = BLOWING SNOW
                                                   X = TORNADO
MAX 32 OR BELOW:   0    0.01 INCH OR MORE:   9
MAX 90 OR ABOVE:   0    0.10 INCH OR MORE:   8
MIN 32 OR BELOW:   0    0.50 INCH OR MORE:   1
MIN  0 OR BELOW:   0    1.00 INCH OR MORE:   0

[HDD (BASE 65) ]
TOTAL THIS MO.   128    CLEAR  (SCALE 0-3)   9
DPTR FM NORMAL  -111    PTCLDY (SCALE 4-7)  13
TOTAL FM JUL 1  6877    CLOUDY (SCALE 8-10)  2
DPTR FM NORMAL    31

[CDD (BASE 65) ]
TOTAL THIS MO.    17
DPTR FM NORMAL     1    [PRESSURE DATA]
TOTAL FM JAN 1    17    HIGHEST SLP M ON M
DPTR FM NORMAL    -3    LOWEST  SLP 29.56 ON  4

[REMARKS]
