000
CXUS51 KPHI 250800
CF6GED
PRELIMINARY LOCAL CLIMATOLOGICAL DATA (WS FORM: F-6)

                                          STATION:   GEORGETOWN DE
                                          MONTH:     APRIL
                                          YEAR:      2018
                                          LATITUDE:   38 41 N
                                          LONGITUDE:  75 22 W

  TEMPERATURE IN F:       :PCPN:    SNOW:  WIND      :SUNSHINE: SKY     :PK WND
================================================================================
1   2   3   4   5  6A  6B    7    8   9   10  11  12  13   14  15   16   17  18
                                     12Z  AVG MX 2MIN
DY MAX MIN AVG DEP HDD CDD  WTR  SNW DPTH SPD SPD DIR MIN PSBL S-S WX    SPD DR
================================================================================

 1  67  42  55   5  10   0 0.00    M    M  7.0 16 220   M    M   2        21 230
 2  52  37  45  -5  20   0 0.05    M    M  9.4 25  70   M    M   8 1      31  50
 3  59  40  50   0  15   0 0.04    M    M  5.6 21 130   M    M   9 18     23 130
 4  77  43  60   9   5   0 0.03    M    M 16.3 33 220   M    M   3 12     44 210
 5  51  33  42  -9  23   0 0.00    M    M  7.2 18 300   M    M   0        28 300
 6  70  34  52   1  13   0    T    M    M 14.1 31 210   M    M   3        43 240
 7  64  40  52   0  13   0 0.09    M    M  7.0 22 240   M    M   9        30 230
 8  49  29  39 -13  26   0 0.00    M    M  8.1 18  10   M    M   1        30 260
 9  49  32  41 -11  24   0 0.00    M    M  4.9 13 160   M    M   7        19 140
10  54  36  45  -7  20   0 0.11    M    M  4.6 14 320   M    M   5 18     20 350
11  56  29  43 -10  22   0 0.00    M    M  3.8 14 250   M    M   3        27 290
12  74  39  57   4   8   0 0.00    M    M 14.8 32 210   M    M   1        41 200
13  82  59  71  18   0   6 0.00    M    M 14.5 24 210   M    M   0        33 210
14  83  63  73  19   0   8 0.00    M    M 15.5 25 220   M    M   0        37 220
15  66  47  57   3   8   0 0.86    M    M 11.9 24  70   M    M   8 1      32  70
16  68  49  59   5   6   0 1.34    M    M 13.4 36 210   M    M   9 18     49 200
17  49  41  45  -9  20   0    T    M    M  9.0 20 280   M    M   8        29 300
18  61  35  48  -7  17   0 0.00    M    M  6.4 17 230   M    M   0        24 220
19  58  41  50  -5  15   0 0.07    M    M  8.7 18 320   M    M   6 1      33 320
20  57  36  47  -8  18   0 0.00    M    M  6.7 16 280   M    M   1        24 290
21  61  33  47  -9  18   0 0.00    M    M  4.0 10 280   M    M   0        15 280
22  63  43  53  -3  12   0 0.00    M    M  4.6 15 160   M    M   2        19 100
23  68  38  53  -3  12   0 0.00    M    M  6.6 17 160   M    M   1        22 140
24  63  46  55  -1  10   0 0.24    M    M 12.1 24 120   M    M   4 1      31 110
================================================================================
SM 1501  965       335  14  2.83    M    216.2          M       90
================================================================================
AV 62.5 40.2                               9.0 FASTST   M    M   4    MAX(MPH)
                                 MISC ---->  # 36 210               # 49  200
================================================================================
NOTES:
# LAST OF SEVERAL OCCURRENCES

COLUMN 17 PEAK WIND IN M.P.H.

PRELIMINARY LOCAL CLIMATOLOGICAL DATA (WS FORM: F-6) , PAGE 2

                                          STATION:  GEORGETOWN DE
                                          MONTH:    APRIL
                                          YEAR:     2018
                                          LATITUDE:   38 41 N
                                          LONGITUDE:  75 22 W

[TEMPERATURE DATA]      [PRECIPITATION DATA]       SYMBOLS USED IN COLUMN 16

AVERAGE MONTHLY: 51.4   TOTAL FOR MONTH:   2.83    1 = FOG OR MIST
DPTR FM NORMAL:  -1.8   DPTR FM NORMAL:   -0.21    2 = FOG REDUCING VISIBILITY
HIGHEST:    83 ON 14    GRTST 24HR  1.34 ON 16-16      TO 1/4 MILE OR LESS
LOWEST:     29 ON 11, 8                            3 = THUNDER
                        SNOW, ICE PELLETS, HAIL    4 = ICE PELLETS
                        TOTAL MONTH:    M          5 = HAIL
                        GRTST 24HR    M  ON   M    6 = FREEZING RAIN OR DRIZZLE
                        GRTST DEPTH:  M  ON   M    7 = DUSTSTORM OR SANDSTORM:
                                                       VSBY 1/2 MILE OR LESS
                                                   8 = SMOKE OR HAZE
[NO. OF DAYS WITH]      [WEATHER - DAYS WITH]      9 = BLOWING SNOW
                                                   X = TORNADO
MAX 32 OR BELOW:   0    0.01 INCH OR MORE:   9
MAX 90 OR ABOVE:   0    0.10 INCH OR MORE:   4
MIN 32 OR BELOW:   3    0.50 INCH OR MORE:   2
MIN  0 OR BELOW:   0    1.00 INCH OR MORE:   1

[HDD (BASE 65) ]
TOTAL THIS MO.   335    CLEAR  (SCALE 0-3)  13
DPTR FM NORMAL    37    PTCLDY (SCALE 4-7)   5
TOTAL FM JUL 1  4000    CLOUDY (SCALE 8-10)  6
DPTR FM NORMAL  -210

[CDD (BASE 65) ]
TOTAL THIS MO.    14
DPTR FM NORMAL     0    [PRESSURE DATA]
TOTAL FM JAN 1    21    HIGHEST SLP M ON M
DPTR FM NORMAL     5    LOWEST  SLP 29.47 ON M

[REMARKS]
