000
CXUS54 KOUN 230700
CF6GOK
PRELIMINARY LOCAL CLIMATOLOGICAL DATA (WS FORM: F-6)

                                          STATION:   GUTHRIE MUNICIPAL
                                          MONTH:     MAY
                                          YEAR:      2018
                                          LATITUDE:   35 50 N
                                          LONGITUDE:  97 25 W

  TEMPERATURE IN F:       :PCPN:    SNOW:  WIND      :SUNSHINE: SKY     :PK WND
================================================================================
1   2   3   4   5  6A  6B    7    8   9   10  11  12  13   14  15   16   17  18
                                     12Z  AVG MX 2MIN
DY MAX MIN AVG DEP HDD CDD  WTR  SNW DPTH SPD SPD DIR MIN PSBL S-S WX    SPD DR
================================================================================

 1  79  68  74   8   0   9 0.00  0.0    0 19.0 26 180   M    M   7        38 170
 2  85  63  74   8   0   9 0.26  0.0    0 17.0 30 100   M    M   6 13     40  90
 3  84  63  74   8   0   9 0.18  0.0    0 13.0 32 180   M    M   1 13     41 190
 4  76  53  65  -1   0   0 0.00  0.0    0  5.7 13 310   M    M   0        19 330
 5  81  48  65  -2   0   0 0.00  0.0    0  3.5  9 310   M    M   0 1      16 220
 6  90  53  72   5   0   7 0.00  0.0    0  6.1 18 240   M    M   0        24 210
 7  93  59  76   9   0  11 0.00  0.0    0  7.7 18 200   M    M   0        26 190
 8  89  71  80  13   0  15 0.00  0.0    0 14.7 21 200   M    M   0        36 190
 9  92  67  80  12   0  15 0.00  0.0    0  8.4 17 180   M    M   0        24 180
10  88  66  77   9   0  12    T  0.0    0 15.2 24 180   M    M   1        32 180
11  87  71  79  11   0  14 0.00  0.0    0 20.6 31 200   M    M   0        43 180
12  89  72  81  13   0  16 0.00  0.0    0 16.3 31 180   M    M   0        41 180
13  89  72  81  12   0  16 0.00  0.0    0 13.7 22 180   M    M   0        29 190
14  93  74  84  15   0  19    T  0.0    0 14.8 31 180   M    M   0        40 210
15  78  66  72   3   0   7 0.41  0.0    0  7.7 20 150   M    M   4 13     26  80
16  83  62  73   3   0   8 0.44  0.0    0  5.0 20 100   M    M   5 13     23 100
17  86  61  74   4   0   9 0.00  0.0    0  4.6 14 120   M    M   0        19 130
18  88  66  77   7   0  12 0.00  0.0    0  8.2 16 120   M    M   0        23 120
19  91  69  80  10   0  15 0.02  0.0    0  7.2 20 210   M    M   1 13     27 210
20  74  61  68  -3   0   3 0.40  0.0    0  4.5 25 190   M    M   7 13     32 200
21  81  57  69  -2   0   4 0.00  0.0    0  4.6 10 160   M    M   2 12     39  30
22  88  62  75   4   0  10 0.00  0.0    0  5.5 13 190   M    M   1 1      17 200
================================================================================
SM 1884 1404         0 220  1.71     0.0 223.0          M       35
================================================================================
AV 85.6 63.8                              10.1 FASTST   M    M   2    MAX(MPH)
                                 MISC ---->  # 32 180               # 43  180
================================================================================
NOTES:
# LAST OF SEVERAL OCCURRENCES

COLUMN 17 PEAK WIND IN M.P.H.

PRELIMINARY LOCAL CLIMATOLOGICAL DATA (WS FORM: F-6) , PAGE 2

                                          STATION:  GUTHRIE MUNICIPAL
                                          MONTH:    MAY
                                          YEAR:     2018
                                          LATITUDE:   35 50 N
                                          LONGITUDE:  97 25 W

[TEMPERATURE DATA]      [PRECIPITATION DATA]       SYMBOLS USED IN COLUMN 16

AVERAGE MONTHLY: 74.7   TOTAL FOR MONTH:   1.71    1 = FOG OR MIST
DPTR FM NORMAL:   6.4   DPTR FM NORMAL:   -1.09    2 = FOG REDUCING VISIBILITY
HIGHEST:    93 ON 14, 7 GRTST 24HR  0.44 ON 16-16      TO 1/4 MILE OR LESS
LOWEST:     48 ON  5                               3 = THUNDER
                        SNOW, ICE PELLETS, HAIL    4 = ICE PELLETS
                        TOTAL MONTH:   0.0 INCH    5 = HAIL
                        GRTST 24HR     0.0         6 = FREEZING RAIN OR DRIZZLE
                        GRTST DEPTH:   0           7 = DUSTSTORM OR SANDSTORM:
                                                       VSBY 1/2 MILE OR LESS
                                                   8 = SMOKE OR HAZE
[NO. OF DAYS WITH]      [WEATHER - DAYS WITH]      9 = BLOWING SNOW
                                                   X = TORNADO
MAX 32 OR BELOW:   0    0.01 INCH OR MORE:   6
MAX 90 OR ABOVE:   5    0.10 INCH OR MORE:   5
MIN 32 OR BELOW:   0    0.50 INCH OR MORE:   0
MIN  0 OR BELOW:   0    1.00 INCH OR MORE:   0

[HDD (BASE 65) ]
TOTAL THIS MO.     0    CLEAR  (SCALE 0-3)  17
DPTR FM NORMAL   -32    PTCLDY (SCALE 4-7)   5
TOTAL FM JUL 1  3581    CLOUDY (SCALE 8-10)  0
DPTR FM NORMAL    22

[CDD (BASE 65) ]
TOTAL THIS MO.   220
DPTR FM NORMAL   115    [PRESSURE DATA]
TOTAL FM JAN 1   267    HIGHEST SLP M ON M
DPTR FM NORMAL    90    LOWEST  SLP 29.66 ON 18

[REMARKS]
