000
CXUS53 KLBF 281410
CF6IML
PRELIMINARY LOCAL CLIMATOLOGICAL DATA (WS FORM: F-6)
STATION: IMPERIAL
MONTH: MARCH
YEAR: 2024
LATITUDE: 40 31 N
LONGITUDE: 101 37 W
TEMPERATURE IN F: :PCPN: SNOW: WIND :SUNSHINE: SKY :PK WND
================================================================================
1 2 3 4 5 6A 6B 7 8 9 10 11 12 13 14 15 16 17 18
12Z AVG MX 2MIN
DY MAX MIN AVG DEP HDD CDD WTR SNW DPTH SPD SPD DIR MIN PSBL S-S WX SPD DR
================================================================================
1 73 22 48 13 17 0 0.00 M M 6.3 16 150 M M 0 23 130
2 77 24 51 15 14 0 0.00 M M 9.0 22 120 M M 0 36 210
3 57 36 47 11 18 0 0.00 M M 12.7 28 300 M M 5 45 300
4 54 24 39 3 26 0 0.00 M M 8.1 22 350 M M 2 8 31 310
5 52 24 38 1 27 0 0.00 M M 8.1 18 180 M M 3 25 190
6 62 33 48 11 17 0 0.00 M M 13.8 24 160 M M 1 38 140
7 38 24 31 -7 34 0 0.65 M M 15.8 25 30 M M 9 128 38 40
8 33 20 27 -11 38 0 0.02 M M 13.1 24 10 M M 6 1 30 50
9 41 15 28 -10 37 0 0.00 M M 7.4 14 280 M M 0 18 290
10 60 19 40 1 25 0 0.00 M M 5.0 9 120 M M 0 17 260
11 69 25 47 8 18 0 0.00 M M 5.9 20 290 M M 0 27 290
12 69 32 51 11 14 0 0.00 M M 8.1 18 310 M M 0 35 340
13 57 36 47 7 18 0 0.01 M M 13.3 28 360 M M 9 33 360
14 54 33 44 4 21 0 0.03 M M 15.6 28 10 M M 9 1 43 50
15 54 26 40 -1 25 0 0.00 M M 7.0 16 10 M M 2 22 180
16 58 26 42 1 23 0 0.00 M M 10.2 25 20 M M 0 34 350
17 52 22 37 -5 28 0 0.00 M M 10.4 23 360 M M 1 31 10
18 60 18 39 -3 26 0 0.00 M M 7.1 16 280 M M 0 25 280
19 69 39 54 12 11 0 0.00 M M 9.1 20 320 M M 0 8 25 320
20 55 33 44 2 21 0 0.00 M M 12.3 21 50 M M 1 8 36 50
21 74 25 50 7 15 0 0.00 M M 10.3 31 340 M M 2 42 350
22 52 26 39 -4 26 0 0.00 M M 12.8 26 340 M M 0 37 340
23 50 23 37 -6 28 0 0.01 M M 18.9 32 130 M M 6 3 47 140
24 40 26 33 -11 32 0 0.03 M M 18.1 36 360 M M 8 1 51 360
25 27 17 22 -22 43 0 M M M 26.1 35 350 M M 7 18 51 350
26 42 11 27 -17 38 0 0.00 M M 11.7 23 340 M M 3 34 310
27 57 21 39 -5 26 0 0.00 M M 6.9 12 310 M M 2 33 260
================================================================================
SM 1486 680 666 0 0.75 M 303.1 M 76
================================================================================
AV 55.0 25.2 11.2 FASTST M M 3 MAX(MPH)
MISC ----> 36 360 51 360
================================================================================
NOTES:
# LAST OF SEVERAL OCCURRENCES
COLUMN 17 PEAK WIND IN M.P.H.
PRELIMINARY LOCAL CLIMATOLOGICAL DATA (WS FORM: F-6) , PAGE 2
STATION: IMPERIAL
MONTH: MARCH
YEAR: 2024
LATITUDE: 40 31 N
LONGITUDE: 101 37 W
[TEMPERATURE DATA] [PRECIPITATION DATA] SYMBOLS USED IN COLUMN 16
AVERAGE MONTHLY: 40.1 TOTAL FOR MONTH: 0.75 1 = FOG OR MIST
DPTR FM NORMAL: 0.0 DPTR FM NORMAL: 0.12 2 = FOG REDUCING VISIBILITY
HIGHEST: 77 ON 2 GRTST 24HR 0.67 ON 7- 8 TO 1/4 MILE OR LESS
LOWEST: 11 ON 26 3 = THUNDER
SNOW, ICE PELLETS, HAIL 4 = ICE PELLETS
TOTAL MONTH: M 5 = HAIL
GRTST 24HR M ON M 6 = FREEZING RAIN OR DRIZZLE
GRTST DEPTH: M ON M 7 = DUSTSTORM OR SANDSTORM:
VSBY 1/2 MILE OR LESS
8 = SMOKE OR HAZE
[NO. OF DAYS WITH] [WEATHER - DAYS WITH] 9 = BLOWING SNOW
X = TORNADO
MAX 32 OR BELOW: 1 0.01 INCH OR MORE: 6
MAX 90 OR ABOVE: 0 0.10 INCH OR MORE: 1
MIN 32 OR BELOW: 21 0.50 INCH OR MORE: 1
MIN 0 OR BELOW: 0 1.00 INCH OR MORE: 0
[HDD (BASE 65) ]
TOTAL THIS MO. 666 CLEAR (SCALE 0-3) 18
DPTR FM NORMAL -3 PTCLDY (SCALE 4-7) 6
TOTAL FM JUL 1 4745 CLOUDY (SCALE 8-10) 3
DPTR FM NORMAL -404
[CDD (BASE 65) ]
TOTAL THIS MO. 0
DPTR FM NORMAL 0 [PRESSURE DATA]
TOTAL FM JAN 1 0 HIGHEST SLP M ON M
DPTR FM NORMAL 0 LOWEST SLP 29.27 ON 2
[REMARKS]