000
CXUS56 KFGZ 190900
CF6INW
PRELIMINARY LOCAL CLIMATOLOGICAL DATA (WS FORM: F-6)

                                          STATION:   WINSLOW AZ AIRPORT
                                          MONTH:     APRIL
                                          YEAR:      2018
                                          LATITUDE:   35  1 N
                                          LONGITUDE: 110 44 W

  TEMPERATURE IN F:       :PCPN:    SNOW:  WIND      :SUNSHINE: SKY     :PK WND
================================================================================
1   2   3   4   5  6A  6B    7    8   9   10  11  12  13   14  15   16   17  18
                                     12Z  AVG MX 2MIN
DY MAX MIN AVG DEP HDD CDD  WTR  SNW DPTH SPD SPD DIR MIN PSBL S-S WX    SPD DR
================================================================================

 1  78  49  64  14   1   0 0.00  0.0    0  7.8 23 240   M    M   0        28 230
 2  77  40  59   9   6   0 0.00    M    M 12.9 29 230   M    M   0        40 210
 3  74  43  59   8   6   0 0.00    M    M  7.9 18 330   M    M   0        27 330
 4  81  33  57   6   8   0 0.00    M    M  8.4 29 250   M    M   0        35 230
 5  77  37  57   6   8   0 0.00    M    M  6.4 21 250   M    M   0        25 240
 6  82  54  68  16   0   3 0.00    M    M 14.9 28 230   M    M   2        37 250
 7  88  50  69  17   0   4 0.00    M    M 12.5 32 230   M    M   0        43 220
 8  83  44  64  12   1   0 0.00    M    M 14.7 30 290   M    M   0        38 290
 9  75  34  55   3  10   0 0.00    M    M  5.6 16 340   M    M   0        24  20
10  82  29  56   4   9   0 0.00  0.0    0  4.9 13 220   M    M   0        16 230
11  86  38  62   9   3   0 0.00    M    M 13.2 30 230   M    M   0        38 210
12  76  45  61   8   4   0 0.00    M    M 25.1 49 220   M    M   1 8      62 220
13  58  34  46  -7  19   0 0.00    M    M 20.4 35 310   M    M   1        46 290
14  65  23  44 -10  21   0 0.00    M    M  8.4 16 290   M    M   0        28 290
15  80  29  55   1  10   0 0.00    M    M  9.0 25 240   M    M   0        32 240
16  80  50  65  11   0   0 0.00999.0    M 19.2 40 220   M    M   0        49 220
17  68  32  50  -5  15   0 0.00    M    M 19.6 40 200   M    M   0        52 200
18  71  24  48  -7  17   0 0.00    M    M  6.9 18 200   M    M   0        23 200
================================================================================
SM 1381  688       138   7  0.00   999.0 217.8          M        4
================================================================================
AV 76.7 38.2                              12.1 FASTST   M    M   0    MAX(MPH)
                                 MISC ---->  # 49 220               # 62  220
================================================================================
NOTES:
# LAST OF SEVERAL OCCURRENCES

COLUMN 17 PEAK WIND IN M.P.H.

PRELIMINARY LOCAL CLIMATOLOGICAL DATA (WS FORM: F-6) , PAGE 2

                                          STATION:  WINSLOW AZ AIRPORT
                                          MONTH:    APRIL
                                          YEAR:     2018
                                          LATITUDE:   35  1 N
                                          LONGITUDE: 110 44 W

[TEMPERATURE DATA]      [PRECIPITATION DATA]       SYMBOLS USED IN COLUMN 16

AVERAGE MONTHLY: 57.5   TOTAL FOR MONTH:   0.00    1 = FOG OR MIST
DPTR FM NORMAL:   5.0   DPTR FM NORMAL:   -0.18    2 = FOG REDUCING VISIBILITY
HIGHEST:    88 ON  7    GRTST 24HR  0.00 ON 18-18      TO 1/4 MILE OR LESS
LOWEST:     23 ON 14                               3 = THUNDER
                        SNOW, ICE PELLETS, HAIL    4 = ICE PELLETS
                        TOTAL MONTH: 999.0 INCHES  5 = HAIL
                        GRTST 24HR 999.0 ON 16-16  6 = FREEZING RAIN OR DRIZZLE
                        GRTST DEPTH:   0           7 = DUSTSTORM OR SANDSTORM:
                                                       VSBY 1/2 MILE OR LESS
                                                   8 = SMOKE OR HAZE
[NO. OF DAYS WITH]      [WEATHER - DAYS WITH]      9 = BLOWING SNOW
                                                   X = TORNADO
MAX 32 OR BELOW:   0    0.01 INCH OR MORE:   0
MAX 90 OR ABOVE:   0    0.10 INCH OR MORE:   0
MIN 32 OR BELOW:   5    0.50 INCH OR MORE:   0
MIN  0 OR BELOW:   0    1.00 INCH OR MORE:   0

[HDD (BASE 65) ]
TOTAL THIS MO.   138    CLEAR  (SCALE 0-3)  18
DPTR FM NORMAL   -89    PTCLDY (SCALE 4-7)   0
TOTAL FM JUL 1  3731    CLOUDY (SCALE 8-10)  0
DPTR FM NORMAL  -549

[CDD (BASE 65) ]
TOTAL THIS MO.     7
DPTR FM NORMAL     7    [PRESSURE DATA]
TOTAL FM JAN 1     7    HIGHEST SLP M ON M
DPTR FM NORMAL     7    LOWEST  SLP 29.52 ON 12

[REMARKS]
