000
CXUS54 KMAF 281110
CF6MDD
PRELIMINARY LOCAL CLIMATOLOGICAL DATA (WS FORM: F-6)
STATION: MIDLAND AIRPARK
MONTH: MARCH
YEAR: 2024
LATITUDE: 32 2 N
LONGITUDE: 102 6 W
TEMPERATURE IN F: :PCPN: SNOW: WIND :SUNSHINE: SKY :PK WND
================================================================================
1 2 3 4 5 6A 6B 7 8 9 10 11 12 13 14 15 16 17 18
12Z AVG MX 2MIN
DY MAX MIN AVG DEP HDD CDD WTR SNW DPTH SPD SPD DIR MIN PSBL S-S WX SPD DR
================================================================================
1 75 40 58 M 7 0 M M M 9.8 16 220 M M 0 22 270
2 79 51 65 M 0 0 M M M 10.9 18 230 M M 0 28 250
3 78 45 62 M 3 0 M M M 14.3 28 240 M M 0 35 250
4 78 50 64 M 1 0 M M M 11.4 20 260 M M 0 29 260
5 77 49 63 M 2 0 M M M 7.2 12 310 M M 0 18 310
6 79 43 61 M 4 0 M M M 7.0 15 190 M M 0 41 190
7 76 58 67 M 0 2 M M M 7.0 14 280 M M 2 21 280
8 60 41 51 M 14 0 M M M 13.0 21 30 M M 3 28 30
9 55 37 46 M 19 0 M M M 8.9 18 10 M M 5 24 10
10 65 34 50 M 15 0 M M M 5.3 14 160 M M 1 18 190
11 74 41 58 M 7 0 M M M 8.9 14 170 M M 0 8 22 180
12 81 55 68 M 0 3 M M M 11.6 16 230 M M 0 23 200
13 82 56 69 M 0 4 M M M 12.9 25 240 M M 0 31 230
14 79 48 64 M 1 0 M M M 8.2 14 70 M M 0 21 10
15 62 44 53 M 12 0 0.42 M M 16.9 26 50 M M 9 138 40 290
16 53 47 50 M 15 0 0.08 M M 8.5 12 60 M M 10 1 M M
17 52 49 51 M 14 0 0.04 M M 9.2 14 70 M M 10 1 M M
18 62 45 54 M 11 0 M M M 7.4 13 50 M M 5 17 100
19 68 45 57 M 8 0 M M M 8.7 16 160 M M 3 24 190
20 75 46 61 M 4 0 0.04 M M 7.4 14 160 M M 2 23 190
21 71 51 61 M 4 0 M M M 5.4 15 250 M M 2 22 270
22 79 47 63 M 2 0 M M M 6.1 13 70 M M 0 21 70
23 74 49 62 M 3 0 M M M 14.5 24 160 M M 1 31 160
24 79 56 68 M 0 3 M M M 22.2 36 280 M M 4 8 45 280
25 65 42 54 M 11 0 M M M 14.9 25 250 M M 2 37 250
26 64 35 50 M 15 0 M M M 8.2 16 240 M M 1 31 280
27 70 43 57 M 8 0 M M M 10.0 21 320 M M 1 26 290
================================================================================
SM 1912 1247 180 12 0.58 M 275.9 M 61
================================================================================
AV 70.8 46.2 10.2 FASTST M M 2 MAX(MPH)
MISC ----> 36 280 45 280
================================================================================
NOTES:
# LAST OF SEVERAL OCCURRENCES
COLUMN 17 PEAK WIND IN M.P.H.
PRELIMINARY LOCAL CLIMATOLOGICAL DATA (WS FORM: F-6) , PAGE 2
STATION: MIDLAND AIRPARK
MONTH: MARCH
YEAR: 2024
LATITUDE: 32 2 N
LONGITUDE: 102 6 W
[TEMPERATURE DATA] [PRECIPITATION DATA] SYMBOLS USED IN COLUMN 16
AVERAGE MONTHLY: 58.5 TOTAL FOR MONTH: 0.58 1 = FOG OR MIST
DPTR FM NORMAL: 0.0 DPTR FM NORMAL: 0.58 2 = FOG REDUCING VISIBILITY
HIGHEST: 82 ON 13 GRTST 24HR 0.42 ON 15-15 TO 1/4 MILE OR LESS
LOWEST: 34 ON 10 3 = THUNDER
SNOW, ICE PELLETS, HAIL 4 = ICE PELLETS
TOTAL MONTH: M 5 = HAIL
GRTST 24HR M ON M 6 = FREEZING RAIN OR DRIZZLE
GRTST DEPTH: M ON M 7 = DUSTSTORM OR SANDSTORM:
VSBY 1/2 MILE OR LESS
8 = SMOKE OR HAZE
[NO. OF DAYS WITH] [WEATHER - DAYS WITH] 9 = BLOWING SNOW
X = TORNADO
MAX 32 OR BELOW: 0 0.01 INCH OR MORE: 4
MAX 90 OR ABOVE: 0 0.10 INCH OR MORE: 1
MIN 32 OR BELOW: 0 0.50 INCH OR MORE: 0
MIN 0 OR BELOW: 0 1.00 INCH OR MORE: 0
[HDD (BASE 65) ]
TOTAL THIS MO. 180 CLEAR (SCALE 0-3) 21
DPTR FM NORMAL M PTCLDY (SCALE 4-7) 3
TOTAL FM JUL 1 1986 CLOUDY (SCALE 8-10) 3
DPTR FM NORMAL M
[CDD (BASE 65) ]
TOTAL THIS MO. 12
DPTR FM NORMAL M [PRESSURE DATA]
TOTAL FM JAN 1 27 HIGHEST SLP M ON M
DPTR FM NORMAL M LOWEST SLP M ON M
[REMARKS]