000
CXHW50 PHFO 191250
CF6NGF
PRELIMINARY LOCAL CLIMATOLOGICAL DATA (WS FORM: F-6)
STATION: KANEOHE BAY MCAS HI
MONTH: APRIL
YEAR: 2024
LATITUDE: 21 25 N
LONGITUDE: 157 46 W
TEMPERATURE IN F: :PCPN: SNOW: WIND :SUNSHINE: SKY :PK WND
================================================================================
1 2 3 4 5 6A 6B 7 8 9 10 11 12 13 14 15 16 17 18
12Z AVG MX 2MIN
DY MAX MIN AVG DEP HDD CDD WTR SNW DPTH SPD SPD DIR MIN PSBL S-S WX SPD DR
================================================================================
1 84 73 79 5 0 14 0.09 M M 12.3 17 80 M M 7 1 32 70
2 83 76 80 6 0 15 T M M 14.6 20 80 M M 6 1 35 80
3 84 76 80 5 0 15 T M M 15.2 23 80 M M 8 40 70
4 83 73 78 3 0 13 0.10 M M 16.2 24 80 M M 8 18 41 60
5 81 74 78 3 0 13 0.03 M M 17.9 23 60 M M 8 1 39 80
6 83 71 77 2 0 12 0.16 M M 17.8 23 60 M M 7 1 40 70
7 82 71 77 2 0 12 0.15 M M 14.5 20 90 M M 9 1 39 90
8 83 75 79 4 0 14 0.01 M M 10.9 20 70 M M 5 30 50
9 84 75 80 5 0 15 0.00 M M 11.2 16 70 M M 5 25 90
10 85 76 81 6 0 16 0.00 M M 10.0 16 110 M M 5 22 110
11 86 75 81 6 0 16 0.04 M M 8.4 15 110 M M 9 25 110
12 85 75 80 5 0 15 0.63 M M 5.4 10 90 M M 6 3 18 140
13 89 78 84 9 0 19 0.00 M M 8.9 16 210 M M 3 23 210
14 83 73 78 3 0 13 0.41 M M 6.7 13 190 M M 8 1 18 190
15 88 74 81 6 0 16 0.00 M M 8.3 17 240 M M 5 23 240
16 84 70 77 2 0 12 0.00 M M 8.3 15 10 M M 5 20 10
17 84 71 78 3 0 13 0.00 M M 7.2 12 40 M M 5 M M
18 83 73 78 3 0 13 0.04 M M 13.3 21 50 M M 7 32 50
================================================================================
SM 1514 1329 0 256 1.66 M 207.1 M 116
================================================================================
AV 84.1 73.8 11.5 FASTST M M 6 MAX(MPH)
MISC ----> 24 80 41 60
================================================================================
NOTES:
# LAST OF SEVERAL OCCURRENCES
COLUMN 17 PEAK WIND IN M.P.H.
PRELIMINARY LOCAL CLIMATOLOGICAL DATA (WS FORM: F-6) , PAGE 2
STATION: KANEOHE BAY MCAS HI
MONTH: APRIL
YEAR: 2024
LATITUDE: 21 25 N
LONGITUDE: 157 46 W
[TEMPERATURE DATA] [PRECIPITATION DATA] SYMBOLS USED IN COLUMN 16
AVERAGE MONTHLY: 79.0 TOTAL FOR MONTH: 1.66 1 = FOG OR MIST
DPTR FM NORMAL: 4.1 DPTR FM NORMAL: 0.72 2 = FOG REDUCING VISIBILITY
HIGHEST: 89 ON 13 GRTST 24HR 0.63 ON 12-12 TO 1/4 MILE OR LESS
LOWEST: 70 ON 16 3 = THUNDER
SNOW, ICE PELLETS, HAIL 4 = ICE PELLETS
TOTAL MONTH: M 5 = HAIL
GRTST 24HR M ON M 6 = FREEZING RAIN OR DRIZZLE
GRTST DEPTH: M ON M 7 = DUSTSTORM OR SANDSTORM:
VSBY 1/2 MILE OR LESS
8 = SMOKE OR HAZE
[NO. OF DAYS WITH] [WEATHER - DAYS WITH] 9 = BLOWING SNOW
X = TORNADO
MAX 32 OR BELOW: 0 0.01 INCH OR MORE: 10
MAX 90 OR ABOVE: 0 0.10 INCH OR MORE: 5
MIN 32 OR BELOW: 0 0.50 INCH OR MORE: 1
MIN 0 OR BELOW: 0 1.00 INCH OR MORE: 0
[HDD (BASE 65) ]
TOTAL THIS MO. 0 CLEAR (SCALE 0-3) 1
DPTR FM NORMAL 0 PTCLDY (SCALE 4-7) 14
TOTAL FM JUL 1 0 CLOUDY (SCALE 8-10) 3
DPTR FM NORMAL 0
[CDD (BASE 65) ]
TOTAL THIS MO. 256
DPTR FM NORMAL 76 [PRESSURE DATA]
TOTAL FM JAN 1 1419 HIGHEST SLP M ON M
DPTR FM NORMAL 481 LOWEST SLP 31.99 ON 1
[REMARKS]