000
CXUS56 KMTR 241000
CF6SNS
PRELIMINARY LOCAL CLIMATOLOGICAL DATA (WS FORM: F-6)

                                          STATION:   SALINAS AIRPORT
                                          MONTH:     MAY
                                          YEAR:      2018
                                          LATITUDE:   36 40 N
                                          LONGITUDE: 121 36 W

  TEMPERATURE IN F:       :PCPN:    SNOW:  WIND      :SUNSHINE: SKY     :PK WND
================================================================================
1   2   3   4   5  6A  6B    7    8   9   10  11  12  13   14  15   16   17  18
                                     12Z  AVG MX 2MIN
DY MAX MIN AVG DEP HDD CDD  WTR  SNW DPTH SPD SPD DIR MIN PSBL S-S WX    SPD DR
================================================================================

 1  63  52  58   0   7   0 0.00  0.0    0  9.7 18 240   M    M   8        24 260
 2  65  53  59   1   6   0    T  0.0    0  7.7 20 270   M    M   6        26 250
 3  65  53  59   1   6   0 0.00  0.0    0  6.6 16 260   M    M   7        20 270
 4  75  50  63   5   2   0 0.00  0.0    0  9.5 17 270   M    M   4 18     21 280
 5  68  50  59   1   6   0 0.00  0.0    0  6.9 18 290   M    M   3 1      22 280
 6  68  53  61   2   4   0 0.00  0.0    0  8.5 18 260   M    M   4        23 260
 7  71  48  60   1   5   0 0.00  0.0    0  5.1 10 270   M    M   0         M  M
 8   M   M   M   M   M   M    M    M    M   M   M   M   M    M   M         M  M
 9  69  53  61   2   4   0 0.00  0.0    M 11.8 21 230   M    M   0 2      25 230
10  65  53  59   0   6   0 0.00  0.0    0 12.7 21 240   M    M   4 1      25 240
11  68  52  60   1   5   0 0.00  0.0    0  9.9 18 280   M    M   4        23 270
12  68  49  59   0   6   0 0.00    M    0 10.9 22 310   M    M   4 18     25 310
13  66  53  60   1   5   0 0.00  0.0    0  9.1 21 280   M    M   6        26 300
14  64  52  58  -1   7   0 0.00  0.0    0  5.6 18 280   M    M   5        25 300
15  67  54  61   2   4   0 0.00  0.0    0  7.9 14 270   M    M   6        14 270
16  68  51  60   1   5   0 0.00  0.0    0  8.2 18 260   M    M   2        24 260
17  66  51  59  -1   6   0 0.00  0.0    0  9.9 20 290   M    M   5        25 290
18  65  54  60   0   5   0    T  0.0    0  9.8 20 290   M    M   9        27 310
19  63  54  59  -1   6   0 0.00  0.0    0 12.0 20 270   M    M  10        24 260
20  62  54  58  -2   7   0 0.00  0.0    0 12.8 22 270   M    M  10        26 280
21  60  53  57  -3   8   0    T  0.0    0 10.7 17 290   M    M  10 1      23 290
22  62  53  58  -2   7   0    T  0.0    0  7.9 15 300   M    M  10 1      19 320
23  63  53  58  -2   7   0    T  0.0    0  7.1 16 280   M    M  10 18     20 270
================================================================================
SM 1451 1148       124   0    T      0.0 200.3          M      127
================================================================================
AV 66.0 52.2                               9.1 FASTST   M    M   6    MAX(MPH)
                                 MISC ---->  # 22 310               # 27  310
================================================================================
NOTES:
# LAST OF SEVERAL OCCURRENCES

COLUMN 17 PEAK WIND IN M.P.H.

PRELIMINARY LOCAL CLIMATOLOGICAL DATA (WS FORM: F-6) , PAGE 2

                                          STATION:  SALINAS AIRPORT
                                          MONTH:    MAY
                                          YEAR:     2018
                                          LATITUDE:   36 40 N
                                          LONGITUDE: 121 36 W

[TEMPERATURE DATA]      [PRECIPITATION DATA]       SYMBOLS USED IN COLUMN 16

AVERAGE MONTHLY: 59.1   TOTAL FOR MONTH:      T    1 = FOG OR MIST
DPTR FM NORMAL:  -0.0   DPTR FM NORMAL:   -0.29    2 = FOG REDUCING VISIBILITY
HIGHEST:    75 ON  4    GRTST 24HR    T  ON 23-23      TO 1/4 MILE OR LESS
LOWEST:     48 ON  7                               3 = THUNDER
                        SNOW, ICE PELLETS, HAIL    4 = ICE PELLETS
                        TOTAL MONTH:   0.0 INCH    5 = HAIL
                        GRTST 24HR     0.0         6 = FREEZING RAIN OR DRIZZLE
                        GRTST DEPTH:   0           7 = DUSTSTORM OR SANDSTORM:
                                                       VSBY 1/2 MILE OR LESS
                                                   8 = SMOKE OR HAZE
[NO. OF DAYS WITH]      [WEATHER - DAYS WITH]      9 = BLOWING SNOW
                                                   X = TORNADO
MAX 32 OR BELOW:   0    0.01 INCH OR MORE:   0
MAX 90 OR ABOVE:   0    0.10 INCH OR MORE:   0
MIN 32 OR BELOW:   0    0.50 INCH OR MORE:   0
MIN  0 OR BELOW:   0    1.00 INCH OR MORE:   0

[HDD (BASE 65) ]
TOTAL THIS MO.   124    CLEAR  (SCALE 0-3)   3
DPTR FM NORMAL   -19    PTCLDY (SCALE 4-7)  13
TOTAL FM JUL 1  2053    CLOUDY (SCALE 8-10)  6
DPTR FM NORMAL  -479

[CDD (BASE 65) ]
TOTAL THIS MO.     0
DPTR FM NORMAL     0    [PRESSURE DATA]
TOTAL FM JAN 1     6    HIGHEST SLP M ON M
DPTR FM NORMAL    -1    LOWEST  SLP 29.74 ON 11

[REMARKS]
