000
CXUS54 KOUN 210700
CF6SPS
PRELIMINARY LOCAL CLIMATOLOGICAL DATA (WS FORM: F-6)

                                          STATION:   WICHITA FALLS
                                          MONTH:     MAY
                                          YEAR:      2018
                                          LATITUDE:   33 58 N
                                          LONGITUDE:  98 29 W

  TEMPERATURE IN F:       :PCPN:    SNOW:  WIND      :SUNSHINE: SKY     :PK WND
================================================================================
1   2   3   4   5  6A  6B    7    8   9   10  11  12  13   14  15   16   17  18
                                     12Z  AVG MX 2MIN
DY MAX MIN AVG DEP HDD CDD  WTR  SNW DPTH SPD SPD DIR MIN PSBL S-S WX    SPD DR
================================================================================

 1  83  67  75   8   0  10 0.00  0.0    0 19.5 29 150   M    M   7        35 150
 2  89  65  77   9   0  12 0.61  0.0    0 16.9 41 270   M    M   4 13     54 260
 3  87  63  75   7   0  10 0.71  0.0    0 10.8 35 280   M    M   2 13     43 290
 4  75  60  68   0   0   3 0.00  0.0    0  8.4 20 350   M    M   3        24 360
 5  82  57  70   2   0   5 0.00  0.0    0  8.3 14  60   M    M   0        18 320
 6  89  53  71   2   0   6 0.00  0.0    0  8.8 16 200   M    M   0        20 180
 7  92  58  75   6   0  10 0.00  0.0    0  9.6 20 200   M    M   2        25 220
 8  92  60  76   7   0  11    T  0.0    0 15.0 26 200   M    M   3        32 180
 9  89  62  76   6   0  11 0.00  0.0    0 13.9 22 200   M    M   3        28 150
10  85  58  72   2   0   7 0.00  0.0    0 16.3 30 170   M    M   2        38 160
11  88  65  77   7   0  12 0.00  0.0    0 20.5 33 160   M    M   1        43 170
12  89  66  78   8   0  13 0.00  0.0    0 17.3 28 150   M    M   0        34 140
13  88  70  79   8   0  14 0.00  0.0    0 13.8 23 140   M    M   2        29 140
14  91  66  79   8   0  14 1.16  0.0    0 14.4 29 340   M    M   3 13     36 340
15  86  65  76   5   0  11 0.12  0.0    0 10.6 28 310   M    M   3 3      37 320
16  86  64  75   3   0  10 0.03  0.0    0  8.0 33 320   M    M   2 3      41 320
17  89  63  76   4   0  11 0.03  0.0    0 10.1 25 160   M    M   2 3      30 160
18  93  67  80   8   0  15 0.02  0.0    0 14.1 35 220   M    M   3 3      40 230
19  90  62  76   4   0  11 0.96  0.0    0 16.0 45 320   M    M   1 13     59 320
20  78  62  70  -3   0   5 0.58  0.0    0  6.9 18  50   M    M   4 13     21  90
================================================================================
SM 1741 1253         0 201  4.22     0.0 259.2          M       47
================================================================================
AV 87.1 62.7                              13.0 FASTST   M    M   2    MAX(MPH)
                                 MISC ---->  # 45 320               # 59  320
================================================================================
NOTES:
# LAST OF SEVERAL OCCURRENCES

COLUMN 17 PEAK WIND IN M.P.H.

PRELIMINARY LOCAL CLIMATOLOGICAL DATA (WS FORM: F-6) , PAGE 2

                                          STATION:  WICHITA FALLS
                                          MONTH:    MAY
                                          YEAR:     2018
                                          LATITUDE:   33 58 N
                                          LONGITUDE:  98 29 W

[TEMPERATURE DATA]      [PRECIPITATION DATA]       SYMBOLS USED IN COLUMN 16

AVERAGE MONTHLY: 74.9   TOTAL FOR MONTH:   4.22    1 = FOG OR MIST
DPTR FM NORMAL:   4.9   DPTR FM NORMAL:    1.92    2 = FOG REDUCING VISIBILITY
HIGHEST:    93 ON 18    GRTST 24HR  1.16 ON 14-14      TO 1/4 MILE OR LESS
LOWEST:     53 ON  6                               3 = THUNDER
                        SNOW, ICE PELLETS, HAIL    4 = ICE PELLETS
                        TOTAL MONTH:   0.0 INCH    5 = HAIL
                        GRTST 24HR     0.0         6 = FREEZING RAIN OR DRIZZLE
                        GRTST DEPTH:   0           7 = DUSTSTORM OR SANDSTORM:
                                                       VSBY 1/2 MILE OR LESS
                                                   8 = SMOKE OR HAZE
[NO. OF DAYS WITH]      [WEATHER - DAYS WITH]      9 = BLOWING SNOW
                                                   X = TORNADO
MAX 32 OR BELOW:   0    0.01 INCH OR MORE:   9
MAX 90 OR ABOVE:   5    0.10 INCH OR MORE:   6
MIN 32 OR BELOW:   0    0.50 INCH OR MORE:   5
MIN  0 OR BELOW:   0    1.00 INCH OR MORE:   1

[HDD (BASE 65) ]
TOTAL THIS MO.     0    CLEAR  (SCALE 0-3)  15
DPTR FM NORMAL   -20    PTCLDY (SCALE 4-7)   5
TOTAL FM JUL 1  2876    CLOUDY (SCALE 8-10)  0
DPTR FM NORMAL   -89

[CDD (BASE 65) ]
TOTAL THIS MO.   201
DPTR FM NORMAL    81    [PRESSURE DATA]
TOTAL FM JAN 1   283    HIGHEST SLP M ON M
DPTR FM NORMAL    71    LOWEST  SLP 29.66 ON 18

[REMARKS]
