000
CXUS55 KSEW 180930
CF6UIL
PRELIMINARY LOCAL CLIMATOLOGICAL DATA (WS FORM: F-6)
STATION: QUILLAYUTE WA AIRPORT
MONTH: APRIL
YEAR: 2024
LATITUDE: 47 57 N
LONGITUDE: 124 33 W
TEMPERATURE IN F: :PCPN: SNOW: WIND :SUNSHINE: SKY :PK WND
================================================================================
1 2 3 4 5 6A 6B 7 8 9 10 11 12 13 14 15 16 17 18
12Z AVG MX 2MIN
DY MAX MIN AVG DEP HDD CDD WTR SNW DPTH SPD SPD DIR MIN PSBL S-S WX SPD DR
================================================================================
1 60 42 51 6 14 0 T M M 3.2 10 250 M M 8 18 16 260
2 54 44 49 4 16 0 0.67 M M 6.5 16 260 M M 10 18 23 250
3 55 38 47 2 18 0 0.04 M M 4.2 13 230 M M 6 8 18 230
4 57 33 45 -1 20 0 T M M 4.4 16 330 M M 5 23 330
5 62 35 49 3 16 0 0.00 M M 5.3 16 260 M M 5 20 260
6 56 40 48 2 17 0 0.13 M M 3.5 14 210 M M 10 19 190
7 55 46 51 5 14 0 0.39 M M 3.9 14 220 M M 9 1 20 230
8 53 46 50 4 15 0 2.38 M M 9.1 18 240 M M 10 1 28 250
9 58 38 48 2 17 0 T M M 3.6 15 250 M M 6 128 25 210
10 60 35 48 2 17 0 0.00 M M 3.0 13 250 M M 2 18 250
11 51 43 47 1 18 0 1.15 M M 3.5 14 210 M M 9 1 24 230
12 63 40 52 6 13 0 0.00 M M 5.8 14 330 M M 3 8 21 320
13 68 36 52 6 13 0 0.00 M M 4.5 16 330 M M 0 23 320
14 58 40 49 3 16 0 0.00 M M 5.8 16 280 M M 9 18 25 280
15 54 42 48 1 17 0 T M M 8.1 20 290 M M 9 28 300
16 55 38 47 0 18 0 T M M 5.3 16 270 M M 3 23 280
17 65 34 50 3 15 0 0.00 M M 6.1 15 300 M M 0 27 10
================================================================================
SM 984 670 274 0 4.76 M 85.8 M 104
================================================================================
AV 57.9 39.4 5.0 FASTST M M 6 MAX(MPH)
MISC ----> 20 290 # 28 250
================================================================================
NOTES:
# LAST OF SEVERAL OCCURRENCES
COLUMN 17 PEAK WIND IN M.P.H.
PRELIMINARY LOCAL CLIMATOLOGICAL DATA (WS FORM: F-6) , PAGE 2
STATION: QUILLAYUTE WA AIRPORT
MONTH: APRIL
YEAR: 2024
LATITUDE: 47 57 N
LONGITUDE: 124 33 W
[TEMPERATURE DATA] [PRECIPITATION DATA] SYMBOLS USED IN COLUMN 16
AVERAGE MONTHLY: 48.6 TOTAL FOR MONTH: 4.76 1 = FOG OR MIST
DPTR FM NORMAL: 2.6 DPTR FM NORMAL: -0.34 2 = FOG REDUCING VISIBILITY
HIGHEST: 68 ON 13 GRTST 24HR 2.38 ON 7- 8 TO 1/4 MILE OR LESS
LOWEST: 33 ON 4 3 = THUNDER
SNOW, ICE PELLETS, HAIL 4 = ICE PELLETS
TOTAL MONTH: M 5 = HAIL
GRTST 24HR M ON M 6 = FREEZING RAIN OR DRIZZLE
GRTST DEPTH: M ON M 7 = DUSTSTORM OR SANDSTORM:
VSBY 1/2 MILE OR LESS
8 = SMOKE OR HAZE
[NO. OF DAYS WITH] [WEATHER - DAYS WITH] 9 = BLOWING SNOW
X = TORNADO
MAX 32 OR BELOW: 0 0.01 INCH OR MORE: 6
MAX 90 OR ABOVE: 0 0.10 INCH OR MORE: 5
MIN 32 OR BELOW: 0 0.50 INCH OR MORE: 3
MIN 0 OR BELOW: 0 1.00 INCH OR MORE: 2
[HDD (BASE 65) ]
TOTAL THIS MO. 274 CLEAR (SCALE 0-3) 3
DPTR FM NORMAL -49 PTCLDY (SCALE 4-7) 6
TOTAL FM JUL 1 3542 CLOUDY (SCALE 8-10) 8
DPTR FM NORMAL -1185
[CDD (BASE 65) ]
TOTAL THIS MO. 0
DPTR FM NORMAL 0 [PRESSURE DATA]
TOTAL FM JAN 1 0 HIGHEST SLP M ON M
DPTR FM NORMAL 0 LOWEST SLP 29.75 ON 4
[REMARKS]