000
CXUS51 KBTV 210700
CF6VSF
PRELIMINARY LOCAL CLIMATOLOGICAL DATA (WS FORM: F-6)

                                          STATION:   SPRINGFIELD VT
                                          MONTH:     MAY
                                          YEAR:      2018
                                          LATITUDE:   43 19 N
                                          LONGITUDE:  72 31 W

  TEMPERATURE IN F:       :PCPN:    SNOW:  WIND      :SUNSHINE: SKY     :PK WND
================================================================================
1   2   3   4   5  6A  6B    7    8   9   10  11  12  13   14  15   16   17  18
                                     12Z  AVG MX 2MIN
DY MAX MIN AVG DEP HDD CDD  WTR  SNW DPTH SPD SPD DIR MIN PSBL S-S WX    SPD DR
================================================================================

 1  70  35  53   2  12   0    T    M    M  2.8 16 270   M    M   5 12     24 290
 2  86  38  62  11   3   0 0.00  0.0    0  6.0 25 250   M    M   2        36 260
 3  82  58  70  19   0   5 0.08  0.0    0  3.9 17 260   M    M   6 1      24 270
 4  81  59  70  18   0   5 0.10  0.0    0  4.7 21 240   M    M   7        45 260
 5  73  50  62  10   3   0 0.00  0.0    0  7.2 24 260   M    M   1        34 250
 6  62  49  56   4   9   0 0.04    M    0  1.6 10 170   M    M   8 12     13 160
 7  69  43  56   3   9   0 0.00  0.0    0  4.3 16 280   M    M   5 12     22 270
 8  76  35  56   3   9   0 0.00    M    0  2.0  8 260   M    M   0         M  M
 9  80  40  60   7   5   0 0.00  0.0    0  3.7 15 140   M    M   0        24 140
10  73  42  58   4   7   0    T    M    0  6.2 16 240   M    M   4        25 210
11  64  39  52  -2  13   0 0.00  0.0    0  8.8 22 270   M    M   1        32 290
12  52  33  43 -11  22   0 0.01    M    0  1.9 10 180   M    M   6 12     12 140
13  69  36  53  -1  12   0 0.00  0.0    0  3.7 14 150   M    M   4 12     21 180
14  77  40  59   4   6   0 0.00  0.0    0  3.5 13 200   M    M   3        18 180
15  79  50  65  10   0   0 0.03  0.0    0  2.6 20 290   M    M   5 12     28 300
16  69  46  58   3   7   0 0.00  0.0    0  4.3 16 160   M    M   4 12     22 170
17  79  50  65  10   0   0 0.00  0.0    0  3.7 12  20   M    M   4        19  10
18  70  47  59   3   6   0 0.00  0.0    0  4.6 12 360   M    M   0        19  20
19  59  38  49  -7  16   0 0.39    M    0  1.9 12 180   M    M   5 1      16 170
20  74  49  62   6   3   0 0.02    M    0  3.4 12 340   M    M   8 1      17 290
================================================================================
SM 1444  877       142  10  0.67     0.0  80.8          M       78
================================================================================
AV 72.2 43.9                               4.0 FASTST   M    M   4    MAX(MPH)
                                 MISC ---->  # 25 250               # 45  260
================================================================================
NOTES:
# LAST OF SEVERAL OCCURRENCES

COLUMN 17 PEAK WIND IN M.P.H.

PRELIMINARY LOCAL CLIMATOLOGICAL DATA (WS FORM: F-6) , PAGE 2

                                          STATION:  SPRINGFIELD VT
                                          MONTH:    MAY
                                          YEAR:     2018
                                          LATITUDE:   43 19 N
                                          LONGITUDE:  72 31 W

[TEMPERATURE DATA]      [PRECIPITATION DATA]       SYMBOLS USED IN COLUMN 16

AVERAGE MONTHLY: 58.0   TOTAL FOR MONTH:   0.67    1 = FOG OR MIST
DPTR FM NORMAL:   4.4   DPTR FM NORMAL:   -1.46    2 = FOG REDUCING VISIBILITY
HIGHEST:    86 ON  2    GRTST 24HR  0.39 ON 19-19      TO 1/4 MILE OR LESS
LOWEST:     33 ON 12                               3 = THUNDER
                        SNOW, ICE PELLETS, HAIL    4 = ICE PELLETS
                        TOTAL MONTH:   0.0 INCH    5 = HAIL
                        GRTST 24HR     0.0         6 = FREEZING RAIN OR DRIZZLE
                        GRTST DEPTH:   0           7 = DUSTSTORM OR SANDSTORM:
                                                       VSBY 1/2 MILE OR LESS
                                                   8 = SMOKE OR HAZE
[NO. OF DAYS WITH]      [WEATHER - DAYS WITH]      9 = BLOWING SNOW
                                                   X = TORNADO
MAX 32 OR BELOW:   0    0.01 INCH OR MORE:   7
MAX 90 OR ABOVE:   0    0.10 INCH OR MORE:   2
MIN 32 OR BELOW:   0    0.50 INCH OR MORE:   0
MIN  0 OR BELOW:   0    1.00 INCH OR MORE:   0

[HDD (BASE 65) ]
TOTAL THIS MO.   142    CLEAR  (SCALE 0-3)   7
DPTR FM NORMAL   -90    PTCLDY (SCALE 4-7)  12
TOTAL FM JUL 1  7122    CLOUDY (SCALE 8-10)  1
DPTR FM NORMAL  -216

[CDD (BASE 65) ]
TOTAL THIS MO.    10
DPTR FM NORMAL    10    [PRESSURE DATA]
TOTAL FM JAN 1    10    HIGHEST SLP M ON M
DPTR FM NORMAL     8    LOWEST  SLP 29.65 ON 10

[REMARKS]
