000
CDUS44 KSJT 240726
CLIABI


CLIMATE REPORT
NATIONAL WEATHER SERVICE SAN ANGELO TX
225 AM CDT TUE APR 24 2018


...................................

...THE ABILENE CLIMATE SUMMARY FOR APRIL 23 2018...

CLIMATE NORMAL PERIOD 1981 TO 2010
CLIMATE RECORD PERIOD 1886 TO 2018


WEATHER ITEM   OBSERVED TIME   RECORD YEAR NORMAL DEPARTURE LAST
                VALUE   (LST)  VALUE       VALUE  FROM      YEAR
                                                  NORMAL
..................................................................
TEMPERATURE (F)
 YESTERDAY
  MAXIMUM         78    433 PM  95    2011  79     -1       73
                                      1894
  MINIMUM         45    449 AM  37    1907  54     -9       40
  AVERAGE         62                        67     -5       57

PRECIPITATION (IN)
  YESTERDAY        0.00          2.40 2004   0.06  -0.06     0.00
  MONTH TO DATE    0.02                      1.15  -1.13     1.32
  SINCE MAR 1      1.49                      2.89  -1.40     1.74
  SINCE JAN 1      3.90                      5.27  -1.37     5.12

SNOWFALL (IN)
  YESTERDAY        0.0           0.0  2002   0.0    0.0      0.0
  MONTH TO DATE    0.0                       0.3   -0.3      0.0
  SINCE NOV 1      0.5                       4.7   -4.2       T
  SINCE JUL 1      0.5                       4.7   -4.2       T

DEGREE DAYS
 HEATING
  YESTERDAY        3                         2      1        8
  MONTH TO DATE  148                        99     49       64
  SINCE MAR 1    359                       397    -38      210
  SINCE JUL 1   2560                      2530     30     1791

 COOLING
  YESTERDAY        0                         4     -4        0
  MONTH TO DATE   43                        66    -23       75
  SINCE MAR 1     89                        95     -6      159
  SINCE JAN 1    101                       100      1      190
..................................................................


WIND (MPH)
  HIGHEST WIND SPEED    14   HIGHEST WIND DIRECTION     N (340)
  HIGHEST GUST SPEED    18   HIGHEST GUST DIRECTION     N (340)
  AVERAGE WIND SPEED     5.2


SKY COVER
  POSSIBLE SUNSHINE  MM
  AVERAGE SKY COVER 0.0


WEATHER CONDITIONS
 THE FOLLOWING WEATHER WAS RECORDED YESTERDAY.
  NO SIGNIFICANT WEATHER WAS OBSERVED.


RELATIVE HUMIDITY (PERCENT)
 HIGHEST    82           400 AM
 LOWEST     31           400 PM
 AVERAGE    57

..........................................................


THE ABILENE CLIMATE NORMALS FOR TODAY
                         NORMAL    RECORD    YEAR
 MAXIMUM TEMPERATURE (F)   80        96      1961
 MINIMUM TEMPERATURE (F)   54        33      2013


SUNRISE AND SUNSET
APRIL 24 2018.........SUNRISE   659 AM CDT   SUNSET   815 PM CDT
APRIL 25 2018.........SUNRISE   658 AM CDT   SUNSET   816 PM CDT


-  INDICATES NEGATIVE NUMBERS.
R  INDICATES RECORD WAS SET OR TIED.
MM INDICATES DATA IS MISSING.
T  INDICATES TRACE AMOUNT.




$$
