000
CDUS42 KTAE 220636
CLIABY


CLIMATE REPORT
NATIONAL WEATHER SERVICE TALLAHASSEE FL
235 AM EDT TUE MAY 22 2018


...................................

...THE ALBANY CLIMATE SUMMARY FOR MAY 21 2018...

CLIMATE NORMAL PERIOD 1981 TO 2010
CLIMATE RECORD PERIOD 1930 TO 2018


WEATHER ITEM   OBSERVED TIME   RECORD YEAR NORMAL DEPARTURE LAST
                VALUE   (LST)  VALUE       VALUE  FROM      YEAR
                                                  NORMAL
..................................................................
TEMPERATURE (F)
 YESTERDAY
  MAXIMUM         85    258 PM 101    1962  88     -3       86
  MINIMUM         69    326 AM  46    2002  64      5       69
  AVERAGE         77                        76      1       78

PRECIPITATION (IN)
  YESTERDAY        1.29                      0.07   1.22     0.61
  MONTH TO DATE    2.46                      1.55   0.91     2.32
  SINCE MAR 1      9.55                     10.24  -0.69     5.67
  SINCE JAN 1     17.66                     19.22  -1.56    17.49

SNOWFALL (IN)
  YESTERDAY        0.0
  MONTH TO DATE    0.0
  SINCE MAR 1      0.0
  SINCE JUL 1      0.1

DEGREE DAYS
 HEATING
  YESTERDAY        0                         0      0        0
  MONTH TO DATE    0                         0      0       10
  SINCE MAR 1    295                       274     21      199
  SINCE JUL 1   1541                      1834   -293     1002

 COOLING
  YESTERDAY       12                        11      1       13
  MONTH TO DATE  255                       178     77      192
  SINCE MAR 1    345                       309     36      473
  SINCE JAN 1    428                       318    110      511
..................................................................


WIND (MPH)
  HIGHEST WIND SPEED    26   HIGHEST WIND DIRECTION     S (180)
  HIGHEST GUST SPEED    30   HIGHEST GUST DIRECTION     S (170)
  AVERAGE WIND SPEED     7.1




RELATIVE HUMIDITY (PERCENT)
 HIGHEST   100
 LOWEST     65
 AVERAGE    83

..........................................................


THE ALBANY CLIMATE NORMALS FOR TODAY
                         NORMAL    RECORD    YEAR
 MAXIMUM TEMPERATURE (F)   89       100      1962
 MINIMUM TEMPERATURE (F)   64        45      1981


SUNRISE AND SUNSET
MAY 22 2018...........SUNRISE   636 AM EDT   SUNSET   831 PM EDT
MAY 23 2018...........SUNRISE   636 AM EDT   SUNSET   831 PM EDT


-  INDICATES NEGATIVE NUMBERS.
R  INDICATES RECORD WAS SET OR TIED.
MM INDICATES DATA IS MISSING.
T  INDICATES TRACE AMOUNT.




$$
