000
CDUS42 KCAE 250624
CLIAGS


CLIMATE REPORT
NATIONAL WEATHER SERVICE COLUMBIA SC
224 AM EDT WED APR 25 2018


...................................

...THE AUGUSTA REGIONAL BUSH FIELD GA CLIMATE SUMMARY FOR APRIL 24 2018...

CLIMATE NORMAL PERIOD 1981 TO 2010
CLIMATE RECORD PERIOD 1873 TO 2018


WEATHER ITEM   OBSERVED TIME   RECORD YEAR NORMAL DEPARTURE LAST
                VALUE   (LST)  VALUE       VALUE  FROM      YEAR
                                                  NORMAL
..................................................................
TEMPERATURE (F)
 YESTERDAY
  MAXIMUM         77    316 PM  93    1925  79     -2       67
  MINIMUM         61    559 AM  32    1986  50     11       59
  AVERAGE         69                        65      4       63

PRECIPITATION (IN)
  YESTERDAY        0.27          1.26 1896   0.08   0.19     1.21
  MONTH TO DATE    3.43                      2.35   1.08     2.58
  SINCE MAR 1      6.64                      6.53   0.11     4.35
  SINCE JAN 1     10.30                     14.36  -4.06    16.59

SNOWFALL (IN)
  YESTERDAY        0.0          MM      MM   0.0             0.0
  MONTH TO DATE    0.0                       0.0             0.0
  SINCE MAR 1      0.0                       0.0             0.0
  SINCE JUL 1      T                         0.9              T

DEGREE DAYS
 HEATING
  YESTERDAY        0                         3     -3        2
  MONTH TO DATE  119                       110      9       31
  SINCE MAR 1    453                       406     47      269
  SINCE JUL 1   2140                      2438   -298     1404

 COOLING
  YESTERDAY        4                         2      2        0
  MONTH TO DATE   17                        36    -19      109
  SINCE MAR 1     31                        51    -20      162
  SINCE JAN 1     82                        54     28      192
..................................................................


WIND (MPH)
  HIGHEST WIND SPEED    16   HIGHEST WIND DIRECTION    SW (220)
  HIGHEST GUST SPEED    21   HIGHEST GUST DIRECTION     W (250)
  AVERAGE WIND SPEED     6.3


SKY COVER
  AVERAGE SKY COVER 0.8


WEATHER CONDITIONS
 THE FOLLOWING WEATHER WAS RECORDED YESTERDAY.
  THUNDERSTORM
  HEAVY RAIN
  RAIN
  LIGHT RAIN
  FOG
  FOG W/VISIBILITY <= 1/4 MILE


RELATIVE HUMIDITY (PERCENT)
 HIGHEST   100           200 AM
 LOWEST     43           300 PM
 AVERAGE    72

..........................................................


THE AUGUSTA REGIONAL BUSH FIELD GA CLIMATE NORMALS FOR TODAY
                         NORMAL    RECORD    YEAR
 MAXIMUM TEMPERATURE (F)   80        93      1885
 MINIMUM TEMPERATURE (F)   50        34      1974


SUNRISE AND SUNSET
APRIL 25 2018.........SUNRISE   646 AM EDT   SUNSET   806 PM EDT
APRIL 26 2018.........SUNRISE   645 AM EDT   SUNSET   807 PM EDT


-  INDICATES NEGATIVE NUMBERS.
R  INDICATES RECORD WAS SET OR TIED.
MM INDICATES DATA IS MISSING.
T  INDICATES TRACE AMOUNT.




$$
