000
CDUS44 KBMX 262133
CLIANB


CLIMATE REPORT
NATIONAL WEATHER SERVICE BIRMINGHAM, AL
432 PM CDT SAT MAY 26 2018


...................................

...THE ANNISTON CLIMATE SUMMARY FOR MAY 26 2018...
VALID TODAY AS OF 0400 PM LOCAL TIME.

CLIMATE NORMAL PERIOD 1981 TO 2010
CLIMATE RECORD PERIOD 1903 TO 2018


WEATHER ITEM   OBSERVED RECORD YEAR NORMAL DEPARTURE LAST
                VALUE   VALUE       VALUE  FROM      YEAR
                                           NORMAL
...........................................................
TEMPERATURE (F)
 TODAY
  MAXIMUM         86     95    2012  83      3       84
  MINIMUM         68     44    1979  62      6       52
  AVERAGE         77

PRECIPITATION (IN)
  TODAY            T      1.74 1974   0.13  -0.13     0.00
  MONTH TO DATE    1.50               3.62  -2.12     4.88
  SINCE MAR 1     10.06              12.69  -2.63    15.12
  SINCE JAN 1     19.91              22.29  -2.38    25.64

DEGREE DAYS
 COOLING
  TODAY           12                  8      4        3
  MONTH TO DATE  230                135     95      120
  SINCE MAR 1    247                196     51      278
  SINCE JAN 1    279                197     82      280
...........................................................


WIND (MPH)
  HIGHEST WIND SPEED     8   HIGHEST WIND DIRECTION    SE (130)
  HIGHEST GUST SPEED    10   HIGHEST GUST DIRECTION     S (160)
  AVERAGE WIND SPEED     0.8


SKY COVER
  AVERAGE SKY COVER 0.5


WEATHER CONDITIONS
 THE FOLLOWING WEATHER WAS RECORDED TODAY.
  LIGHT RAIN
  FOG


RELATIVE HUMIDITY (PERCENT)
 HIGHEST    97
 LOWEST     55
 AVERAGE    76

..........................................................


THE ANNISTON CLIMATE NORMALS FOR TOMORROW
                         NORMAL    RECORD    YEAR
 MAXIMUM TEMPERATURE (F)   84        93      1996
                                             1953
 MINIMUM TEMPERATURE (F)   62        41      1961


SUNRISE AND SUNSET
MAY 26 2018...........SUNRISE   536 AM CDT   SUNSET   745 PM CDT
MAY 27 2018...........SUNRISE   536 AM CDT   SUNSET   745 PM CDT


-  INDICATES NEGATIVE NUMBERS.
R  INDICATES RECORD WAS SET OR TIED.
MM INDICATES DATA IS MISSING.
T  INDICATES TRACE AMOUNT.




$$
