000
CDAK47 PAJK 301135
CLIANN
CLIMATE REPORT
NATIONAL WEATHER SERVICE JUNEAU, AK
327 AM AKDT MON APR 30 2018


...................................

...THE ANNETTE ISLAND CLIMATE SUMMARY FOR APRIL 29 2018...

CLIMATE NORMAL PERIOD 1981 TO 2010
CLIMATE RECORD PERIOD 1941 TO 2018


WEATHER ITEM   OBSERVED RECORD YEAR NORMAL DEPARTURE LAST
                VALUE   VALUE       VALUE  FROM      YEAR
                                           NORMAL
...........................................................
TEMPERATURE (F)
 YESTERDAY
  MAXIMUM         58     82    1976  53      5       50
  MINIMUM         40     30    1972  41     -1       39
                               1954
  AVERAGE         49                 47      2       45

PRECIPITATION (IN)
  YESTERDAY        0.00   1.72 2014   0.20  -0.20     0.15
  MONTH TO DATE    6.58               6.58   0.00     2.86
  SINCE JAN 1     18.86              32.67 -13.81    28.29

DEGREE DAYS
 HEATING
  YESTERDAY       16                 18     -2       20
  MONTH TO DATE  552                605    -53      437
...........................................................


WIND (MPH)
  HIGHEST WIND SPEED    13   HIGHEST WIND DIRECTION    NW (320)
  HIGHEST GUST SPEED    18   HIGHEST GUST DIRECTION    NW (310)
  AVERAGE WIND SPEED     7.0


SKY COVER
  AVERAGE SKY COVER 0.0


WEATHER CONDITIONS
 THE FOLLOWING WEATHER WAS RECORDED YESTERDAY.
  NO SIGNIFICANT WEATHER WAS OBSERVED.


..........................................................


THE ANNETTE ISLAND CLIMATE NORMALS FOR TODAY
                         NORMAL    RECORD    YEAR
 MAXIMUM TEMPERATURE (F)   53        77      1989
 MINIMUM TEMPERATURE (F)   41        30      2013
                                             1954


SUNRISE AND SUNSET
APRIL 30 2018.........SUNRISE   508 AM AKDT  SUNSET   820 PM AKDT
MAY  1 2018...........SUNRISE   506 AM AKDT  SUNSET   822 PM AKDT


-  INDICATES NEGATIVE NUMBERS.
R  INDICATES RECORD WAS SET OR TIED.
MM INDICATES DATA IS MISSING.
T  INDICATES TRACE AMOUNT.




$$
--------------------------------------------------------------

AMOUNT OF DAYLIGHT TODAY (HOUR:MIN)......... 15 HOURS 13 MINUTES
GAIN/LOSS SINCE YESTERDAY (HOUR:MIN:SEC).... +0:04:07

$$
