000
CDUS42 KMFL 212035
CLIAPF


CLIMATE REPORT
NATIONAL WEATHER SERVICE MIAMI, FL
434 PM EDT SAT APR 21 2018


...................................

...THE NAPLES CLIMATE SUMMARY FOR APRIL 21 2018...
VALID TODAY AS OF 0400 PM LOCAL TIME.

CLIMATE NORMAL PERIOD 1981 TO 2010
CLIMATE RECORD PERIOD 1942 TO 2018


WEATHER ITEM   OBSERVED TIME   RECORD YEAR NORMAL DEPARTURE LAST
                VALUE   (LST)  VALUE       VALUE  FROM      YEAR
                                                  NORMAL
..................................................................
TEMPERATURE (F)
 TODAY
  MAXIMUM         88    259 PM  91    1945  84      4       88
  MINIMUM         66    356 AM  48    1997  64      2       63
  AVERAGE         77                        74      3       76

PRECIPITATION (IN)
  TODAY            0.00          1.65 2013   0.08  -0.08     0.00
  MONTH TO DATE    0.66                      1.76  -1.10     0.22
  SINCE NOV 1      3.77                     11.58  -7.81     2.63
  SINCE JAN 1      2.62                      8.09  -5.47     2.28

SNOWFALL (IN)
  TODAY            0.0
  MONTH TO DATE    0.0
  SINCE MAR 1      0.0
  SINCE JUL 1      0.0
  SNOW DEPTH       0

DEGREE DAYS
 HEATING
  TODAY            0                         0      0        0
  MONTH TO DATE    0                         0      0        0
  SINCE MAR 1     22                        23     -1       11
  SINCE JUL 1    200                       256    -56       67

 COOLING
  TODAY           12                         9      3       11
  MONTH TO DATE  230                       163     67      225
  SINCE MAR 1    371                       339     32      422
  SINCE JAN 1    731                       530    201      745
..................................................................


WIND (MPH)
  HIGHEST WIND SPEED    14   HIGHEST WIND DIRECTION     E (100)
  HIGHEST GUST SPEED    17   HIGHEST GUST DIRECTION     E (100)
  AVERAGE WIND SPEED     5.1


SKY COVER
  AVERAGE SKY COVER 0.2


WEATHER CONDITIONS
 THE FOLLOWING WEATHER WAS RECORDED TODAY.
  FOG


RELATIVE HUMIDITY (PERCENT)
 HIGHEST    93
 LOWEST     43
 AVERAGE    68

..........................................................


THE NAPLES CLIMATE NORMALS FOR TOMORROW
                         NORMAL    RECORD    YEAR
 MAXIMUM TEMPERATURE (F)   84        92      1970
 MINIMUM TEMPERATURE (F)   64        54      1988
                                             1962


SUNRISE AND SUNSET
APRIL 21 2018.........SUNRISE   658 AM EDT   SUNSET   754 PM EDT
APRIL 22 2018.........SUNRISE   657 AM EDT   SUNSET   754 PM EDT


-  INDICATES NEGATIVE NUMBERS.
R  INDICATES RECORD WAS SET OR TIED.
MM INDICATES DATA IS MISSING.
T  INDICATES TRACE AMOUNT.




$$
