209
CDUS43 KAPX 220526
CLIAPN


CLIMATE REPORT
NATIONAL WEATHER SERVICE GAYLORD MI
126 AM EDT TUE MAY 22 2018


...................................

...THE ALPENA MI CLIMATE SUMMARY FOR MAY 21 2018...

CLIMATE NORMAL PERIOD 1981 TO 2010
CLIMATE RECORD PERIOD 1916 TO 2018


WEATHER ITEM   OBSERVED TIME   RECORD YEAR NORMAL DEPARTURE LAST
                VALUE   (LST)  VALUE       VALUE  FROM      YEAR
                                                  NORMAL
..................................................................
TEMPERATURE (F)
 YESTERDAY
  MAXIMUM         67    201 PM  91    1921  66      1       67
  MINIMUM         37    507 AM  27    1967  42     -5       46
                                      1949
  AVERAGE         52                        54     -2       57

PRECIPITATION (IN)
  YESTERDAY        T             1.04 2001   0.09  -0.09     0.35
  MONTH TO DATE    2.17                      1.75   0.42     1.35
  SINCE MAR 1      8.71                      6.00   2.71     9.03
  SINCE JAN 1     12.60                      8.98   3.62    14.52

DEGREE DAYS
 HEATING
  YESTERDAY       13                        11      2        8
  MONTH TO DATE  250                       300    -50      324
  SINCE MAR 1   2339                      2127    212     2040
  SINCE JUL 1   7788                      7859    -71     6671

 COOLING
  YESTERDAY        0                         0      0        0
  MONTH TO DATE    7                         0      7        6
  SINCE MAR 1      7                         2      5        6
  SINCE JAN 1      7                         2      5        6
..................................................................


WIND (MPH)
  HIGHEST WIND SPEED    12   HIGHEST WIND DIRECTION     E (110)
  HIGHEST GUST SPEED    18   HIGHEST GUST DIRECTION    SE (140)
  AVERAGE WIND SPEED     3.6




RELATIVE HUMIDITY (PERCENT)
 HIGHEST   100
 LOWEST     37
 AVERAGE    69

..........................................................


THE ALPENA MI CLIMATE NORMALS FOR TODAY
                         NORMAL    RECORD    YEAR
 MAXIMUM TEMPERATURE (F)   67        91      1964
 MINIMUM TEMPERATURE (F)   42        26      1967
                                             1935


SUNRISE AND SUNSET
MAY 22 2018...........SUNRISE   558 AM EDT   SUNSET   905 PM EDT
MAY 23 2018...........SUNRISE   557 AM EDT   SUNSET   906 PM EDT


-  INDICATES NEGATIVE NUMBERS.
R  INDICATES RECORD WAS SET OR TIED.
MM INDICATES DATA IS MISSING.
T  INDICATES TRACE AMOUNT.




$$
