000
CDUS44 KLCH 261245
CLIARA


CLIMATE REPORT
NATIONAL WEATHER SERVICE LAKE CHARLES, LA
745 AM CDT THU APR 26 2018


...................................

...THE NEW IBERIA CLIMATE SUMMARY FOR APRIL 25 2018...

CLIMATE NORMAL PERIOD 1981 TO 2010
CLIMATE RECORD PERIOD 1948 TO 2018


WEATHER ITEM   OBSERVED TIME   RECORD YEAR NORMAL DEPARTURE LAST
                VALUE   (LST)  VALUE       VALUE  FROM      YEAR
                                                  NORMAL
..................................................................
TEMPERATURE (F)
 YESTERDAY
  MAXIMUM         82    249 PM  90    1999  81      1       79
  MINIMUM         57    604 AM  47    1983  60     -3       53
  AVERAGE         70                        70      0       66

PRECIPITATION (IN)
  YESTERDAY        0.00          4.10 1992   0.10  -0.10     0.00
  MONTH TO DATE    3.58                      3.54   0.04     1.59
  SINCE MAR 1      5.83                      7.31  -1.48     4.28
  SINCE JAN 1     15.34                     16.72  -1.38     7.08

SNOWFALL (IN)
  YESTERDAY        0.0           0.0    MM  MM               0.0
  MONTH TO DATE    0.0                      MM               0.0
  SINCE MAR 1      0.0                      MM               0.0
  SINCE JUL 1      2.4                      MM               0.0

DEGREE DAYS
 HEATING
  YESTERDAY        0                         0      0        0
  MONTH TO DATE   65                        43     22       12
  SINCE MAR 1    175                       191    -16       83
  SINCE JUL 1   1358                      1407    -49      712

 COOLING
  YESTERDAY        5                         6     -1        1
  MONTH TO DATE   53                       103    -50      150
  SINCE MAR 1    144                       155    -11      275
  SINCE JAN 1    267                       186     81      410
..................................................................


WIND (MPH)
  RESULTANT WIND SPEED   4   RESULTANT WIND DIRECTION   S (200)
  HIGHEST WIND SPEED    16   HIGHEST WIND DIRECTION     S (190)
  HIGHEST GUST SPEED    20   HIGHEST GUST DIRECTION     S (200)
  AVERAGE WIND SPEED     5.7


SKY COVER
  POSSIBLE SUNSHINE  MM
  AVERAGE SKY COVER 0.1


WEATHER CONDITIONS
 THE FOLLOWING WEATHER WAS RECORDED YESTERDAY.
  NO SIGNIFICANT WEATHER WAS OBSERVED.


RELATIVE HUMIDITY (PERCENT)
 HIGHEST    93           300 AM
 LOWEST     45          1200 PM
 AVERAGE    69

..........................................................


THE NEW IBERIA CLIMATE NORMALS FOR TODAY
                         NORMAL    RECORD    YEAR
 MAXIMUM TEMPERATURE (F)   82        90      1999
 MINIMUM TEMPERATURE (F)   60        48      1977


SUNRISE AND SUNSET
APRIL 26 2018.........SUNRISE   629 AM CDT   SUNSET   742 PM CDT
APRIL 27 2018.........SUNRISE   628 AM CDT   SUNSET   742 PM CDT


-  INDICATES NEGATIVE NUMBERS.
R  INDICATES RECORD WAS SET OR TIED.
MM INDICATES DATA IS MISSING.
T  INDICATES TRACE AMOUNT.




$$
